CRAN Package Check Results for Package cyphid

Last updated on 2014-04-21 12:43:15.

Flavor Version Tinstall Tcheck Ttotal Status Flags
r-devel-linux-x86_64-debian-clang 1.1 3.68 47.66 51.34 NOTE
r-devel-linux-x86_64-debian-gcc 1.1 3.44 50.39 53.82 NOTE
r-devel-linux-x86_64-fedora-clang 1.1 117.77 NOTE
r-devel-linux-x86_64-fedora-gcc 1.1 113.18 NOTE
r-devel-osx-x86_64-clang 1.1 84.28 NOTE
r-devel-osx-x86_64-gcc 1.1 ERROR
r-devel-windows-ix86+x86_64 1.1 8.00 64.00 72.00 NOTE
r-patched-linux-x86_64 1.1 3.82 47.42 51.24 NOTE
r-patched-solaris-sparc 1.1 622.80 NOTE
r-patched-solaris-x86 1.1 143.40 NOTE
r-release-linux-x86_64 1.1 3.68 47.23 50.92 NOTE
r-release-osx-x86_64-mavericks 1.1 WARN
r-release-osx-x86_64-snowleopard 1.1 OK
r-release-windows-ix86+x86_64 1.1 11.00 70.00 81.00 NOTE
r-oldrel-windows-ix86+x86_64 1.1 9.00 64.00 73.00 NOTE

Check Details

Version: 1.1
Check: dependencies in R code
Result: NOTE
    Package in Depends field not imported from: ‘fda’
     These packages need to be imported from (in the NAMESPACE file)
     for when this namespace is loaded but not attached.
    See the information on DESCRIPTION files in the chapter ‘Creating R
    packages’ of the ‘Writing R Extensions’ manual.
Flavors: r-devel-linux-x86_64-debian-clang, r-devel-linux-x86_64-debian-gcc, r-devel-linux-x86_64-fedora-clang, r-devel-linux-x86_64-fedora-gcc, r-devel-osx-x86_64-clang, r-devel-windows-ix86+x86_64, r-patched-linux-x86_64, r-patched-solaris-sparc, r-patched-solaris-x86, r-release-linux-x86_64, r-release-osx-x86_64-mavericks, r-release-windows-ix86+x86_64, r-oldrel-windows-ix86+x86_64

Version: 1.1
Check: package dependencies
Result: ERROR
    Package required but not available: ‘fda’
    
    See the information on DESCRIPTION files in the chapter ‘Creating R
    packages’ of the ‘Writing R Extensions’ manual.
Flavor: r-devel-osx-x86_64-gcc

Version: 1.1
Check: PDF version of manual
Result: WARNING
    LaTeX errors when creating PDF version.
    This typically indicates Rd problems.
    LaTeX errors found:
    ! LaTeX Error: File `upquote.sty' not found.
    
    Type X to quit or <RETURN> to proceed,
    or enter new name. (Default extension: sty)
    
    58901cf/Rd2.tex:8: ==> Fatal error occurred, no output PDF file produced!
Flavor: r-release-osx-x86_64-mavericks