CRAN Package Check Results for Package cyphid

Last updated on 2014-11-27 23:48:36.

Flavor Version Tinstall Tcheck Ttotal Status Flags
r-devel-linux-x86_64-debian-clang 1.1 3.16 43.65 46.81 NOTE
r-devel-linux-x86_64-debian-gcc 1.1 3.07 40.95 44.02 NOTE
r-devel-linux-x86_64-fedora-clang 1.1 109.63 NOTE
r-devel-linux-x86_64-fedora-gcc 1.1 117.19 NOTE
r-devel-osx-x86_64-clang 1.1 84.79 NOTE
r-devel-windows-ix86+x86_64 1.1 8.00 60.00 68.00 NOTE
r-patched-linux-x86_64 1.1 3.31 44.18 47.49 NOTE
r-patched-solaris-sparc 1.1 596.50 NOTE
r-patched-solaris-x86 1.1 136.60 NOTE
r-release-linux-ix86 1.1 3.80 53.53 57.33 NOTE
r-release-linux-x86_64 1.1 3.51 44.81 48.32 NOTE
r-release-osx-x86_64-mavericks 1.1 NOTE
r-release-osx-x86_64-snowleopard 1.1 OK
r-release-windows-ix86+x86_64 1.1 8.00 63.00 71.00 NOTE
r-oldrel-windows-ix86+x86_64 1.1 8.00 63.00 71.00 NOTE

Check Details

Version: 1.1
Check: dependencies in R code
Result: NOTE
    Package in Depends field not imported from: ‘fda’
     These packages need to be imported from (in the NAMESPACE file)
     for when this namespace is loaded but not attached.
    See the information on DESCRIPTION files in the chapter ‘Creating R
    packages’ of the ‘Writing R Extensions’ manual.
Flavors: r-devel-linux-x86_64-debian-clang, r-devel-linux-x86_64-debian-gcc, r-devel-linux-x86_64-fedora-clang, r-devel-linux-x86_64-fedora-gcc, r-devel-osx-x86_64-clang, r-devel-windows-ix86+x86_64, r-patched-linux-x86_64, r-patched-solaris-sparc, r-patched-solaris-x86, r-release-linux-ix86, r-release-linux-x86_64, r-release-osx-x86_64-mavericks, r-release-windows-ix86+x86_64, r-oldrel-windows-ix86+x86_64

Version: 1.1
Check: R code for possible problems
Result: NOTE
    get.trans: no visible global function definition for
     ‘create.bspline.basis’
    get.trans: no visible global function definition for ‘smooth.basis’
    get.trans: no visible global function definition for ‘deriv.fd’
    get.trans: no visible global function definition for ‘eval.fd’
Flavors: r-devel-linux-x86_64-debian-clang, r-devel-linux-x86_64-debian-gcc, r-devel-linux-x86_64-fedora-clang, r-devel-linux-x86_64-fedora-gcc, r-devel-osx-x86_64-clang, r-devel-windows-ix86+x86_64, r-patched-linux-x86_64, r-patched-solaris-sparc, r-patched-solaris-x86, r-release-linux-ix86, r-release-linux-x86_64, r-release-windows-ix86+x86_64