CRAN Package Check Results for Package complex.surv.dat.sim

Last updated on 2014-07-24 14:48:39.

Flavor Version Tinstall Tcheck Ttotal Status Flags
r-devel-linux-x86_64-debian-clang 2.0.0 0.74 18.00 18.74 OK
r-devel-linux-x86_64-debian-gcc 2.0.0 0.72 18.16 18.88 OK
r-devel-linux-x86_64-fedora-clang 2.0.0 40.18 NOTE
r-devel-linux-x86_64-fedora-gcc 2.0.0 36.38 NOTE
r-devel-osx-x86_64-clang 2.0.0 37.17 OK
r-devel-windows-ix86+x86_64 2.0.0 3.00 29.00 32.00 OK
r-patched-linux-x86_64 2.0.0 0.73 17.78 18.51 OK
r-patched-solaris-sparc 2.0.0 207.50 OK
r-patched-solaris-x86 2.0.0 46.40 OK
r-release-linux-ix86 2.0.0 1.12 25.26 26.37 OK
r-release-linux-x86_64 2.0.0 0.77 18.14 18.92 OK
r-release-osx-x86_64-mavericks 2.0.0 OK
r-release-osx-x86_64-snowleopard 2.0.0 WARN
r-release-windows-ix86+x86_64 2.0.0 3.00 31.00 34.00 OK
r-oldrel-windows-ix86+x86_64 2.0.0 4.00 29.00 33.00 OK

Check Details

Version: 2.0.0
Check: top-level files
Result: NOTE
    Non-standard file/directory found at top level:
     ‘complex.surv.dat.sim-Ex.R’
Flavors: r-devel-linux-x86_64-fedora-clang, r-devel-linux-x86_64-fedora-gcc

Version: 2.0.0
Check: examples
Result: WARNING
    checking a package with encoding 'latin1' in an ASCII locale
    
     OK
Flavor: r-release-osx-x86_64-snowleopard