CRAN Package Check Results for Package climdex.pcic

Last updated on 2015-06-30 15:46:59.

Flavor Version Tinstall Tcheck Ttotal Status Flags
r-devel-linux-x86_64-debian-clang 1.1-5.1 5.71 22.62 28.34 NOTE --no-tests
r-devel-linux-x86_64-debian-gcc 1.1-5.1 5.71 22.14 27.85 NOTE --no-tests
r-devel-linux-x86_64-fedora-clang 1.1-6 65.67 NOTE
r-devel-linux-x86_64-fedora-gcc 1.1-6 89.33 NOTE
r-devel-osx-x86_64-clang 1.1-6 77.07 OK
r-devel-windows-ix86+x86_64 1.1-5.1 35.00 1196.00 1231.00 NOTE
r-patched-linux-x86_64 1.1-5.1 5.87 22.46 28.34 OK --no-tests
r-patched-solaris-sparc 1.1-6 823.10 OK
r-patched-solaris-x86 1.1-6 166.80 OK
r-release-linux-x86_64 1.1-5.1 6.07 22.23 28.30 OK --no-tests
r-release-osx-x86_64-mavericks 1.1-5.1 OK
r-release-windows-ix86+x86_64 1.1-5.1 34.00 1324.00 1358.00 OK
r-oldrel-windows-ix86+x86_64 1.1-5.1 37.00 1153.00 1190.00 OK

Check Details

Version: 1.1-5.1
Flags: --no-tests
Check: R code for possible problems
Result: NOTE
    climdexInput.csv : get.and.check.data: no visible global function
     definition for ‘read.csv’
    get.prec.var.quantiles: no visible global function definition for
     ‘quantile’
    growing.season.length : <anonymous>: no visible global function
     definition for ‘head’
Flavors: r-devel-linux-x86_64-debian-clang, r-devel-linux-x86_64-debian-gcc

Version: 1.1-6
Check: R code for possible problems
Result: NOTE
    climdexInput.csv : get.and.check.data: no visible global function
     definition for ‘read.csv’
    get.prec.var.quantiles: no visible global function definition for
     ‘quantile’
    growing.season.length : <anonymous>: no visible global function
     definition for ‘head’
Flavors: r-devel-linux-x86_64-fedora-clang, r-devel-linux-x86_64-fedora-gcc

Version: 1.1-5.1
Check: R code for possible problems
Result: NOTE
    climdexInput.csv : get.and.check.data: no visible global function
     definition for 'read.csv'
    get.prec.var.quantiles: no visible global function definition for
     'quantile'
    growing.season.length : <anonymous>: no visible global function
     definition for 'head'
Flavor: r-devel-windows-ix86+x86_64