CRAN Package Check Results for Package ca

Last updated on 2015-05-23 09:48:19.

Flavor Version Tinstall Tcheck Ttotal Status Flags
r-devel-linux-x86_64-debian-clang 0.58 0.78 17.88 18.65 NOTE
r-devel-linux-x86_64-debian-gcc 0.58 0.71 17.58 18.28 NOTE
r-devel-linux-x86_64-fedora-clang 0.58 34.93 NOTE
r-devel-linux-x86_64-fedora-gcc 0.58 33.65 NOTE
r-devel-osx-x86_64-clang 0.58 37.58 NOTE
r-devel-windows-ix86+x86_64 0.58 4.00 28.00 32.00 NOTE
r-patched-linux-x86_64 0.58 0.69 17.59 18.28 NOTE
r-patched-solaris-sparc 0.58 207.40 NOTE
r-patched-solaris-x86 0.58 46.40 NOTE
r-release-linux-x86_64 0.58 0.92 17.70 18.63 NOTE
r-release-osx-x86_64-mavericks 0.58 NOTE
r-release-osx-x86_64-snowleopard 0.58 NOTE
r-release-windows-ix86+x86_64 0.58 3.00 27.00 30.00 NOTE
r-oldrel-windows-ix86+x86_64 0.58 4.00 28.00 32.00 NOTE

Check Details

Version: 0.58
Check: dependencies in R code
Result: NOTE
    'library' or 'require' call to ‘rgl’ in package code.
     Please use :: or requireNamespace() instead.
     See section 'Suggested packages' in the 'Writing R Extensions' manual.
Flavors: r-devel-linux-x86_64-debian-clang, r-devel-linux-x86_64-debian-gcc, r-devel-linux-x86_64-fedora-clang, r-devel-linux-x86_64-fedora-gcc, r-devel-osx-x86_64-clang, r-devel-windows-ix86+x86_64, r-patched-linux-x86_64, r-patched-solaris-sparc, r-patched-solaris-x86, r-release-linux-x86_64, r-release-osx-x86_64-mavericks, r-release-osx-x86_64-snowleopard, r-release-windows-ix86+x86_64, r-oldrel-windows-ix86+x86_64