CRAN Package Check Results for Package ca

Last updated on 2014-08-30 17:47:01.

Flavor Version Tinstall Tcheck Ttotal Status Flags
r-devel-linux-x86_64-debian-clang 0.55 0.74 17.26 18.00 NOTE
r-devel-linux-x86_64-debian-gcc 0.55 0.68 16.52 17.21 NOTE
r-devel-linux-x86_64-fedora-clang 0.55 35.09 NOTE
r-devel-linux-x86_64-fedora-gcc 0.55 33.07 NOTE
r-devel-osx-x86_64-clang 0.55 33.43 NOTE
r-devel-windows-ix86+x86_64 0.55 3.00 26.00 29.00 NOTE
r-patched-linux-x86_64 0.55 0.72 17.47 18.19 OK
r-patched-solaris-sparc 0.55 215.40 OK
r-patched-solaris-x86 0.55 45.20 OK
r-release-linux-ix86 0.55 1.04 24.65 25.69 OK
r-release-linux-x86_64 0.55 0.73 17.58 18.31 OK
r-release-osx-x86_64-mavericks 0.55 OK
r-release-osx-x86_64-snowleopard 0.55 OK
r-release-windows-ix86+x86_64 0.55 2.00 30.00 32.00 OK
r-oldrel-windows-ix86+x86_64 0.55 4.00 27.00 31.00 OK

Check Details

Version: 0.55
Check: R code for possible problems
Result: NOTE
    plot3d.ca : rglarrows0: no visible global function definition for
     ‘rgl.lines’
    plot3d.ca: no visible global function definition for ‘rgl.clear’
    plot3d.ca: no visible global function definition for ‘rgl.bg’
    plot3d.ca: no visible global function definition for ‘rgl.lines’
    plot3d.ca: no visible global function definition for ‘rgl.texts’
Flavors: r-devel-linux-x86_64-debian-clang, r-devel-linux-x86_64-debian-gcc, r-devel-linux-x86_64-fedora-clang, r-devel-linux-x86_64-fedora-gcc, r-devel-osx-x86_64-clang, r-devel-windows-ix86+x86_64