CRAN Package Check Results for Package ca

Last updated on 2015-03-30 23:47:41.

Flavor Version Tinstall Tcheck Ttotal Status Flags
r-devel-linux-x86_64-debian-clang 0.58 0.87 17.94 18.81 NOTE
r-devel-linux-x86_64-debian-gcc 0.58 0.69 17.56 18.24 NOTE
r-devel-linux-x86_64-fedora-clang 0.58 35.68 NOTE
r-devel-linux-x86_64-fedora-gcc 0.58 32.54 NOTE
r-devel-osx-x86_64-clang 0.58 42.05 NOTE
r-prerel-windows-ix86+x86_64 0.58 3.00 26.00 29.00 NOTE
r-prerel-linux-x86_64 0.58 0.75 18.03 18.78 NOTE
r-prerel-solaris-sparc 0.58 228.30 NOTE
r-prerel-solaris-x86 0.58 45.50 NOTE
r-release-linux-x86_64 0.58 0.80 18.60 19.40 NOTE
r-release-osx-x86_64-mavericks 0.58 OK
r-release-osx-x86_64-snowleopard 0.58 OK
r-release-windows-ix86+x86_64 0.58 3.00 30.00 33.00 NOTE
r-oldrel-windows-ix86+x86_64 0.58 4.00 27.00 31.00 OK

Check Details

Version: 0.58
Check: dependencies in R code
Result: NOTE
    'library' or 'require' call to ‘rgl’ in package code.
     Please use :: or requireNamespace() instead.
     See section 'Suggested packages' in the 'Writing R Extensions' manual.
Flavors: r-devel-linux-x86_64-debian-clang, r-devel-linux-x86_64-debian-gcc, r-devel-linux-x86_64-fedora-clang, r-devel-linux-x86_64-fedora-gcc, r-devel-osx-x86_64-clang, r-prerel-windows-ix86+x86_64, r-prerel-linux-x86_64, r-prerel-solaris-sparc, r-prerel-solaris-x86, r-release-linux-x86_64, r-release-windows-ix86+x86_64