CRAN Package Check Results for Package c3net

Last updated on 2015-07-02 07:48:23.

Flavor Version Tinstall Tcheck Ttotal Status Flags
r-devel-linux-x86_64-debian-clang 1.1.1 0.85 33.84 34.69 NOTE
r-devel-linux-x86_64-debian-gcc 1.1.1 0.80 33.08 33.88 NOTE
r-devel-linux-x86_64-fedora-clang 1.1.1 65.00 NOTE
r-devel-linux-x86_64-fedora-gcc 1.1.1 65.62 NOTE
r-devel-osx-x86_64-clang 1.1.1 63.35 OK
r-devel-windows-ix86+x86_64 1.1.1 3.00 58.00 61.00 NOTE
r-patched-linux-x86_64 1.1.1 0.90 34.10 35.00 OK
r-patched-solaris-sparc 1.1.1 468.50 OK
r-patched-solaris-x86 1.1.1 100.70 OK
r-release-linux-x86_64 1.1.1 0.80 34.55 35.36 OK
r-release-osx-x86_64-mavericks 1.1.1 OK
r-release-windows-ix86+x86_64 1.1.1 4.00 63.00 67.00 OK
r-oldrel-windows-ix86+x86_64 1.1.1 5.00 96.00 101.00 OK

Check Details

Version: 1.1.1
Check: R code for possible problems
Result: NOTE
    makemim: no visible global function definition for ‘cor’
    sigtestMTC: no visible global function definition for ‘p.adjust’
Flavors: r-devel-linux-x86_64-debian-clang, r-devel-linux-x86_64-debian-gcc, r-devel-linux-x86_64-fedora-gcc, r-devel-windows-ix86+x86_64

Version: 1.1.1
Check: R code for possible problems
Result: NOTE
    makemim: no visible global function definition for ‘cor’
    sigtestMTC: no visible global function definition for ‘p.adjust’
    Undefined global functions or variables:
     cor p.adjust
Flavor: r-devel-linux-x86_64-fedora-clang