CRAN Package Check Results for Package c3net

Last updated on 2014-04-23 12:48:15.

Flavor Version Tinstall Tcheck Ttotal Status Flags
r-devel-linux-x86_64-debian-clang 1.1.1 0.96 33.82 34.78 OK
r-devel-linux-x86_64-debian-gcc 1.1.1 0.96 32.82 33.78 OK
r-devel-linux-x86_64-fedora-clang 1.1.1 69.74 OK
r-devel-linux-x86_64-fedora-gcc 1.1.1 69.77 OK
r-devel-osx-x86_64-clang 1.1.1 74.32 OK
r-devel-osx-x86_64-gcc 1.1.1 ERROR
r-devel-windows-ix86+x86_64 1.1.1 3.00 48.00 51.00 OK
r-patched-linux-x86_64 1.1.1 0.94 34.38 35.32 OK
r-patched-solaris-sparc 1.1.1 473.50 OK
r-patched-solaris-x86 1.1.1 88.00 OK
r-release-linux-ix86 1.1.1 2.00 75.00 77.00 OK
r-release-linux-x86_64 1.1.1 0.94 33.75 34.70 OK
r-release-osx-x86_64-mavericks 1.1.1 WARN
r-release-osx-x86_64-snowleopard 1.1.1 OK
r-release-windows-ix86+x86_64 1.1.1 3.00 51.00 54.00 OK
r-oldrel-windows-ix86+x86_64 1.1.1 3.00 53.00 56.00 OK

Check Details

Version: 1.1.1
Check: package dependencies
Result: ERROR
    Package required but not available: ‘igraph’
    
    See the information on DESCRIPTION files in the chapter ‘Creating R
    packages’ of the ‘Writing R Extensions’ manual.
Flavor: r-devel-osx-x86_64-gcc

Version: 1.1.1
Check: PDF version of manual
Result: WARNING
    LaTeX errors when creating PDF version.
    This typically indicates Rd problems.
    LaTeX errors found:
    ! LaTeX Error: File `upquote.sty' not found.
    
    Type X to quit or <RETURN> to proceed,
    or enter new name. (Default extension: sty)
    
    f7756cc/Rd2.tex:8: ==> Fatal error occurred, no output PDF file produced!
Flavor: r-release-osx-x86_64-mavericks