CRAN Package Check Results for Package c3net

Last updated on 2015-04-19 10:51:43.

Flavor Version Tinstall Tcheck Ttotal Status Flags
r-devel-linux-x86_64-debian-clang 1.1.1 0.82 32.93 33.75 OK
r-devel-linux-x86_64-debian-gcc 1.1.1 0.82 33.44 34.27 OK
r-devel-linux-x86_64-fedora-clang 1.1.1 64.26 OK
r-devel-linux-x86_64-fedora-gcc 1.1.1 66.35 OK
r-devel-osx-x86_64-clang 1.1.1 78.45 OK
r-devel-windows-ix86+x86_64 1.1.1 4.00 45.00 49.00 OK
r-patched-linux-x86_64 1.1.1 0.83 32.38 33.21 OK
r-patched-solaris-sparc 1.1.1 482.50 OK
r-patched-solaris-x86 1.1.1 94.70 OK
r-release-linux-x86_64 1.1.1 0.76 31.86 32.61 OK
r-release-osx-x86_64-mavericks 1.1.1 OK
r-release-osx-x86_64-snowleopard 1.1.1 ERROR
r-release-windows-ix86+x86_64 1.1.1 2.00 48.00 50.00 OK
r-oldrel-windows-ix86+x86_64 1.1.1 3.00 64.00 67.00 OK

Check Details

Version: 1.1.1
Check: package dependencies
Result: ERROR
    Package required but not available: ‘igraph’
    
    See section ‘The DESCRIPTION file’ in the ‘Writing R Extensions’
    manual.
Flavor: r-release-osx-x86_64-snowleopard