CRAN Package Check Results for Package c3net

Last updated on 2015-05-27 15:46:51.

Flavor Version Tinstall Tcheck Ttotal Status Flags
r-devel-linux-x86_64-debian-clang 1.1.1 0.80 32.80 33.60 OK
r-devel-linux-x86_64-debian-gcc 1.1.1 0.75 32.23 32.98 OK
r-devel-linux-x86_64-fedora-clang 1.1.1 64.73 OK
r-devel-linux-x86_64-fedora-gcc 1.1.1 66.39 OK
r-devel-osx-x86_64-clang 1.1.1 76.08 OK
r-devel-windows-ix86+x86_64 1.1.1 3.00 52.00 55.00 OK
r-patched-linux-x86_64 1.1.1 0.79 32.23 33.02 OK
r-patched-solaris-sparc 1.1.1 468.50 OK
r-patched-solaris-x86 1.1.1 97.20 OK
r-release-linux-x86_64 1.1.1 1.02 32.96 33.98 OK
r-release-osx-x86_64-mavericks 1.1.1 OK
r-release-osx-x86_64-snowleopard 1.1.1 ERROR
r-release-windows-ix86+x86_64 1.1.1 4.00 53.00 57.00 OK
r-oldrel-windows-ix86+x86_64 1.1.1 3.00 50.00 53.00 OK

Check Details

Version: 1.1.1
Check: package dependencies
Result: ERROR
    Package required but not available: ‘igraph’
    
    See section ‘The DESCRIPTION file’ in the ‘Writing R Extensions’
    manual.
Flavor: r-release-osx-x86_64-snowleopard