CRAN Package Check Results for Package bestglm

Last updated on 2014-04-23 17:47:40.

Flavor Version Tinstall Tcheck Ttotal Status Flags
r-devel-linux-x86_64-debian-clang 0.34 1.19 63.02 64.20 OK
r-devel-linux-x86_64-debian-gcc 0.34 1.19 62.32 63.50 OK
r-devel-linux-x86_64-fedora-clang 0.34 133.62 OK
r-devel-linux-x86_64-fedora-gcc 0.34 133.40 OK
r-devel-osx-x86_64-clang 0.34 108.38 OK
r-devel-osx-x86_64-gcc 0.34 OK
r-devel-windows-ix86+x86_64 0.34 5.00 100.00 105.00 OK
r-patched-linux-x86_64 0.34 1.08 64.40 65.48 OK
r-patched-solaris-sparc 0.34 788.70 OK
r-patched-solaris-x86 0.34 147.10 OK
r-release-linux-ix86 0.34 2.00 99.00 101.00 OK
r-release-linux-x86_64 0.34 1.13 61.96 63.08 OK
r-release-osx-x86_64-mavericks 0.34 WARN
r-release-osx-x86_64-snowleopard 0.34 OK
r-release-windows-ix86+x86_64 0.34 12.00 142.00 154.00 OK
r-oldrel-windows-ix86+x86_64 0.34 5.00 116.00 121.00 OK

Check Details

Version: 0.34
Check: PDF version of manual
Result: WARNING
    LaTeX errors when creating PDF version.
    This typically indicates Rd problems.
    LaTeX errors found:
    ! LaTeX Error: File `upquote.sty' not found.
    
    Type X to quit or <RETURN> to proceed,
    or enter new name. (Default extension: sty)
    
    8e17b6/Rd2.tex:8: ==> Fatal error occurred, no output PDF file produced!
Flavor: r-release-osx-x86_64-mavericks