CRAN Package Check Results for Package bdsmatrix

Last updated on 2015-03-31 23:49:26.

Flavor Version Tinstall Tcheck Ttotal Status Flags
r-devel-linux-x86_64-debian-clang 1.3-2 3.30 23.52 26.82 NOTE
r-devel-linux-x86_64-debian-gcc 1.3-2 3.16 22.88 26.04 NOTE
r-devel-linux-x86_64-fedora-clang 1.3-2 54.65 NOTE
r-devel-linux-x86_64-fedora-gcc 1.3-2 51.30 NOTE
r-devel-osx-x86_64-clang 1.3-2 56.60 NOTE
r-prerel-windows-ix86+x86_64 1.3-2 31.00 55.00 86.00 NOTE
r-prerel-linux-x86_64 1.3-2 3.20 23.20 26.40 NOTE
r-prerel-solaris-sparc 1.3-2 342.90 NOTE
r-prerel-solaris-x86 1.3-2 68.40 NOTE
r-release-linux-x86_64 1.3-2 3.80 30.01 33.80 OK
r-release-osx-x86_64-mavericks 1.3-2 OK
r-release-osx-x86_64-snowleopard 1.3-2 OK
r-release-windows-ix86+x86_64 1.3-2 33.00 71.00 104.00 OK
r-oldrel-windows-ix86+x86_64 1.3-2 19.00 61.00 80.00 OK

Check Details

Version: 1.3-2
Check: DESCRIPTION meta-information
Result: NOTE
    Malformed Description field: should contain one or more complete sentences.
Flavors: r-devel-linux-x86_64-debian-clang, r-devel-linux-x86_64-debian-gcc, r-devel-linux-x86_64-fedora-clang, r-devel-linux-x86_64-fedora-gcc, r-devel-osx-x86_64-clang, r-prerel-windows-ix86+x86_64, r-prerel-linux-x86_64, r-prerel-solaris-sparc, r-prerel-solaris-x86