CRAN Package Check Results for Package bdsmatrix

Last updated on 2014-04-18 03:47:12.

Flavor Version Tinstall Tcheck Ttotal Status Flags
r-devel-linux-x86_64-debian-clang 1.3-1 3.83 29.54 33.37 NOTE
r-devel-linux-x86_64-debian-gcc NOTE
r-devel-linux-x86_64-fedora-clang 1.3-1 67.61 NOTE
r-devel-linux-x86_64-fedora-gcc 1.3-1 62.75 NOTE
r-devel-macosx-x86_64-clang 1.3-1 59.70 NOTE
r-devel-macosx-x86_64-gcc 1.3-1 NOTE
r-devel-windows-ix86+x86_64 1.3-1 23.00 82.00 105.00 NOTE
r-patched-linux-x86_64 1.3-1 3.76 31.54 35.30 NOTE
r-patched-solaris-sparc 1.3-1 409.50 NOTE
r-patched-solaris-x86 1.3-1 82.20 NOTE
r-release-linux-ix86 1.3-1 9.00 69.00 78.00 NOTE
r-release-linux-x86_64 1.3-1 3.94 30.18 34.11 NOTE
r-release-windows-ix86+x86_64 1.3-1 42.00 83.00 125.00 NOTE
r-oldrel-windows-ix86+x86_64 1.3-1 22.00 62.00 84.00 NOTE

Check Details

Version: 1.3-1
Check: dependencies in R code
Result: NOTE
    Package in Depends field not imported from: ‘methods’
     These packages need to be imported from (in the NAMESPACE file)
     for when this namespace is loaded but not attached.
    See the information on DESCRIPTION files in the chapter ‘Creating R
    packages’ of the ‘Writing R Extensions’ manual.
Flavors: r-devel-linux-x86_64-debian-clang, r-devel-linux-x86_64-debian-gcc, r-devel-linux-x86_64-fedora-clang, r-devel-linux-x86_64-fedora-gcc, r-devel-macosx-x86_64-clang, r-devel-macosx-x86_64-gcc, r-devel-windows-ix86+x86_64, r-patched-linux-x86_64, r-patched-solaris-sparc, r-patched-solaris-x86, r-release-linux-ix86, r-release-linux-x86_64, r-release-windows-ix86+x86_64, r-oldrel-windows-ix86+x86_64

Version: 1.3-1
Check: top-level files
Result: NOTE
    Non-standard file/directory found at top level:
     ‘COPYRIGHT’
    Copyright information should be in file inst/COPYRIGHTS
Flavors: r-devel-linux-x86_64-fedora-clang, r-devel-linux-x86_64-fedora-gcc