CRAN Package Check Results for Package bdsmatrix

Last updated on 2015-07-04 14:50:07.

Flavor Version Tinstall Tcheck Ttotal Status Flags
r-devel-linux-x86_64-debian-clang 1.3-2 3.13 23.21 26.34 NOTE
r-devel-linux-x86_64-debian-gcc 1.3-2 3.07 22.97 26.04 NOTE
r-devel-linux-x86_64-fedora-clang 1.3-2 50.92 NOTE
r-devel-linux-x86_64-fedora-gcc 1.3-2 47.17 NOTE
r-devel-osx-x86_64-clang 1.3-2 47.13 NOTE
r-devel-windows-ix86+x86_64 1.3-2 35.00 53.00 88.00 NOTE
r-patched-linux-x86_64 1.3-2 3.13 22.85 25.98 NOTE
r-patched-solaris-sparc 1.3-2 332.80 NOTE
r-patched-solaris-x86 1.3-2 68.20 NOTE
r-release-linux-x86_64 1.3-2 3.16 23.20 26.36 NOTE
r-release-osx-x86_64-mavericks 1.3-2 NOTE
r-release-windows-ix86+x86_64 1.3-2 23.00 56.00 79.00 NOTE
r-oldrel-windows-ix86+x86_64 1.3-2 33.00 71.00 104.00 OK

Check Details

Version: 1.3-2
Check: DESCRIPTION meta-information
Result: NOTE
    Malformed Description field: should contain one or more complete sentences.
Flavors: r-devel-linux-x86_64-debian-clang, r-devel-linux-x86_64-debian-gcc, r-devel-linux-x86_64-fedora-clang, r-devel-linux-x86_64-fedora-gcc, r-devel-osx-x86_64-clang, r-devel-windows-ix86+x86_64, r-patched-linux-x86_64, r-patched-solaris-sparc, r-patched-solaris-x86, r-release-linux-x86_64, r-release-osx-x86_64-mavericks, r-release-windows-ix86+x86_64

Version: 1.3-2
Check: R code for possible problems
Result: NOTE
    bdsmatrix.ibd: no visible global function definition for ‘median’
    Undefined global functions or variables:
     median
Flavors: r-devel-linux-x86_64-debian-clang, r-devel-linux-x86_64-debian-gcc, r-devel-linux-x86_64-fedora-clang, r-devel-linux-x86_64-fedora-gcc