CRAN Package Check Results for Package bdsmatrix

Last updated on 2015-04-28 19:49:00.

Flavor Version Tinstall Tcheck Ttotal Status Flags
r-devel-linux-x86_64-debian-clang 1.3-2 3.33 25.35 28.68 NOTE
r-devel-linux-x86_64-debian-gcc 1.3-2 3.14 23.54 26.67 NOTE
r-devel-linux-x86_64-fedora-clang 1.3-2 54.23 NOTE
r-devel-linux-x86_64-fedora-gcc 1.3-2 49.26 NOTE
r-devel-osx-x86_64-clang 1.3-2 51.42 NOTE
r-devel-windows-ix86+x86_64 1.3-2 23.00 54.00 77.00 NOTE
r-patched-linux-x86_64 1.3-2 3.54 24.34 27.88 NOTE
r-patched-solaris-sparc 1.3-2 342.90 NOTE
r-patched-solaris-x86 1.3-2 69.00 NOTE
r-release-linux-x86_64 1.3-2 3.19 24.76 27.96 NOTE
r-release-osx-x86_64-mavericks 1.3-2 NOTE
r-release-osx-x86_64-snowleopard 1.3-2 NOTE
r-release-windows-ix86+x86_64 1.3-2 17.00 64.00 81.00 NOTE
r-oldrel-windows-ix86+x86_64 1.3-2 33.00 71.00 104.00 OK

Check Details

Version: 1.3-2
Check: DESCRIPTION meta-information
Result: NOTE
    Malformed Description field: should contain one or more complete sentences.
Flavors: r-devel-linux-x86_64-debian-clang, r-devel-linux-x86_64-debian-gcc, r-devel-linux-x86_64-fedora-clang, r-devel-linux-x86_64-fedora-gcc, r-devel-osx-x86_64-clang, r-devel-windows-ix86+x86_64, r-patched-linux-x86_64, r-patched-solaris-sparc, r-patched-solaris-x86, r-release-linux-x86_64, r-release-osx-x86_64-mavericks, r-release-osx-x86_64-snowleopard, r-release-windows-ix86+x86_64