CRAN Package Check Results for Package bcool

Last updated on 2015-01-28 12:47:54.

Flavor Version Tinstall Tcheck Ttotal Status Flags
r-devel-linux-x86_64-debian-clang 1.2 4.55 665.15 669.70 OK
r-devel-linux-x86_64-debian-gcc 1.2 4.16 673.33 677.49 OK
r-devel-linux-x86_64-fedora-clang 1.2 882.75 OK
r-devel-linux-x86_64-fedora-gcc 1.2 740.47 OK
r-devel-osx-x86_64-clang 1.2 1875.76 OK
r-patched-linux-x86_64 1.2 4.81 694.60 699.41 OK
r-patched-solaris-sparc 1.2 662.00 OK --no-vignettes
r-patched-solaris-x86 1.2 7643.70 OK
r-release-linux-ix86 1.2 5.43 2254.83 2260.26 OK
r-release-linux-x86_64 1.2 4.90 703.42 708.32 OK
r-release-osx-x86_64-mavericks 1.2 ERROR
r-release-osx-x86_64-snowleopard 1.2 ERROR

Check Details

Version: 1.2
Check: package dependencies
Result: ERROR
    Package required but not available: ‘doMPI’
    
    See the information on DESCRIPTION files in the chapter ‘Creating R
    packages’ of the ‘Writing R Extensions’ manual.
Flavor: r-release-osx-x86_64-mavericks

Version: 1.2
Check: running R code from vignettes
Result: ERROR
    Errors in running code in vignettes:
    when running code in ‘bcool.Snw’
     ...
    + nu = 1))), list(R = list(V = 3, nu = 1), G = list(G1 = list(V = 3,
    + .... [TRUNCATED]
    
    > myAPPT.list <- MCMCglmm.APPT.list(myAPPT.list, ~-1 +
    + pathogenicity, random.eff = "spKEGG", nitt = 1500, burnin = 500,
    + prior, scale = F .... [TRUNCATED]
    
     When sourcing ‘bcool.R’:
    Error: error in running command
    Execution halted
Flavor: r-release-osx-x86_64-snowleopard