CRAN Package Check Results for Package bcool

Last updated on 2014-04-21 11:36:04.

Flavor Version Tinstall Tcheck Ttotal Status Flags
r-devel-linux-x86_64-debian-clang 1.1 5.40 296.63 302.03 OK
r-devel-linux-x86_64-debian-gcc 1.1 5.16 291.89 297.06 OK
r-devel-linux-x86_64-fedora-clang 1.1 416.03 OK
r-devel-linux-x86_64-fedora-gcc 1.1 418.97 OK
r-devel-macosx-x86_64-clang 1.1 687.04 OK
r-devel-macosx-x86_64-gcc 1.1 ERROR
r-patched-linux-x86_64 1.1 5.29 288.83 294.12 OK
r-patched-solaris-sparc 1.1 691.10 OK --no-vignettes
r-patched-solaris-x86 1.1 1456.70 OK
r-release-linux-x86_64 1.1 5.19 290.31 295.50 OK
r-release-osx-x86_64-mavericks 1.1 ERROR
r-release-macosx-x86_64 1.1 ERROR

Check Details

Version: 1.1
Check: package dependencies
Result: ERROR
    Package required but not available: ‘doMPI’
    
    See the information on DESCRIPTION files in the chapter ‘Creating R
    packages’ of the ‘Writing R Extensions’ manual.
Flavors: r-devel-macosx-x86_64-gcc, r-release-osx-x86_64-mavericks

Version: 1.1
Check: running R code from vignettes
Result: ERROR
    Errors in running code in vignettes:
    when running code in ‘bcool.Snw’
     ...
    > prior <- list(R = list(V = 1, nu = 1), G = list(G1 = list(V = 1,
    + nu = 1)))
    
    > myAPPT.list <- MCMCglmm.APPT.list(myAPPT.list, ~-1 +
    + pathogenicity, random.eff = "spKEGG", nitt = 1500, burnin = 500,
    + prior, scale = F .... [TRUNCATED]
    
     When sourcing ‘bcool.R’:
    Error: error in running command
    Execution halted
Flavor: r-release-macosx-x86_64