CRAN Package Check Results for Package bcool

Last updated on 2014-07-25 14:47:32.

Flavor Version Tinstall Tcheck Ttotal Status Flags
r-devel-linux-x86_64-debian-clang 1.1 5.00 322.91 327.92 OK
r-devel-linux-x86_64-debian-gcc 1.1 4.68 321.14 325.82 OK
r-devel-linux-x86_64-fedora-clang 1.1 446.78 OK
r-devel-linux-x86_64-fedora-gcc 1.1 462.85 OK
r-devel-osx-x86_64-clang 1.1 495.69 OK
r-patched-linux-x86_64 1.1 4.72 322.25 326.97 OK
r-patched-solaris-sparc 1.1 691.10 OK --no-vignettes
r-patched-solaris-x86 1.1 1674.00 OK
r-release-linux-ix86 1.1 6.03 598.10 604.14 OK
r-release-linux-x86_64 1.1 5.87 332.00 337.87 OK
r-release-osx-x86_64-mavericks 1.1 ERROR
r-release-osx-x86_64-snowleopard 1.1 ERROR

Check Details

Version: 1.1
Check: package dependencies
Result: ERROR
    Package required but not available: ‘doMPI’
    
    See the information on DESCRIPTION files in the chapter ‘Creating R
    packages’ of the ‘Writing R Extensions’ manual.
Flavor: r-release-osx-x86_64-mavericks

Version: 1.1
Check: running R code from vignettes
Result: ERROR
    Errors in running code in vignettes:
    when running code in ‘bcool.Snw’
     ...
    > prior <- list(R = list(V = 1, nu = 1), G = list(G1 = list(V = 1,
    + nu = 1)))
    
    > myAPPT.list <- MCMCglmm.APPT.list(myAPPT.list, ~-1 +
    + pathogenicity, random.eff = "spKEGG", nitt = 1500, burnin = 500,
    + prior, scale = F .... [TRUNCATED]
    
     When sourcing ‘bcool.R’:
    Error: error in running command
    Execution halted
Flavor: r-release-osx-x86_64-snowleopard