CRAN Package Check Results for Package bcool

Last updated on 2014-12-21 11:46:29.

Flavor Version Tinstall Tcheck Ttotal Status Flags
r-devel-linux-x86_64-debian-clang 1.1 4.84 321.07 325.91 NOTE
r-devel-linux-x86_64-debian-gcc 1.1 4.68 324.53 329.20 NOTE
r-devel-linux-x86_64-fedora-clang 1.1 409.90 NOTE
r-devel-linux-x86_64-fedora-gcc 1.1 488.18 NOTE
r-devel-osx-x86_64-clang 1.1 775.89 NOTE
r-patched-linux-x86_64 1.1 5.00 337.02 342.02 NOTE
r-patched-solaris-sparc 1.1 677.70 NOTE --no-vignettes
r-patched-solaris-x86 1.1 1590.50 NOTE
r-release-linux-ix86 1.1 5.33 563.04 568.36 NOTE
r-release-linux-x86_64 1.1 5.24 334.84 340.09 NOTE
r-release-osx-x86_64-mavericks 1.1 ERROR
r-release-osx-x86_64-snowleopard 1.1 OK

Check Details

Version: 1.1
Check: R code for possible problems
Result: NOTE
    MCMCglmm.APPT.list,APPT.list-formula-character-numeric-numeric-list-logical-logical:
     no visible global function definition for ‘%dopar%’
    MCMCglmm.APPT.list,APPT.list-formula-character-numeric-numeric-list-logical-logical:
     no visible global function definition for ‘foreach’
    bootMCMCglmm.APPT.list,APPT.list-formula-numeric-character-character-numeric-numeric-list-logical-logical:
     no visible global function definition for ‘%dopar%’
    bootMCMCglmm.APPT.list,APPT.list-formula-numeric-character-character-numeric-numeric-list-logical-logical:
     no visible global function definition for ‘foreach’
Flavors: r-devel-linux-x86_64-debian-clang, r-devel-linux-x86_64-debian-gcc, r-devel-linux-x86_64-fedora-clang, r-devel-linux-x86_64-fedora-gcc, r-devel-osx-x86_64-clang, r-patched-linux-x86_64, r-patched-solaris-x86, r-release-linux-ix86, r-release-linux-x86_64

Version: 1.1
Flags: --no-vignettes
Check: R code for possible problems
Result: NOTE
    MCMCglmm.APPT.list,APPT.list-formula-character-numeric-numeric-list-logical-logical:
     no visible global function definition for ‘%dopar%’
    MCMCglmm.APPT.list,APPT.list-formula-character-numeric-numeric-list-logical-logical:
     no visible global function definition for ‘foreach’
    bootMCMCglmm.APPT.list,APPT.list-formula-numeric-character-character-numeric-numeric-list-logical-logical:
     no visible global function definition for ‘%dopar%’
    bootMCMCglmm.APPT.list,APPT.list-formula-numeric-character-character-numeric-numeric-list-logical-logical:
     no visible global function definition for ‘foreach’
Flavor: r-patched-solaris-sparc

Version: 1.1
Check: package dependencies
Result: ERROR
    Package required but not available: ‘doMPI’
    
    See the information on DESCRIPTION files in the chapter ‘Creating R
    packages’ of the ‘Writing R Extensions’ manual.
Flavor: r-release-osx-x86_64-mavericks