CRAN Package Check Results for Package aroma.affymetrix

Last updated on 2014-07-23 13:47:46.

Flavor Version Tinstall Tcheck Ttotal Status Flags
r-devel-linux-x86_64-debian-clang 2.12.0 11.85 162.17 174.02 NOTE
r-devel-linux-x86_64-debian-gcc 2.12.0 9.84 156.59 166.43 NOTE
r-devel-linux-x86_64-fedora-clang 2.12.0 373.24 NOTE
r-devel-linux-x86_64-fedora-gcc 2.12.0 350.51 NOTE
r-devel-osx-x86_64-clang 2.12.0 287.80 NOTE
r-devel-windows-ix86+x86_64 2.12.0 28.00 209.00 237.00 NOTE
r-patched-linux-x86_64 2.12.0 9.67 157.96 167.63 NOTE
r-patched-solaris-sparc 2.12.0 1922.30 NOTE
r-patched-solaris-x86 2.12.0 378.20 NOTE
r-release-linux-ix86 2.12.0 12.82 205.01 217.83 NOTE
r-release-linux-x86_64 2.12.0 12.24 163.93 176.17 NOTE
r-release-osx-x86_64-mavericks 2.12.0 NOTE
r-release-osx-x86_64-snowleopard 2.12.0 NOTE
r-release-windows-ix86+x86_64 2.12.0 26.00 225.00 251.00 NOTE
r-oldrel-windows-ix86+x86_64 2.12.0 29.00 216.00 245.00 NOTE

Check Details

Version: 2.12.0
Check: package dependencies
Result: NOTE
    Package suggested but not available for checking: ‘dChipIO’
Flavors: r-devel-linux-x86_64-debian-clang, r-devel-linux-x86_64-debian-gcc, r-devel-linux-x86_64-fedora-gcc, r-devel-osx-x86_64-clang, r-patched-linux-x86_64, r-release-linux-ix86, r-release-linux-x86_64

Version: 2.12.0
Check: package dependencies
Result: NOTE
    Packages suggested but not available for checking: ‘affyPLM’ ‘dChipIO’
Flavor: r-devel-linux-x86_64-fedora-clang

Version: 2.12.0
Check: Rd cross-references
Result: NOTE
    Package unavailable to check Rd xrefs: ‘affyPLM’
Flavors: r-devel-linux-x86_64-fedora-clang, r-patched-solaris-x86, r-release-osx-x86_64-snowleopard

Version: 2.12.0
Check: package dependencies
Result: NOTE
    Packages suggested but not available for checking:
     'dChipIO' 'AffymetrixDataTestFiles'
Flavors: r-devel-windows-ix86+x86_64, r-release-windows-ix86+x86_64, r-oldrel-windows-ix86+x86_64

Version: 2.12.0
Check: package dependencies
Result: NOTE
    Packages suggested but not available for checking:
     ‘affyPLM’ ‘dChipIO’ ‘oligo’ ‘pdInfoBuilder’ ‘AffymetrixDataTestFiles’
Flavors: r-patched-solaris-sparc, r-release-osx-x86_64-mavericks

Version: 2.12.0
Check: R code for possible problems
Result: NOTE
    extractFeatureSet.AffymetrixCelSet: no visible global function
     definition for ‘read.celfiles’
    pdInfo2Cdf: no visible global function definition for ‘read.celfiles’
    pdInfo2Cdf: no visible global function definition for
     ‘getPlatformDesign’
    writeCdf.AffyGenePDInfo: no visible global function definition for
     ‘cleanPlatformName’
Flavors: r-patched-solaris-sparc, r-release-osx-x86_64-mavericks

Version: 2.12.0
Check: Rd cross-references
Result: NOTE
    Packages unavailable to check Rd xrefs: ‘affyPLM’, ‘oligo’
Flavors: r-patched-solaris-sparc, r-release-osx-x86_64-mavericks

Version: 2.12.0
Check: package dependencies
Result: NOTE
    Packages suggested but not available for checking:
     ‘affyPLM’ ‘dChipIO’ ‘pdInfoBuilder’ ‘AffymetrixDataTestFiles’
Flavors: r-patched-solaris-x86, r-release-osx-x86_64-snowleopard