CRAN Package Check Results for Package aroma.affymetrix

Last updated on 2015-03-28 00:54:11.

Flavor Version Tinstall Tcheck Ttotal Status Flags
r-devel-linux-x86_64-debian-clang 2.13.0 10.18 148.45 158.63 NOTE
r-devel-linux-x86_64-debian-gcc 2.13.0 9.24 141.98 151.22 NOTE
r-devel-linux-x86_64-fedora-clang 2.13.0 300.94 NOTE
r-devel-linux-x86_64-fedora-gcc 2.13.0 273.48 NOTE
r-devel-osx-x86_64-clang 2.13.0 289.67 NOTE
r-prerel-windows-ix86+x86_64 2.13.0 31.00 183.00 214.00 NOTE
r-prerel-linux-x86_64 2.13.0 8.83 147.30 156.13 NOTE
r-prerel-solaris-sparc 2.13.0 1869.50 NOTE
r-prerel-solaris-x86 2.13.0 334.10 NOTE
r-release-linux-x86_64 2.13.0 13.34 170.69 184.03 NOTE
r-release-osx-x86_64-mavericks 2.13.0 NOTE
r-release-osx-x86_64-snowleopard 2.13.0 NOTE
r-release-windows-ix86+x86_64 2.13.0 31.00 229.00 260.00 NOTE
r-oldrel-windows-ix86+x86_64 2.13.0 31.00 234.00 265.00 NOTE

Check Details

Version: 2.13.0
Check: package dependencies
Result: NOTE
    Package suggested but not available for checking: ‘dChipIO’
Flavors: r-devel-linux-x86_64-debian-clang, r-devel-linux-x86_64-debian-gcc, r-devel-linux-x86_64-fedora-gcc, r-prerel-linux-x86_64, r-release-linux-x86_64

Version: 2.13.0
Check: S3 generic/method consistency
Result: NOTE
    Found the following apparent S3 methods exported but not registered:
     addColorMap.ArrayExplorer addColorMap.SpatialReporter
     addExclCells.DChipQuantileNormalization
     allocate.AromaCellMatchScoreFile allocate.CrlmmParametersFile
     allocateFromCdf.AffymetrixCelFile allocateFromCdf.AromaCellCpgFile
     allocateFromCdf.AromaCellMatchScoreFile
     allocateFromCdf.AromaCellPositionFile
     allocateFromCdf.AromaCellSequenceFile allocateFromCdf.AromaUfcFile
     allocateFromCdf.AromaUflFile allocateFromCdf.AromaUnitGcContentFile
     allocateFromCdf.AromaUnitTabularBinaryFile
     annotateMvsA.AffymetrixCelFile append.AffymetrixCelSet
     append.CnagCfhSet applyAnyOrder.CopyNumberChromosomalModel
     applyCCF0.CopyNumberChromosomalModel
     applyCFC0.CopyNumberChromosomalModel
     applyToUnitIntensities.AffymetrixCelSet
     as.AffymetrixCelSet.AffymetrixCelSet as.AffymetrixCelSet.default
     as.AffymetrixCelSet.list as.AffymetrixCnChpSet.AffymetrixCnChpSet
     as.AffymetrixCnChpSet.default as.AffymetrixCnChpSet.list
     as.AffymetrixFileSet.AffymetrixFileSet as.AffymetrixFileSet.default
     as.AffymetrixFileSet.list as.ChipEffectSetTuple.ChipEffectSetTuple
     as.ChipEffectSetTuple.default
     as.CnChipEffectSetTuple.CnChipEffectSetTuple
     as.CnChipEffectSetTuple.default as.CnagCfhSet.CnagCfhSet
     as.CnagCfhSet.default as.CnagCfhSet.list
     as.CopyNumberDataSetTuple.CnChipEffectSet as.DChipDcpSet.DChipDcpSet
     as.DChipDcpSet.default as.DChipDcpSet.list
     as.character.AffymetrixCdfFile as.character.AffymetrixCelFile
     as.character.AffymetrixCelSet as.character.AffymetrixCelSetReporter
     as.character.AffymetrixCnChpFile as.character.AffymetrixCnChpSet
     as.character.AffymetrixPgfFile as.character.AffymetrixProbeTabFile
     as.character.AromaChipTypeAnnotationFile as.character.ArrayExplorer
     as.character.ChipEffectFile as.character.ChipEffectSet
     as.character.CnagCfhFile as.character.CnagCfhSet
     as.character.DChipCdfBinFile as.character.DChipDcpFile
     as.character.DChipDcpSet as.character.DChipQuantileNormalization
     as.character.FirmaModel as.character.GenericReporter
     as.character.GenomeInformation as.character.Model
     as.character.ProbeAffinityFile as.character.QualityAssessmentModel
     as.character.ResidualFile as.character.ResidualSet
     as.character.SmoothMultiarrayModel as.character.SnpInformation
     as.character.SpatialReporter as.character.TransformReport
     as.character.WeightsFile as.character.WeightsSet
     assertAnnotationData.ASCRMAv2 averageQuantile.AffymetrixCelSet
     bgAdjustGcrma.AffymetrixCelFile bgAdjustGcrma.AffymetrixCelSet
     bgAdjustOptical.AffymetrixCelFile bgAdjustRma.AffymetrixCelFile
     boxplotStats.ChipEffectSet bpmapCluster2Cdf.default
     byChipType.AffymetrixCsvGenomeInformation
     byChipType.AffymetrixProbeTabFile byChipType.AffymetrixTabularFile
     byChipType.AffymetrixTsvFile byChipType.AromaCellMatchScoreFile
     byChipType.AromaChipTypeAnnotationFile byChipType.DChipCdfBinFile
     byChipType.DChipGenomeInformation byChipType.DChipSnpInformation
     byChipType.GenomeInformation byChipType.SnpInformation
     byChipType.UflSnpInformation byChipType.UgpGenomeInformation
     byName.AffymetrixCelSet byName.AffymetrixCnChpSet
     byName.AromaChipTypeAnnotationFile byName.CnagCfhSet
     byName.CrlmmParametersSet byName.DChipDcpSet byPath.AffymetrixCelSet
     byPath.AffymetrixCelSetTuple byPath.AffymetrixCnChpSet
     byPath.AffymetrixFileSet byPath.ChipEffectSet byPath.CnChipEffectSet
     byPath.CnagCfhSet byPath.CrlmmParametersSet byPath.DChipDcpSet
     byPath.ExonChipEffectSet byPath.FirmaSet byPath.ResidualSet
     byPath.SnpChipEffectSet byPath.WeightsSet
     calcRawCnStats.CopyNumberChromosomalModel calcRawCnStats.default
     calculateAffinities.GcRmaBackgroundCorrection
     calculateAverages.FragmentEquivalentClassNormalization
     calculateBaseline.ChipEffectSet calculateConfidenceScores.CrlmmModel
     calculateFieldBoxplotStats.ChipEffectSet
     calculateMargins.SpatialReporter
     calculateNuseBoxplotStats.ChipEffectSet
     calculateParametersGsb.AffymetrixCelSet
     calculateResidualSet.FirmaModel calculateResidualSet.ProbeLevelModel
     calculateResiduals.FirmaModel calculateResiduals.ProbeLevelModel
     calculateRleBoxplotStats.ChipEffectSet
     calculateTargetDistribution.QuantileNormalization
     calculateWeights.ExonRmaPlm calculateWeights.FirmaModel
     calculateWeights.ProbeLevelModel
     calibrateOne.ReseqCrosstalkCalibration clearCache.AffymetrixCelSet
     clearData.AffymetrixCelFile clone.AffymetrixCelFile
     clone.AffymetrixCelSet clone.AffymetrixCnChpFile clone.CnagCfhFile
     clone.CnagCfhSet compare.AffymetrixCdfFile
     computeAffinities.AffymetrixCdfFile
     computeAffinitiesByACS.AffymetrixCdfFile convert.AffymetrixCdfFile
     convertToUnique.AffymetrixCelSet convertUnits.AffymetrixCdfFile
     createExonByTranscriptCdf.AffymetrixCdfFile
     createFrom.AffymetrixCelFile createMonocellCdf.AffymetrixCdfFile
     createOutputTuple.SmoothMultiarrayModel createParamCdf.ChipEffectFile
     createParamCdf.FirmaFile createUniqueCdf.AffymetrixCdfFile
     decode.ParameterCelFile dim.DChipDcpFile encode.ParameterCelFile
     excludeChrXFromFit.DChipQuantileNormalization
     exportAromaSignalBinaryFileList.CnChipEffectFile
     exportTotalAndFracB.CnChipEffectFile
     exportTotalAndFracB.CnChipEffectSet exportTotalAndFracB.DChipDcpSet
     exportTotalAndFracB.SnpChipEffectFile
     exportTotalAndFracB.SnpChipEffectSet
     exportTotalCnRatioSet.AffymetrixCnChpSet
     extractAffyBatch.AffymetrixCelSet extractAffyBatch.ChipEffectSet
     extractAlleleSet.SnpChipEffectSet extractCNT.SnpChipEffectFile
     extractCNT.SnpChipEffectSet
     extractChromosomalDataFrame.ChipEffectFile
     extractChromosomalDataFrame.ChipEffectSet
     extractDataFrame.ParameterCelFile extractDataFrame.ParameterCelSet
     extractExpressionSet.ChipEffectSet extractFeatureSet.AffymetrixCelSet
     extractLogRatios.AffymetrixCnChpFile
     extractLogRatios.AffymetrixCnChpSet extractMatrix.AffymetrixCelFile
     extractMatrix.AffymetrixCelSet extractMatrix.ChipEffectFile
     extractMatrix.ChipEffectSet extractMatrix.FirmaFile
     extractMatrix.FirmaSet extractMatrix.ParameterCelFile
     extractMatrix.ParameterCelSet extractSnpCnvQSet.SnpChipEffectSet
     extractSnpFeatureSet.AffymetrixCelSet extractSnpQSet.SnpChipEffectSet
     extractTheta.ChipEffectFile extractTheta.ChipEffectSet
     extractTheta.CnChipEffectFile extractTheta.CnChipEffectSet
     extractTheta.DChipDcpFile extractTheta.DChipDcpSet
     extractTheta.SnpChipEffectFile extractTheta.SnpChipEffectSet
     extractTheta.SnpCnvQSet extractTheta.SnpQSet
     extractTotalAndFracB.SnpChipEffectFile
     extractTotalAndFreqB.CnChipEffectFile
     extractTotalAndFreqB.CnChipEffectSet
     extractTotalAndFreqB.SnpChipEffectSet extractTotalAndFreqB.default
     findByCdf2.default findByChipType.AffymetrixCdfFile
     findByChipType.AffymetrixCsvFile
     findByChipType.AffymetrixCsvGenomeInformation
     findByChipType.AffymetrixNetAffxCsvFile
     findByChipType.AffymetrixPgfFile
     findByChipType.AffymetrixProbeTabFile
     findByChipType.AffymetrixTabularFile findByChipType.AffymetrixTsvFile
     findByChipType.AromaChipTypeAnnotationFile
     findByChipType.DChipCdfBinFile findByChipType.DChipGenomeInformation
     findByChipType.DChipSnpInformation findByChipType.UflSnpInformation
     findByChipType.UgpGenomeInformation findByName.AffymetrixCelSet
     findByName.AffymetrixCnChpSet findByName.ChipEffectSet
     findByName.CnagCfhSet findByName.DChipDcpSet
     findTargetDistributionFile.QuantileNormalization
     findUnitsTodo.AlleleSummation findUnitsTodo.ChipEffectFile
     findUnitsTodo.ChipEffectSet findUnitsTodo.CrlmmModel
     findUnitsTodo.CrlmmParametersFile findUnitsTodo.CrlmmParametersSet
     findUnitsTodo.ExonChipEffectSet findUnitsTodo.FirmaFile
     findUnitsTodo.FirmaModel findUnitsTodo.FirmaSet
     findUnitsTodo.ProbeLevelModel findUnitsTodo.QualityAssessmentFile
     findUnitsTodo.ResidualFile findUnitsTodo.ResidualSet
     findUnitsTodo.UnitModel findUnitsTodo.WeightsFile
     findUnitsTodo.WeightsSet fit.CrlmmModel fit.FirmaModel fit.Model
     fit.ProbeLevelModel fit.SingleArrayUnitModel
     fit.SmoothMultiarrayModel fitCnProbes.UnitModel
     fitOne.AbstractProbeSequenceNormalization
     fitOne.BaseCountNormalization
     fitOne.LinearModelProbeSequenceNormalization fitOne.MatNormalization
     fitOne.ReseqCrosstalkCalibration fitOne.ScaleNormalization3
     fitOne.UnitTypeScaleNormalization fitOneArray.SingleArrayUnitModel
     fitOneChromosome.SmoothMultiarrayModel fitPlasqUnit.matrix
     fitQuantileNormFcn.AffymetrixCelFile fixSearchPath.AromaAffymetrix
     fromCdf.AffymetrixProbeTabFile fromCdf.GenomeInformation
     fromCdf.SnpInformation fromDataFile.ChipEffectFile
     fromDataFile.FirmaFile fromDataFile.ResidualFile
     fromDataFile.WeightsFile fromDataSet.ChipEffectSet
     fromDataSet.FirmaSet fromDataSet.GenomeInformation
     fromDataSet.ResidualSet fromDataSet.SnpInformation
     fromDataSet.WeightsSet fromFile.AffymetrixCdfFile
     fromFile.AffymetrixCelFile fromFile.AffymetrixCnChpFile
     fromFile.AffymetrixPgfFile fromFile.AromaChipTypeAnnotationFile
     fromFile.CnagCfhFile fromFile.DChipCdfBinFile fromFile.DChipDcpFile
     getACSFile.AffymetrixCdfFile getAM.ChipEffectFile getAM.ChipEffectSet
     getAlias.ArrayExplorer getAlias.GenericReporter getAlias.Model
     getAlias.TransformReport getAlleleCellPairs.AffymetrixCdfFile
     getAlleleProbePairs.AffymetrixCdfFile
     getAlleleProbePairs2.AffymetrixCdfFile
     getAlleleProbePairs3.AffymetrixCdfFile getAm.AffymetrixCelFile
     getAromaCellMatchScoreFile.MatNormalization
     getAromaCellPositionFile.MatSmoothing
     getAromaCellSequenceFile.AbstractProbeSequenceNormalization
     getAromaCellSequenceFile.AffymetrixCdfFile
     getAromaUfcFile.FragmentEquivalentClassNormalization
     getAromaUflFile.UflSnpInformation
     getAromaUgpFile.UgpGenomeInformation
     getAromaUnitFracBCnBinarySet.default
     getAromaUnitTotalCnBinarySet.default
     getArrayNames.AffymetrixAptSummaryFile getArraysOfInput.ArrayExplorer
     getAsFullCelFile.ChipEffectFile getAsFullCelSet.ChipEffectSet
     getAsteriskTags.AdditiveCovariatesNormalization
     getAsteriskTags.AffineCnPlm getAsteriskTags.AffinePlm
     getAsteriskTags.AffineSnpPlm getAsteriskTags.AlleleSummation
     getAsteriskTags.AllelicCrosstalkCalibration
     getAsteriskTags.ArrayExplorer getAsteriskTags.AvgCnPlm
     getAsteriskTags.AvgPlm getAsteriskTags.AvgSnpPlm
     getAsteriskTags.BaseCountNormalization
     getAsteriskTags.BasePositionNormalization getAsteriskTags.CrlmmModel
     getAsteriskTags.ExonRmaPlm getAsteriskTags.FirmaModel
     getAsteriskTags.FragmentEquivalentClassNormalization
     getAsteriskTags.FragmentLengthNormalization
     getAsteriskTags.GenericReporter getAsteriskTags.HetLogAddCnPlm
     getAsteriskTags.HetLogAddPlm getAsteriskTags.HetLogAddSnpPlm
     getAsteriskTags.LimmaBackgroundCorrection
     getAsteriskTags.MatNormalization getAsteriskTags.MbeiCnPlm
     getAsteriskTags.MbeiPlm getAsteriskTags.MbeiSnpPlm
     getAsteriskTags.Model getAsteriskTags.NormExpBackgroundCorrection
     getAsteriskTags.ProbeLevelModel getAsteriskTags.ProbeLevelTransform3
     getAsteriskTags.QualityAssessmentModel
     getAsteriskTags.ReseqCrosstalkCalibration getAsteriskTags.RmaCnPlm
     getAsteriskTags.RmaPlm getAsteriskTags.RmaSnpPlm
     getAsteriskTags.ScaleNormalization
     getAsteriskTags.SmoothMultiarrayModel getAsteriskTags.SmoothRmaModel
     getAsteriskTags.SmoothSaModel getAsteriskTags.SnpChipEffectGroupMerge
     getAsteriskTags.UnitModel getAverage.AffymetrixCelSet
     getAverage.CnagCfhSet getAverageAsinh.AffymetrixCelSet
     getAverageAsinh.CnagCfhSet getAverageFile.AffymetrixCelSet
     getAverageFile.ChipEffectSet getAverageFile.CnChipEffectSet
     getAverageFile.CnagCfhSet getAverageFile.ExonChipEffectSet
     getAverageFile.ResidualSet getAverageFile.SnpChipEffectSet
     getAverageFile.WeightsSet getAverageLog.AffymetrixCelSet
     getAverageLog.CnagCfhSet getBandwidth.SmoothMultiarrayModel
     getBaseline.ChipEffectSet getBaseline.CnChipEffectSet
     getBaseline.SnpChipEffectSet
     getBlockSizes.SpatialRowColumnNormalization
     getCalculateResidualsFunction.AvgPlm
     getCalculateResidualsFunction.ProbeLevelModel
     getCalculateResidualsFunction.RmaPlm getCallSet.CrlmmModel
     getCalls.DChipDcpFile getCdf.AdditiveCovariatesNormalization
     getCdf.AffymetrixCelFile getCdf.AffymetrixCelSet
     getCdf.AffymetrixCnChpFile getCdf.AffymetrixCnChpSet
     getCdf.AffymetrixProbeTabFile getCdf.AffymetrixTsvFile
     getCdf.AromaUnitTabularBinaryFile getCdf.ChipEffectGroupMerge
     getCdf.CnagCfhFile getCdf.CnagCfhSet getCdf.FirmaModel
     getCdf.FragmentEquivalentClassNormalization
     getCdf.FragmentLengthNormalization getCdf.GcContentNormalization
     getCdf.Model getCdf.QualityAssessmentModel getCdf.TransformReport
     getCdfBin.DChipDcpSet getCellDim.DChipCdfBinFile
     getCellIndices.AffymetrixCdfFile getCellIndices.ChipEffectFile
     getCellIndices.ChipEffectSet getCellIndices.CnChipEffectFile
     getCellIndices.CnPlm getCellIndices.CnProbeAffinityFile
     getCellIndices.ExonChipEffectFile
     getCellIndices.ExonProbeAffinityFile getCellIndices.ExonRmaPlm
     getCellIndices.FirmaFile getCellIndices.FirmaSet
     getCellIndices.ProbeAffinityFile getCellIndices.ResidualFile
     getCellIndices.ResidualSet getCellIndices.SnpChipEffectFile
     getCellIndices.SnpPlm getCellIndices.SnpProbeAffinityFile
     getCellIndices.UnitModel getCellIndices.WeightsFile
     getCellIndices.WeightsSet getCellMapForMainCdf.ChipEffectFile
     getCellQuartets.AffymetrixCdfFile getCellsTo.ProbeLevelTransform3
     getCellsToFit.ProbeLevelTransform3
     getCellsToInternal.ProbeLevelTransform3
     getCellsToUpdate.ProbeLevelTransform3
     getChipEffectFileClass.ChipEffectSet
     getChipEffectFileClass.CnChipEffectSet
     getChipEffectFileClass.ExonChipEffectSet
     getChipEffectFileClass.SnpChipEffectSet
     getChipEffectSet.AlleleSummation getChipEffectSet.CnPlm
     getChipEffectSet.ExonRmaPlm getChipEffectSet.ProbeLevelModel
     getChipEffectSet.QualityAssessmentModel getChipEffectSet.SnpPlm
     getChipEffectSetClass.AlleleSummation getChipEffectSetClass.CnPlm
     getChipEffectSetClass.ExonRmaPlm
     getChipEffectSetClass.ProbeLevelModel getChipEffectSetClass.SnpPlm
     getChipType.AffymetrixAptSummaryFile getChipType.AffymetrixCdfFile
     getChipType.AffymetrixCelFile getChipType.AffymetrixCelSet
     getChipType.AffymetrixCelSetReporter getChipType.AffymetrixCnChpFile
     getChipType.AffymetrixPgfFile getChipType.AffymetrixProbeTabFile
     getChipType.AffymetrixTsvFile getChipType.AromaChipTypeAnnotationFile
     getChipType.CnagCfhFile getChipType.CrlmmModel
     getChipType.DChipCdfBinFile getChipType.DChipDcpSet
     getChipType.GenomeInformation getChipType.SnpInformation
     getChipType.UflSnpInformation getChipType.UgpGenomeInformation
     getChromosomeStats.GenomeInformation getChromosomes.GenomeInformation
     getChromosomes.UgpGenomeInformation getCnNames.AffymetrixCdfFile
     getColorMaps.ArrayExplorer getColorMaps.SpatialReporter
     getColumnNames.AffymetrixProbeTabFile
     getCombineAlleles.CnChipEffectSet getCombineAlleles.CnPlm
     getConfidenceScoreSet.CrlmmModel
     getCovariates.AdditiveCovariatesNormalization
     getCovariates.GcContentNormalization2
     getCrlmmParametersSet.CrlmmModel getCrlmmPriors.CrlmmModel
     getCrlmmSNPs.CrlmmModel getCrlmmSNPsOnChrX.CrlmmModel
     getCrlmmSplineParameters.CrlmmModel getData.AffymetrixCelFile
     getData.AffymetrixCelSet getData.AffymetrixCnChpFile
     getData.AffymetrixProbeTabFile getData.AffymetrixTsvFile
     getData.CnagCfhSet getData.GenomeInformation getData.SnpInformation
     getData.UflSnpInformation getData.UgpGenomeInformation
     getDataColumns.GenomeInformation getDataColumns.UflSnpInformation
     getDataColumns.UgpGenomeInformation getDataFlat.ChipEffectFile
     getDataFlat.FirmaFile getDataFlat.ResidualFile
     getDataFlat.WeightsFile getDataPairs.AllelicCrosstalkCalibration
     getDataSet.AffymetrixCelSetReporter getDataSet.ArrayExplorer
     getDataSet.FirmaModel getDataSet.Model
     getDataSet.QualityAssessmentModel
     getDefaultColumnNames.AromaCellMatchScoreFile
     getDefaultColumnNames.AromaUfcFile
     getDefaultExtension.AffymetrixCdfFile
     getDefaultExtension.AffymetrixCsvFile
     getDefaultExtension.AffymetrixCsvGenomeInformation
     getDefaultExtension.AffymetrixNetAffxCsvFile
     getDefaultExtension.AffymetrixPgfFile
     getDefaultExtension.AffymetrixTsvFile
     getDefaultExtension.AromaCellMatchScoreFile
     getDefaultExtension.AromaChipTypeAnnotationFile
     getDefaultFullName.AffymetrixFileSet getDefaultFullName.CnagCfhSet
     getDefaultSettings.AromaAffymetrix getDefaultSettings.Package
     getDesignMatrix.BaseCountNormalization
     getDesignMatrix.BasePositionNormalization
     getDesignMatrix.LinearModelProbeSequenceNormalization
     getDesignMatrix.MatNormalization getDimension.AffymetrixCdfFile
     getDimension.AffymetrixPgfFile
     getExclCells.DChipQuantileNormalization
     getExclCells.QuantileNormalization getExcludes.DChipDcpFile
     getExclusiveUnitSubsets.FragmentEquivalentClassNormalization
     getExpandedCellMap.ChipEffectFile getExpandedCellMap.CnChipEffectFile
     getExpandedCellMap.SnpChipEffectFile
     getExpectedOutputFiles.MatSmoothing
     getExpectedOutputFullnames.MatSmoothing
     getExtensionPattern.AffymetrixCdfFile
     getExtensionPattern.AffymetrixCelFile
     getExtensionPattern.AffymetrixCnChpFile
     getExtensionPattern.AffymetrixCsvFile
     getExtensionPattern.AffymetrixPgfFile
     getExtensionPattern.AffymetrixTsvFile
     getExtensionPattern.AromaCellMatchScoreFile
     getExtensionPattern.AromaUfcFile getExtensionPattern.CnagCfhFile
     getExtensionPattern.DChipDcpFile getField.AffymetrixTsvFile
     getFields.SnpInformation getFields.UflSnpInformation
     getFileClass.FirmaSet getFileFormat.AffymetrixCdfFile
     getFileFormat.AffymetrixCelFile getFileFormat.AffymetrixCnChpFile
     getFileFormat.DChipCdfBinFile getFileFormat.DChipDcpFile
     getFileSet.AffymetrixFileSetReporter getFileSetClass.FirmaModel
     getFilenameExtension.AromaCellMatchScoreFile
     getFilenameExtension.AromaUfcFile
     getFilteredFragmentLengths.FragmentLengthNormalization
     getFirmaScores.FirmaModel getFirmaSet.FirmaModel
     getFirstCellIndices.AffymetrixCdfFile
     getFirstCellPerUnitIndices.ExonChipEffectSet
     getFit.BasePositionNormalization
     getFitSingleCellUnitFunction.UnitModel getFitUnitFunction.CnPlm
     getFitUnitFunction.FirmaModel getFitUnitFunction.MultiArrayUnitModel
     getFitUnitFunction.SingleArrayUnitModel getFitUnitFunction.UnitModel
     getFitUnitGroupFunction.AffinePlm getFitUnitGroupFunction.AvgPlm
     getFitUnitGroupFunction.ExonRmaPlm getFitUnitGroupFunction.FirmaModel
     getFitUnitGroupFunction.HetLogAddPlm getFitUnitGroupFunction.MbeiPlm
     getFitUnitGroupFunction.MultiArrayUnitModel
     getFitUnitGroupFunction.RmaPlm
     getFitUnitGroupFunction.SingleArrayUnitModel
     getFitUnitGroupFunction.SmoothMultiarrayModel
     getFitUnitGroupFunction.SmoothRmaModel
     getFitUnitGroupFunction.SmoothSaModel
     getFragmentLengths.AffymetrixTsvFile
     getFragmentLengths.SnpInformation
     getFragmentLengths.UflSnpInformation getFragmentStarts.SnpInformation
     getFragmentStarts.UflSnpInformation getFragmentStops.SnpInformation
     getFragmentStops.UflSnpInformation getFullName.GenericReporter
     getFullName.Model getFullName.QualityAssessmentModel
     getFullName.TransformReport getFullNames.ChipEffectSetTuple
     getGc.AffymetrixTsvFile getGcContent.GcContentNormalization
     getGenomeBuild.AffymetrixNetAffxCsvFile
     getGenomeInformation.AffymetrixCdfFile
     getGroupDirections.AffymetrixCdfFile getHeader.AffymetrixCdfFile
     getHeader.AffymetrixCelFile getHeader.AffymetrixCnChpFile
     getHeader.AffymetrixPgfFile getHeader.AromaChipTypeAnnotationFile
     getHeader.CnagCfhFile getHeader.DChipCdfBinFile
     getHeader.DChipDcpFile getHeaderAttributes.AffymetrixNetAffxCsvFile
     getHeaderLength.CnagCfhFile getHeaderV3.AffymetrixCelFile
     getIdentifier.AffymetrixCelFile getIdentifier.AffymetrixCelSet
     getIdentifier.AffymetrixFileSet getIdentifier.CnagCfhFile
     getIdentifier.CnagCfhSet getImage.AffymetrixCdfFile
     getImage.AffymetrixCelFile getImage.AromaUnitTabularBinaryFile
     getImage.ResidualFile getImage.WeightsFile
     getIndexToRowMap.AffymetrixProbeTabFile
     getInputDataSet.TransformReport
     getInputName.AffymetrixFileSetReporter getInputName.GenericReporter
     getInputTags.AffymetrixFileSetReporter getInputTags.GenericReporter
     getIntensities.AffymetrixCelSet getLabel.Model
     getListOfCdfs.AffymetrixCelSetTuple
     getListOfGenomeInformations.ChromosomalModel
     getListOfPriors.MultiArrayUnitModel getListOfReporters.ArrayExplorer
     getListOfUnitNamesFiles.AffymetrixCelSetTuple
     getListOfUnitNamesFiles.ArrayExplorer
     getListOfUnitTypesFiles.AffymetrixCelSetTuple
     getListOfUnitTypesFiles.ArrayExplorer getMainCdf.AffymetrixCdfFile
     getMainPath.GenericReporter
     getMatrixChipEffectFiles.CopyNumberChromosomalModel
     getMergeFunction.ChipEffectGroupMerge
     getMergeFunction.SnpChipEffectGroupMerge
     getMergeGroups.ExonChipEffectSet getMergeStrands.SnpChipEffectSet
     getMergeStrands.SnpPlm getMonoCell.AffymetrixCdfFile
     getMonocellCdf.AffymetrixCdfFile getName.AffymetrixPlatform
     getName.FirmaModel getName.GenericReporter getName.Model
     getName.QualityAssessmentModel getName.TransformReport
     getNameOfInput.ArrayExplorer getNetAffxBuild.AffymetrixNetAffxCsvFile
     getNetAffxDate.AffymetrixNetAffxCsvFile
     getNormalEquations.LinearModelProbeSequenceNormalization
     getNormalizeSignalsOne.ScaleNormalization3
     getNormalizeSignalsOne.UnitTypeScaleNormalization
     getNormalizedIntensities.DChipDcpFile
     getNumberOfFilesAveraged.CnChipEffectFile
     getOrderedFragmentPairMap.AromaUfcFile
     getOrderedFragmentPairs.AromaUfcFile getOutputDataSet.Transform
     getOutputDataSet.TransformReport
     getOutputDataSet00.AdditiveCovariatesNormalization
     getOutputDataSet00.FragmentEquivalentClassNormalization
     getOutputDataSet00.FragmentLengthNormalization
     getOutputDataSet00.GcContentNormalization getOutputFiles.Transform
     getOutputIdentifier.QuantileNormalization
     getOutputTuple.SmoothMultiarrayModel
     getParameter.AffymetrixAptSummaryFile getParameterSet.Model
     getParameters.AbstractProbeSequenceNormalization
     getParameters.AdditiveCovariatesNormalization
     getParameters.AllelicCrosstalkCalibration getParameters.AvgPlm
     getParameters.BackgroundCorrection
     getParameters.BaseCountNormalization
     getParameters.BasePositionNormalization getParameters.ChipEffectFile
     getParameters.ChipEffectGroupMerge getParameters.CnChipEffectFile
     getParameters.CnPlm getParameters.CrlmmModel
     getParameters.DChipQuantileNormalization
     getParameters.ExonChipEffectFile getParameters.ExonRmaPlm
     getParameters.FragmentEquivalentClassNormalization
     getParameters.FragmentLengthNormalization
     getParameters.GcContentNormalization
     getParameters.GcRmaBackgroundCorrection
     getParameters.LimmaBackgroundCorrection
     getParameters.MatNormalization getParameters.MatSmoothing
     getParameters.NormExpBackgroundCorrection
     getParameters.OpticalBackgroundCorrection
     getParameters.ProbeAffinityFile getParameters.ProbeLevelTransform3
     getParameters.QuantileNormalization
     getParameters.ReseqCrosstalkCalibration getParameters.ResidualFile
     getParameters.ResidualSet getParameters.RmaBackgroundCorrection
     getParameters.RmaPlm getParameters.ScaleNormalization
     getParameters.ScaleNormalization3 getParameters.SnpChipEffectFile
     getParameters.SnpChipEffectGroupMerge getParameters.SnpPlm
     getParameters.SpatialRowColumnNormalization getParameters.UnitModel
     getParameters.UnitTypeScaleNormalization getParameters.WeightsFile
     getParameters.WeightsSet getPath.AffymetrixCelSetReporter
     getPath.GenericReporter getPath.Model getPath.QualityAssessmentModel
     getPath.TransformReport getPcuTheta.ChromosomalModel
     getPlatform.AffymetrixCdfFile getPlatform.AffymetrixCelFile
     getPlatform.AffymetrixCelSet getPlatform.AffymetrixPgfFile
     getPlatform.AromaChipTypeAnnotationFile getPlatform.DChipCdfBinFile
     getPlatformDesignDB.CrlmmModel getPlm.FirmaModel
     getPlm.QualityAssessmentModel getPosition.AffymetrixTsvFile
     getPositionChipTypeUnit.ChromosomalModel
     getPositionChipTypeUnit.CopyNumberSegmentationModel
     getPositions.GenomeInformation getProbeAffinityFile.AffinePlm
     getProbeAffinityFile.AvgPlm getProbeAffinityFile.CnPlm
     getProbeAffinityFile.ExonRmaPlm getProbeAffinityFile.MbeiPlm
     getProbeAffinityFile.ProbeLevelModel getProbeAffinityFile.RmaPlm
     getProbeAffinityFile.SnpPlm getProbeSequenceData.AffymetrixCdfFile
     getProbesetIds.AffymetrixAptSummaryFile
     getQuantificationScale.AffymetrixAptSummaryFile
     getRawIntensities.DChipDcpFile
     getReadArguments.AffymetrixAptSummaryFile
     getRectangle.AffymetrixCelFile getReference.SpatialReporter
     getRegions.profileCGH getReportSet.GenericReporter
     getReportSet.SpatialReporter getResidualFileClass.ResidualSet
     getResidualSet.ProbeLevelModel getResidualSetClass.ProbeLevelModel
     getResiduals.QualityAssessmentModel getRestructor.AffymetrixCdfFile
     getRlmFitFunctions.RmaPlm getRootPath.AlleleSummation
     getRootPath.ChipEffectTransform getRootPath.CrlmmModel
     getRootPath.FirmaModel getRootPath.GenericReporter getRootPath.Model
     getRootPath.ProbeLevelModel getRootPath.ProbeLevelTransform
     getRootPath.QualityAssessmentModel getRootPath.SmoothMultiarrayModel
     getRootPath.SmoothRmaModel getRootPath.TransformReport
     getSetTuple.ArrayExplorer getSetsOfProbes.AllelicCrosstalkCalibration
     getSetsOfProbes.ReseqCrosstalkCalibration getSettings.Package
     getSignalTransform.BasePositionNormalization
     getSignalTransform.LinearModelProbeSequenceNormalization
     getSnpInformation.AffymetrixCdfFile getSnpNames.AffymetrixCdfFile
     getSpar.SpatialRowColumnNormalization getSteps.ASCRMAv2
     getSteps.AromaPipeline getSubsetOfCellIndices.AffymetrixCdfFile
     getSubsetOfUnits.AffymetrixCdfFile
     getSubsetToAvg.AllelicCrosstalkCalibration
     getSubsetToAvg.QuantileNormalization
     getSubsetToAvg.ReseqCrosstalkCalibration
     getSubsetToAvg.ScaleNormalization
     getSubsetToFit.AdditiveCovariatesNormalization
     getSubsetToFit.FragmentEquivalentClassNormalization
     getSubsetToFit.FragmentLengthNormalization
     getSubsetToFit.GcContentNormalization
     getSubsetToUpdate.BackgroundCorrection
     getSubsetToUpdate.DChipQuantileNormalization
     getSubsetToUpdate.QuantileNormalization
     getSubsetToUpdate.ScaleNormalization
     getSubsetToUpdate0.LimmaBackgroundCorrection getTags.FirmaModel
     getTags.GenericReporter getTags.Model getTags.QualityAssessmentModel
     getTags.TransformReport getTagsOfInput.ArrayExplorer
     getTargetAverages.FragmentEquivalentClassNormalization
     getTargetDistribution.QuantileNormalization
     getTargetDistributionIdentifier.QuantileNormalization
     getTargetDistributionPathname.QuantileNormalization
     getTargetFile.AbstractProbeSequenceNormalization
     getTargetFunction.GcContentNormalization
     getTargetFunctions.AdditiveCovariatesNormalization
     getTargetFunctions.FragmentLengthNormalization
     getThetaStds.DChipDcpFile getThetas.DChipDcpFile
     getThetasAB.DChipDcpFile getTimeStamp.AffymetrixAptSummaryFile
     getTimestamp.AffymetrixCelFile getTimestamp.AffymetrixCnChpFile
     getTimestamp.CnagCfhFile getTimestamps.AffymetrixCelSet
     getTimestamps.CnagCfhSet getUniqueCdf.AffymetrixCdfFile
     getUnitGroupCellArrayMap.ChipEffectFile
     getUnitGroupCellChromosomePositionMap.AffymetrixCdfFile
     getUnitGroupCellChromosomePositionMap.ChipEffectFile
     getUnitGroupCellMap.AffymetrixCdfFile
     getUnitGroupCellMap.AffymetrixCelSet
     getUnitGroupCellMap.ChipEffectFile getUnitGroupCellMap.FirmaFile
     getUnitGroupCellMap.ResidualFile getUnitGroupCellMap.WeightsFile
     getUnitGroupCellMapWithMonocell.AffymetrixCdfFile
     getUnitGroupCellMapWithUnique.AffymetrixCdfFile
     getUnitGroupCellMatrixMap.ChipEffectFile
     getUnitGroupNamesFromUgcMap.AffymetrixCdfFile
     getUnitIndices.GenomeInformation getUnitIntensities.AffymetrixCelSet
     getUnitNames.AffymetrixCdfFile getUnitNames.AffymetrixNetAffxCsvFile
     getUnitNames.AffymetrixPgfFile getUnitNames.DChipCdfBinFile
     getUnitNamesFile.AffymetrixCdfFile getUnitNamesFile.AffymetrixCelFile
     getUnitNamesFile.AffymetrixCelSet
     getUnitNamesFile.AffymetrixCnChpFile
     getUnitNamesFile.AffymetrixPgfFile
     getUnitNamesFile.AffymetrixPlatform getUnitNamesFile.TransformReport
     getUnitReadMap.AffymetrixCnChpFile getUnitSizes.AffymetrixCdfFile
     getUnitSizes.DChipCdfBinFile getUnitTypes.AffymetrixCdfFile
     getUnitTypesFile.AffymetrixCdfFile getUnitTypesFile.AffymetrixCelFile
     getUnitTypesFile.AffymetrixCelSet
     getUnitTypesFile.AffymetrixCnChpFile
     getUnitTypesFile.AffymetrixPlatform getUnitTypesFile.TransformReport
     getUnitsOnChromosome.GenomeInformation
     getUnitsOnChromosome.UgpGenomeInformation
     getUnitsOnChromosomes.GenomeInformation
     getUnitsTo.ProbeLevelTransform3 getUnitsToFit.CrlmmModel
     getUnitsToFit.ProbeLevelTransform3
     getUnitsToUpdate.ProbeLevelTransform3
     getWeights.QualityAssessmentModel getWeightsFileClass.WeightsSet
     getWeightsSet.ProbeLevelModel getWeightsSetClass.ProbeLevelModel
     getXAM.ChipEffectFile getXAM.ChipEffectSet getYY.TransformReport
     groupUnitsByDimension.AffymetrixCdfFile
     hasAlleleBFractions.CnChipEffectFile
     hasAlleleBFractions.CnChipEffectSet
     hasAlleleBFractions.CnChipEffectSetTuple
     hasColumnHeader.AffymetrixProbeTabFile hasMbeiData.DChipDcpFile
     hasNormalizedData.DChipDcpFile hasStrandiness.CnChipEffectFile
     hasStrandiness.CnChipEffectSet hasStrandiness.CnChipEffectSetTuple
     hasUnitReadMap.AffymetrixCnChpFile hasUnitTypes.AffymetrixCdfFile
     highlight.AffymetrixCelFile identifyCells.AffymetrixCdfFile
     image270.AffymetrixCelFile importFrom.AromaUnitTabularBinaryFile
     importFromAffymetrixNetAffxCsvFile.AromaUflFile
     importFromAffymetrixNetAffxCsvFile.AromaUgpFile
     importFromAffymetrixNetAffxCsvFile.AromaUnitGcContentFile
     importFromAffymetrixNetAffxCsvFile.AromaUnitTabularBinaryFile
     importFromAffymetrixProbeTabFile.AromaCellSequenceFile
     importFromAffymetrixTabularFile.AromaUfcFile
     importFromAffymetrixTabularFile.AromaUgpFile
     importFromAffymetrixTabularFile.AromaUnitTabularBinaryFile
     importFromApt.CnChipEffectSet importFromBpMap.AromaCellMatchScoreFile
     importFromBpMap.AromaCellSequenceFile
     importFromDChip.AffymetrixCelSet importFromDChip.CnChipEffectSet
     importFromDChipGenomeInformation.AromaUnitTabularBinaryFile
     importFromGenericTabularFile.AromaUnitTabularBinaryFile
     importFromGenomeInformation.AromaUgpFile
     importFromGenomeInformation.AromaUnitTabularBinaryFile
     indexOfMissingSequences.AbstractProbeSequenceNormalization
     inferMmFromPm.AromaCellSequenceFile inferParameters.CnChipEffectSet
     inferParameters.SnpChipEffectSet
     isCompatibleWithCdf.GenomeInformation
     isCompatibleWithCdf.SnpInformation
     isCompatibleWithCdf.UflSnpInformation
     isCompatibleWithCdf.UgpGenomeInformation
     isDuplicated.AffymetrixCelSet isDuplicated.CnagCfhSet
     isMissing.AromaCellMatchScoreFile isMonocellCdf.AffymetrixCdfFile
     isPm.AffymetrixCdfFile isResequenceChip.AffymetrixCdfFile
     isSnpChip.AffymetrixCdfFile isUniqueCdf.AffymetrixCdfFile
     isUnitGroupCellMap.data.frame isUnitGroupCellMap.default
     isUnitGroupCellMap.matrix justRMA.default justSNPRMA.AffymetrixCelSet
     justSNPRMA.character mapToUnitNamesFile.DChipCdfBinFile
     mergeGroups.ChipEffectFile mergeStrands.CnChipEffectFile
     mergeStrands.SnpChipEffectFile
     migrateTool.CopyNumberSegmentationModel
     nbrOfArrays.AffymetrixAptSummaryFile nbrOfArrays.AffymetrixCelSet
     nbrOfArrays.AffymetrixCelSetReporter nbrOfArrays.AffymetrixCnChpSet
     nbrOfArrays.CnagCfhSet nbrOfArrays.DChipDcpSet
     nbrOfArrays.QualityAssessmentModel nbrOfArrays.TransformReport
     nbrOfCells.AffymetrixCdfFile nbrOfCells.AffymetrixCelFile
     nbrOfCells.AffymetrixPgfFile nbrOfCells.CnagCfhFile
     nbrOfCells.DChipCdfBinFile nbrOfCells.DChipDcpFile
     nbrOfCellsPerUnit.AffymetrixCdfFile
     nbrOfCellsPerUnitGroup.AffymetrixCdfFile nbrOfChipTypes.ArrayExplorer
     nbrOfColumns.AffymetrixCdfFile nbrOfColumns.AffymetrixPgfFile
     nbrOfEnzymes.AromaUfcFile nbrOfEnzymes.SnpInformation
     nbrOfEnzymes.UflSnpInformation nbrOfGroupsPerUnit.AffymetrixCdfFile
     nbrOfQcUnits.AffymetrixCdfFile nbrOfRows.AffymetrixCdfFile
     nbrOfRows.AffymetrixPgfFile nbrOfSnps.AffymetrixCdfFile
     nbrOfSnps.CnagCfhFile nbrOfSteps.AromaPipeline
     nbrOfUnits.AffymetrixCdfFile nbrOfUnits.AffymetrixPgfFile
     nbrOfUnits.DChipCdfBinFile nbrOfUnits.DChipDcpFile
     nbrOfUnits.GenomeInformation nbrOfUnits.SnpInformation
     nbrOfUnits.UflSnpInformation nbrOfUnits.UgpGenomeInformation
     normalizeOneArrayVector.FragmentEquivalentClassNormalization
     normalizeQuantile.AffymetrixCelFile
     normalizeQuantile.AffymetrixCelSet patch.AromaAffymetrix
     plotAllelePairs.AllelicCrosstalkCalibration
     plotBasepair.AllelicCrosstalkCalibration plotBoxplot.ChipEffectSet
     plotBoxplotStats.list plotCovariateEffects.GcContentNormalization2
     plotDensity.AffymetrixCelFile plotDensity.AffymetrixCelSet
     plotDensity.GenomeInformation plotImage.AffymetrixCelFile
     plotMargins.SpatialReporter plotMvsA.AffymetrixCelFile
     plotMvsX.AffymetrixCelFile plotNuse.QualityAssessmentModel
     plotRle.QualityAssessmentModel plotXYCurve.TransformReport
     plotXYCurveLog2.TransformReport
     predictOne.AbstractProbeSequenceNormalization
     predictOne.BaseCountNormalization
     predictOne.LinearModelProbeSequenceNormalization
     predictOne.MatNormalization
     process.AbstractProbeSequenceNormalization
     process.AdditiveCovariatesNormalization process.AlleleSummation
     process.AllelicCrosstalkCalibration process.AromaPipeline
     process.ArrayExplorer process.BackgroundCorrection
     process.ChipEffectGroupMerge process.DChipQuantileNormalization
     process.FragmentEquivalentClassNormalization
     process.FragmentLengthNormalization process.GcContentNormalization
     process.GcRmaBackgroundCorrection process.GenericReporter
     process.LimmaBackgroundCorrection process.MatNormalization
     process.MatSmoothing process.OpticalBackgroundCorrection
     process.QuantileNormalization process.ReseqCrosstalkCalibration
     process.RmaBackgroundCorrection process.ScaleNormalization
     process.ScaleNormalization3 process.SpatialReporter
     process.SpatialRowColumnNormalization
     process.UnitTypeScaleNormalization range.AffymetrixCelFile
     range.AffymetrixCelSet range.CnagCfhFile range.CnagCfhSet
     read10K.DChipSnpInformation read250K.DChipSnpInformation
     read250KHg17.DChipGenomeInformation read50K.DChipSnpInformation
     read50KHg17.DChipGenomeInformation
     readArrays.AffymetrixAptSummaryFile readCfhHeader.default
     readCfhUnits.default readCfnHeader.default readCfnUnits.default
     readDataFrame.AffymetrixCdfFile
     readDataFrame.AffymetrixCsvGenomeInformation
     readDataFrame.AffymetrixTsvFile readDataFrame.AromaUfcFile
     readDataFrame.DChipCdfBinFile readDataFrame.DChipGenomeInformation
     readDataFrame.DChipSnpInformation readDataFrame.GenomeInformation
     readDataFrame.SnpInformation readDataFrame.UflSnpInformation
     readDataFrame.UgpGenomeInformation
     readDataFrame2.AffymetrixProbeTabFile
     readDataUnitChromosomePosition.AffymetrixNetAffxCsvFile
     readDataUnitFragmentLength.AffymetrixNetAffxCsvFile
     readGeneAssignments.AffymetrixNetAffxCsvFile
     readGenomeWideSNP.DChipGenomeInformation
     readHeader.AffymetrixAptSummaryFile
     readMatchScores.AromaCellMatchScoreFile
     readMouse430.DChipGenomeInformation
     readMouse430KenHardwired.DChipGenomeInformation
     readParameter.CrlmmParametersFile readPlasqTypes.AffymetrixCdfFile
     readPriorsByUnits.MultiArrayUnitModel
     readProbesetIds.AffymetrixAptSummaryFile
     readRawData.AffymetrixCelFile readRawData.AffymetrixCnChpFile
     readRawData.AffymetrixPgfFile readRawDataRectangle.AffymetrixCelFile
     readRawDataRectangle.SpatialReporter
     readSequenceDataFrame.AffymetrixProbeTabFile
     readTableInternal.GenomeInformation readTableInternal.SnpInformation
     readUnitNames.AffymetrixNetAffxCsvFile readUnits.AffymetrixCdfFile
     readUnits.AffymetrixCelFile readUnits.AffymetrixCelSet
     readUnits.ChipEffectFile readUnits.ChipEffectSet
     readUnits.CnChipEffectFile readUnits.CnagCfhFile readUnits.CnagCfhSet
     readUnits.ExonChipEffectFile readUnits.FirmaFile readUnits.FirmaSet
     readUnits.MultiArrayUnitModel readUnits.ParameterCelFile
     readUnits.ProbeAffinityFile readUnits.ResidualFile
     readUnits.ResidualSet readUnits.SingleArrayUnitModel
     readUnits.SnpChipEffectFile readUnits.WeightsFile
     readUnits.WeightsSet readUnitsByQuartets.AffymetrixCdfFile
     rescale.AllelicCrosstalkCalibration
     rescaleByAll.AllelicCrosstalkCalibration
     rescaleByAll.ReseqCrosstalkCalibration
     rescaleByGroups.AllelicCrosstalkCalibration
     restruct.AffymetrixCdfFile seq.TransformReport setAlias.ArrayExplorer
     setAlias.GenericReporter setAlias.Model setAlias.TransformReport
     setArrays.ArrayExplorer setBandwidth.SmoothMultiarrayModel
     setCdf.AffymetrixCelFile setCdf.AffymetrixCelSet
     setCdf.AffymetrixCnChpFile setCdf.AffymetrixCnChpSet
     setCdf.CnagCfhFile setCdf.CnagCfhSet setColorMaps.ArrayExplorer
     setColorMaps.SpatialReporter setCombineAlleles.CnChipEffectSet
     setCombineAlleles.CnPlm setCombineAlleles.CnProbeAffinityFile
     setDecodeFunction.ParameterCelFile setEncodeFunction.ParameterCelFile
     setGenomeInformation.AffymetrixCdfFile setLabel.Model
     setListOfPriors.MultiArrayUnitModel
     setMergeFunction.ChipEffectGroupMerge
     setMergeGroups.ExonChipEffectSet setMergeGroups.ExonProbeAffinityFile
     setMergeGroups.ExonRmaPlm setMergeStrands.SnpChipEffectSet
     setMergeStrands.SnpPlm setMergeStrands.SnpProbeAffinityFile
     setReference.SpatialReporter setRestructor.AffymetrixCdfFile
     setSettings.Package setSnpInformation.AffymetrixCdfFile setTags.Model
     setUnitReadMap.AffymetrixCnChpFile setup.GenericReporter
     setupExampleData.AromaAffymetrix smoothScatterMvsA.AffymetrixCelFile
     stextChipType.AffymetrixCdfFile transformAffine.AffymetrixCelFile
     transformAffine.AffymetrixCelSet
     translateColumnNames.AffymetrixAptSummaryFile
     translateColumnNames.AffymetrixProbeTabFile
     translateColumnNames.AffymetrixTabularFile
     translateFullName.AffymetrixProbeTabFile update.AromaAffymetrix
     update2.AffymetrixCelSet updateDataFlat.ChipEffectFile
     updateDataFlat.FirmaFile updateDataFlat.ResidualFile
     updateDataFlat.WeightsFile updateMatchScores.AromaCellMatchScoreFile
     updateParameter.CrlmmParametersFile
     updateSampleAnnotationSet.AffymetrixCelSet updateSettings.Package
     updateSetupExplorerFile.ArrayExplorer updateUnits.AffymetrixCelFile
     updateUnits.ChipEffectFile updateUnits.ChipEffectSet
     updateUnits.FirmaFile updateUnits.FirmaSet
     updateUnits.ParameterCelFile updateUnits.ProbeAffinityFile
     updateUnits.ResidualFile updateUnits.ResidualSet
     updateUnits.WeightsFile updateUnits.WeightsSet
     validate.AffymetrixCdfFile validate.AvgPlm
     validate.MultiArrayUnitModel verify.AffymetrixCsvGenomeInformation
     verify.AffymetrixTsvFile verify.DChipGenomeInformation
     verify.DChipSnpInformation verify.GenomeInformation
     verify.SnpInformation verify.UflSnpInformation
     verify.UgpGenomeInformation writeAsFullCelFile.ChipEffectFile
     writeCNT.SnpChipEffectFile writeCNT.SnpChipEffectSet
     writeCdf.AffyGenePDInfo writeCdf.DBPDInfo writeCdf.PDInfoList
     writeCdf.default writeCdfByExcludingCells.AffymetrixCdfFile
     writeImage.AffymetrixCelFile writeImage.ResidualFile
     writeImage.WeightsFile writeImageCombined.TransformReport
     writeImages.SpatialReporter writeImages.TransformReport
     writeRegions.profileCGH writeSgr.AffymetrixCelSet
     writeSignals.ProbeLevelTransform3 writeWig.CnChipEffectSet
    See section ‘Registering S3 methods’ in the ‘Writing R Extensions’
    manual.
Flavors: r-devel-linux-x86_64-debian-clang, r-devel-linux-x86_64-debian-gcc, r-devel-linux-x86_64-fedora-clang, r-devel-linux-x86_64-fedora-gcc, r-devel-osx-x86_64-clang, r-prerel-linux-x86_64

Version: 2.13.0
Check: package dependencies
Result: NOTE
    Packages suggested but not available for checking:
     ‘affyPLM’ ‘dChipIO’ ‘pdInfoBuilder’
Flavors: r-devel-linux-x86_64-fedora-clang, r-prerel-solaris-sparc

Version: 2.13.0
Check: Rd cross-references
Result: NOTE
    Package unavailable to check Rd xrefs: ‘affyPLM’
Flavors: r-devel-linux-x86_64-fedora-clang, r-prerel-solaris-sparc, r-release-osx-x86_64-snowleopard

Version: 2.13.0
Check: package dependencies
Result: NOTE
    Packages suggested but not available for checking:
     ‘dChipIO’ ‘pdInfoBuilder’
Flavors: r-devel-osx-x86_64-clang, r-prerel-solaris-x86

Version: 2.13.0
Check: package dependencies
Result: NOTE
    Packages suggested but not available for checking:
     'dChipIO' 'AffymetrixDataTestFiles'
Flavors: r-prerel-windows-ix86+x86_64, r-release-windows-ix86+x86_64, r-oldrel-windows-ix86+x86_64

Version: 2.13.0
Check: package dependencies
Result: NOTE
    Packages suggested but not available for checking:
     ‘affyPLM’ ‘dChipIO’ ‘oligo’ ‘pdInfoBuilder’ ‘AffymetrixDataTestFiles’
Flavor: r-release-osx-x86_64-mavericks

Version: 2.13.0
Check: Rd cross-references
Result: NOTE
    Packages unavailable to check Rd xrefs: ‘affyPLM’, ‘oligo’
Flavor: r-release-osx-x86_64-mavericks

Version: 2.13.0
Check: package dependencies
Result: NOTE
    Packages suggested but not available for checking:
     ‘affyPLM’ ‘dChipIO’ ‘pdInfoBuilder’ ‘AffymetrixDataTestFiles’
Flavor: r-release-osx-x86_64-snowleopard