CRAN Package Check Results for Package aroma.affymetrix

Last updated on 2015-01-30 14:48:42.

Flavor Version Tinstall Tcheck Ttotal Status Flags
r-devel-linux-x86_64-debian-clang 2.13.0 9.18 158.30 167.48 NOTE
r-devel-linux-x86_64-debian-gcc 2.13.0 8.79 148.27 157.06 NOTE
r-devel-linux-x86_64-fedora-clang 2.13.0 331.88 NOTE
r-devel-linux-x86_64-fedora-gcc 2.13.0 306.32 NOTE
r-devel-osx-x86_64-clang 2.13.0 302.69 NOTE
r-devel-windows-ix86+x86_64 2.13.0 46.00 190.00 236.00 NOTE
r-patched-linux-x86_64 2.13.0 10.20 170.62 180.83 NOTE
r-patched-solaris-sparc 2.13.0 1894.10 NOTE
r-patched-solaris-x86 2.13.0 407.90 NOTE
r-release-linux-ix86 2.13.0 12.00 195.28 207.28 NOTE
r-release-linux-x86_64 2.13.0 10.20 168.01 178.21 NOTE
r-release-osx-x86_64-mavericks 2.13.0 NOTE
r-release-osx-x86_64-snowleopard 2.13.0 NOTE
r-release-windows-ix86+x86_64 2.13.0 37.00 236.00 273.00 NOTE
r-oldrel-windows-ix86+x86_64 2.13.0 37.00 230.00 267.00 NOTE

Check Details

Version: 2.13.0
Check: package dependencies
Result: NOTE
    Package suggested but not available for checking: ‘dChipIO’
Flavors: r-devel-linux-x86_64-debian-clang, r-devel-linux-x86_64-debian-gcc, r-devel-linux-x86_64-fedora-gcc, r-patched-linux-x86_64, r-release-linux-ix86, r-release-linux-x86_64

Version: 2.13.0
Check: S3 generic/method consistency
Result: NOTE
    Found the following apparent S3 methods exported but not registered:
     addColorMap.ArrayExplorer addColorMap.SpatialReporter
     addExclCells.DChipQuantileNormalization
     allocateFromCdf.AffymetrixCelFile allocateFromCdf.AromaCellCpgFile
     allocateFromCdf.AromaCellMatchScoreFile
     allocateFromCdf.AromaCellPositionFile
     allocateFromCdf.AromaCellSequenceFile allocateFromCdf.AromaUfcFile
     allocateFromCdf.AromaUflFile allocateFromCdf.AromaUnitGcContentFile
     allocateFromCdf.AromaUnitTabularBinaryFile
     annotateMvsA.AffymetrixCelFile
     applyAnyOrder.CopyNumberChromosomalModel
     applyCCF0.CopyNumberChromosomalModel
     applyCFC0.CopyNumberChromosomalModel
     applyToUnitIntensities.AffymetrixCelSet
     as.AffymetrixCelSet.AffymetrixCelSet as.AffymetrixCelSet.default
     as.AffymetrixCelSet.list as.AffymetrixCnChpSet.AffymetrixCnChpSet
     as.AffymetrixCnChpSet.default as.AffymetrixCnChpSet.list
     as.AffymetrixFileSet.AffymetrixFileSet as.AffymetrixFileSet.default
     as.AffymetrixFileSet.list as.ChipEffectSetTuple.ChipEffectSetTuple
     as.ChipEffectSetTuple.default
     as.CnChipEffectSetTuple.CnChipEffectSetTuple
     as.CnChipEffectSetTuple.default as.CnagCfhSet.CnagCfhSet
     as.CnagCfhSet.default as.CnagCfhSet.list as.DChipDcpSet.DChipDcpSet
     as.DChipDcpSet.default as.DChipDcpSet.list
     assertAnnotationData.ASCRMAv2 averageQuantile.AffymetrixCelSet
     bgAdjustGcrma.AffymetrixCelFile bgAdjustGcrma.AffymetrixCelSet
     bgAdjustOptical.AffymetrixCelFile bgAdjustRma.AffymetrixCelFile
     boxplotStats.ChipEffectSet bpmapCluster2Cdf.default
     calcRawCnStats.CopyNumberChromosomalModel calcRawCnStats.default
     calculateAffinities.GcRmaBackgroundCorrection
     calculateAverages.FragmentEquivalentClassNormalization
     calculateBaseline.ChipEffectSet calculateConfidenceScores.CrlmmModel
     calculateFieldBoxplotStats.ChipEffectSet
     calculateMargins.SpatialReporter
     calculateNuseBoxplotStats.ChipEffectSet
     calculateParametersGsb.AffymetrixCelSet
     calculateResidualSet.FirmaModel calculateResidualSet.ProbeLevelModel
     calculateResiduals.FirmaModel calculateResiduals.ProbeLevelModel
     calculateRleBoxplotStats.ChipEffectSet
     calculateTargetDistribution.QuantileNormalization
     calculateWeights.ExonRmaPlm calculateWeights.FirmaModel
     calculateWeights.ProbeLevelModel
     calibrateOne.ReseqCrosstalkCalibration clearData.AffymetrixCelFile
     compare.AffymetrixCdfFile computeAffinities.AffymetrixCdfFile
     computeAffinitiesByACS.AffymetrixCdfFile convert.AffymetrixCdfFile
     convertToUnique.AffymetrixCelSet convertUnits.AffymetrixCdfFile
     createExonByTranscriptCdf.AffymetrixCdfFile
     createFrom.AffymetrixCelFile createMonocellCdf.AffymetrixCdfFile
     createOutputTuple.SmoothMultiarrayModel createParamCdf.ChipEffectFile
     createParamCdf.FirmaFile createUniqueCdf.AffymetrixCdfFile
     decode.ParameterCelFile encode.ParameterCelFile
     excludeChrXFromFit.DChipQuantileNormalization
     exportAromaSignalBinaryFileList.CnChipEffectFile
     exportTotalAndFracB.CnChipEffectFile
     exportTotalAndFracB.CnChipEffectSet exportTotalAndFracB.DChipDcpSet
     exportTotalAndFracB.SnpChipEffectFile
     exportTotalAndFracB.SnpChipEffectSet
     extractAffyBatch.AffymetrixCelSet extractAffyBatch.ChipEffectSet
     extractAlleleSet.SnpChipEffectSet extractCNT.SnpChipEffectFile
     extractCNT.SnpChipEffectSet
     extractChromosomalDataFrame.ChipEffectFile
     extractChromosomalDataFrame.ChipEffectSet
     extractDataFrame.ParameterCelFile extractDataFrame.ParameterCelSet
     extractExpressionSet.ChipEffectSet extractFeatureSet.AffymetrixCelSet
     extractLogRatios.AffymetrixCnChpFile
     extractLogRatios.AffymetrixCnChpSet
     extractSnpCnvQSet.SnpChipEffectSet
     extractSnpFeatureSet.AffymetrixCelSet extractSnpQSet.SnpChipEffectSet
     extractTheta.ChipEffectFile extractTheta.ChipEffectSet
     extractTheta.CnChipEffectFile extractTheta.CnChipEffectSet
     extractTheta.DChipDcpFile extractTheta.DChipDcpSet
     extractTheta.SnpChipEffectFile extractTheta.SnpChipEffectSet
     extractTheta.SnpCnvQSet extractTheta.SnpQSet
     extractTotalAndFracB.SnpChipEffectFile
     extractTotalAndFreqB.CnChipEffectFile
     extractTotalAndFreqB.CnChipEffectSet
     extractTotalAndFreqB.SnpChipEffectSet extractTotalAndFreqB.default
     findByCdf2.default findTargetDistributionFile.QuantileNormalization
     fitCnProbes.UnitModel fitOne.AbstractProbeSequenceNormalization
     fitOne.BaseCountNormalization
     fitOne.LinearModelProbeSequenceNormalization fitOne.MatNormalization
     fitOne.ReseqCrosstalkCalibration fitOne.ScaleNormalization3
     fitOne.UnitTypeScaleNormalization fitOneArray.SingleArrayUnitModel
     fitOneChromosome.SmoothMultiarrayModel fitPlasqUnit.matrix
     fitQuantileNormFcn.AffymetrixCelFile fromCdf.AffymetrixProbeTabFile
     fromCdf.GenomeInformation fromCdf.SnpInformation
     fromDataFile.ChipEffectFile fromDataFile.FirmaFile
     fromDataFile.ResidualFile fromDataFile.WeightsFile
     fromDataSet.ChipEffectSet fromDataSet.FirmaSet
     fromDataSet.GenomeInformation fromDataSet.ResidualSet
     fromDataSet.SnpInformation fromDataSet.WeightsSet
     getACSFile.AffymetrixCdfFile getAlleleCellPairs.AffymetrixCdfFile
     getAlleleProbePairs.AffymetrixCdfFile
     getAlleleProbePairs2.AffymetrixCdfFile
     getAlleleProbePairs3.AffymetrixCdfFile getAm.AffymetrixCelFile
     getAromaCellMatchScoreFile.MatNormalization
     getAromaCellPositionFile.MatSmoothing
     getAromaCellSequenceFile.AbstractProbeSequenceNormalization
     getAromaCellSequenceFile.AffymetrixCdfFile
     getAromaUfcFile.FragmentEquivalentClassNormalization
     getAromaUnitFracBCnBinarySet.default
     getAromaUnitTotalCnBinarySet.default
     getArrayNames.AffymetrixAptSummaryFile
     getAsFullCelFile.ChipEffectFile getAsFullCelSet.ChipEffectSet
     getAverage.AffymetrixCelSet getAverage.CnagCfhSet
     getAverageAsinh.AffymetrixCelSet getAverageAsinh.CnagCfhSet
     getAverageLog.AffymetrixCelSet getAverageLog.CnagCfhSet
     getBandwidth.SmoothMultiarrayModel getBaseline.ChipEffectSet
     getBaseline.CnChipEffectSet getBaseline.SnpChipEffectSet
     getBlockSizes.SpatialRowColumnNormalization
     getCalculateResidualsFunction.AvgPlm
     getCalculateResidualsFunction.ProbeLevelModel
     getCalculateResidualsFunction.RmaPlm getCallSet.CrlmmModel
     getCdf.AdditiveCovariatesNormalization getCdf.AffymetrixCelFile
     getCdf.AffymetrixCelSet getCdf.AffymetrixCnChpFile
     getCdf.AffymetrixCnChpSet getCdf.AffymetrixProbeTabFile
     getCdf.AffymetrixTsvFile getCdf.AromaUnitTabularBinaryFile
     getCdf.ChipEffectGroupMerge getCdf.CnagCfhFile getCdf.CnagCfhSet
     getCdf.FirmaModel getCdf.FragmentEquivalentClassNormalization
     getCdf.FragmentLengthNormalization getCdf.GcContentNormalization
     getCdf.Model getCdf.QualityAssessmentModel getCdf.TransformReport
     getCdfBin.DChipDcpSet getCellDim.DChipCdfBinFile
     getCellIndices.AffymetrixCdfFile getCellIndices.ChipEffectFile
     getCellIndices.ChipEffectSet getCellIndices.CnChipEffectFile
     getCellIndices.CnPlm getCellIndices.CnProbeAffinityFile
     getCellIndices.ExonChipEffectFile
     getCellIndices.ExonProbeAffinityFile getCellIndices.ExonRmaPlm
     getCellIndices.FirmaFile getCellIndices.FirmaSet
     getCellIndices.ProbeAffinityFile getCellIndices.ResidualFile
     getCellIndices.ResidualSet getCellIndices.SnpChipEffectFile
     getCellIndices.SnpPlm getCellIndices.SnpProbeAffinityFile
     getCellIndices.UnitModel getCellIndices.WeightsFile
     getCellIndices.WeightsSet getCellMapForMainCdf.ChipEffectFile
     getCellQuartets.AffymetrixCdfFile getCellsTo.ProbeLevelTransform3
     getCellsToFit.ProbeLevelTransform3
     getCellsToInternal.ProbeLevelTransform3
     getCellsToUpdate.ProbeLevelTransform3
     getChipEffectFileClass.ChipEffectSet
     getChipEffectFileClass.CnChipEffectSet
     getChipEffectFileClass.ExonChipEffectSet
     getChipEffectFileClass.SnpChipEffectSet
     getChipEffectSet.AlleleSummation getChipEffectSet.CnPlm
     getChipEffectSet.ExonRmaPlm getChipEffectSet.ProbeLevelModel
     getChipEffectSet.QualityAssessmentModel getChipEffectSet.SnpPlm
     getChipEffectSetClass.AlleleSummation getChipEffectSetClass.CnPlm
     getChipEffectSetClass.ExonRmaPlm
     getChipEffectSetClass.ProbeLevelModel getChipEffectSetClass.SnpPlm
     getChromosomeStats.GenomeInformation getCnNames.AffymetrixCdfFile
     getColorMaps.ArrayExplorer getColorMaps.SpatialReporter
     getCombineAlleles.CnChipEffectSet getCombineAlleles.CnPlm
     getConfidenceScoreSet.CrlmmModel
     getCovariates.AdditiveCovariatesNormalization
     getCovariates.GcContentNormalization2
     getCrlmmParametersSet.CrlmmModel getCrlmmPriors.CrlmmModel
     getCrlmmSNPs.CrlmmModel getCrlmmSNPsOnChrX.CrlmmModel
     getCrlmmSplineParameters.CrlmmModel getData.AffymetrixCelFile
     getData.AffymetrixCelSet getData.AffymetrixCnChpFile
     getData.AffymetrixProbeTabFile getData.AffymetrixTsvFile
     getData.CnagCfhSet getData.GenomeInformation getData.SnpInformation
     getData.UflSnpInformation getData.UgpGenomeInformation
     getDataColumns.GenomeInformation getDataColumns.UflSnpInformation
     getDataColumns.UgpGenomeInformation getDataFlat.ChipEffectFile
     getDataFlat.FirmaFile getDataFlat.ResidualFile
     getDataFlat.WeightsFile getDataPairs.AllelicCrosstalkCalibration
     getDataSet.AffymetrixCelSetReporter getDataSet.ArrayExplorer
     getDataSet.FirmaModel getDataSet.Model
     getDataSet.QualityAssessmentModel getDefaultSettings.AromaAffymetrix
     getDefaultSettings.Package getDesignMatrix.BaseCountNormalization
     getDesignMatrix.BasePositionNormalization
     getDesignMatrix.LinearModelProbeSequenceNormalization
     getDesignMatrix.MatNormalization getDimension.AffymetrixCdfFile
     getDimension.AffymetrixPgfFile
     getExclCells.DChipQuantileNormalization
     getExclCells.QuantileNormalization getExcludes.DChipDcpFile
     getExclusiveUnitSubsets.FragmentEquivalentClassNormalization
     getExpandedCellMap.ChipEffectFile getExpandedCellMap.CnChipEffectFile
     getExpandedCellMap.SnpChipEffectFile getField.AffymetrixTsvFile
     getFileFormat.AffymetrixCdfFile getFileFormat.AffymetrixCelFile
     getFileFormat.AffymetrixCnChpFile getFileFormat.DChipCdfBinFile
     getFileFormat.DChipDcpFile getFileSet.AffymetrixFileSetReporter
     getFileSetClass.FirmaModel
     getFilteredFragmentLengths.FragmentLengthNormalization
     getFirmaScores.FirmaModel getFirmaSet.FirmaModel
     getFirstCellIndices.AffymetrixCdfFile
     getFirstCellPerUnitIndices.ExonChipEffectSet
     getFit.BasePositionNormalization
     getFitSingleCellUnitFunction.UnitModel getFitUnitFunction.CnPlm
     getFitUnitFunction.FirmaModel getFitUnitFunction.MultiArrayUnitModel
     getFitUnitFunction.SingleArrayUnitModel getFitUnitFunction.UnitModel
     getFitUnitGroupFunction.AffinePlm getFitUnitGroupFunction.AvgPlm
     getFitUnitGroupFunction.ExonRmaPlm getFitUnitGroupFunction.FirmaModel
     getFitUnitGroupFunction.HetLogAddPlm getFitUnitGroupFunction.MbeiPlm
     getFitUnitGroupFunction.MultiArrayUnitModel
     getFitUnitGroupFunction.RmaPlm
     getFitUnitGroupFunction.SingleArrayUnitModel
     getFitUnitGroupFunction.SmoothMultiarrayModel
     getFitUnitGroupFunction.SmoothRmaModel
     getFitUnitGroupFunction.SmoothSaModel
     getFragmentLengths.AffymetrixTsvFile
     getFragmentLengths.SnpInformation
     getFragmentLengths.UflSnpInformation getFragmentStarts.SnpInformation
     getFragmentStarts.UflSnpInformation getFragmentStops.SnpInformation
     getFragmentStops.UflSnpInformation getGc.AffymetrixTsvFile
     getGcContent.GcContentNormalization
     getGenomeBuild.AffymetrixNetAffxCsvFile
     getGenomeInformation.AffymetrixCdfFile
     getGroupDirections.AffymetrixCdfFile
     getHeaderAttributes.AffymetrixNetAffxCsvFile
     getHeaderLength.CnagCfhFile getHeaderV3.AffymetrixCelFile
     getIdentifier.AffymetrixCelFile getIdentifier.AffymetrixCelSet
     getIdentifier.AffymetrixFileSet getIdentifier.CnagCfhFile
     getIdentifier.CnagCfhSet getIndexToRowMap.AffymetrixProbeTabFile
     getInputName.AffymetrixFileSetReporter getInputName.GenericReporter
     getInputTags.AffymetrixFileSetReporter getInputTags.GenericReporter
     getIntensities.AffymetrixCelSet getListOfCdfs.AffymetrixCelSetTuple
     getListOfGenomeInformations.ChromosomalModel
     getListOfPriors.MultiArrayUnitModel getListOfReporters.ArrayExplorer
     getMainCdf.AffymetrixCdfFile
     getMatrixChipEffectFiles.CopyNumberChromosomalModel
     getMergeFunction.ChipEffectGroupMerge
     getMergeFunction.SnpChipEffectGroupMerge
     getMergeGroups.ExonChipEffectSet getMergeStrands.SnpChipEffectSet
     getMergeStrands.SnpPlm getMonoCell.AffymetrixCdfFile
     getMonocellCdf.AffymetrixCdfFile
     getNetAffxBuild.AffymetrixNetAffxCsvFile
     getNetAffxDate.AffymetrixNetAffxCsvFile
     getNormalEquations.LinearModelProbeSequenceNormalization
     getNormalizeSignalsOne.ScaleNormalization3
     getNormalizeSignalsOne.UnitTypeScaleNormalization
     getNormalizedIntensities.DChipDcpFile
     getOrderedFragmentPairMap.AromaUfcFile
     getOrderedFragmentPairs.AromaUfcFile
     getOutputDataSet00.AdditiveCovariatesNormalization
     getOutputDataSet00.FragmentEquivalentClassNormalization
     getOutputDataSet00.FragmentLengthNormalization
     getOutputDataSet00.GcContentNormalization
     getOutputIdentifier.QuantileNormalization
     getOutputTuple.SmoothMultiarrayModel
     getParameter.AffymetrixAptSummaryFile getParameterSet.Model
     getPcuTheta.ChromosomalModel getPlatformDesignDB.CrlmmModel
     getPlm.FirmaModel getPlm.QualityAssessmentModel
     getPositionChipTypeUnit.ChromosomalModel
     getPositionChipTypeUnit.CopyNumberSegmentationModel
     getProbeAffinityFile.AffinePlm getProbeAffinityFile.AvgPlm
     getProbeAffinityFile.CnPlm getProbeAffinityFile.ExonRmaPlm
     getProbeAffinityFile.MbeiPlm getProbeAffinityFile.ProbeLevelModel
     getProbeAffinityFile.RmaPlm getProbeAffinityFile.SnpPlm
     getProbeSequenceData.AffymetrixCdfFile
     getProbesetIds.AffymetrixAptSummaryFile
     getQuantificationScale.AffymetrixAptSummaryFile
     getRawIntensities.DChipDcpFile getRectangle.AffymetrixCelFile
     getReportSet.GenericReporter getReportSet.SpatialReporter
     getResidualFileClass.ResidualSet getResidualSet.ProbeLevelModel
     getResidualSetClass.ProbeLevelModel
     getResiduals.QualityAssessmentModel getRestructor.AffymetrixCdfFile
     getRlmFitFunctions.RmaPlm getSetsOfProbes.AllelicCrosstalkCalibration
     getSetsOfProbes.ReseqCrosstalkCalibration getSettings.Package
     getSignalTransform.BasePositionNormalization
     getSignalTransform.LinearModelProbeSequenceNormalization
     getSnpInformation.AffymetrixCdfFile getSnpNames.AffymetrixCdfFile
     getSpar.SpatialRowColumnNormalization getSteps.ASCRMAv2
     getSteps.AromaPipeline getSubsetOfCellIndices.AffymetrixCdfFile
     getSubsetOfUnits.AffymetrixCdfFile
     getSubsetToAvg.AllelicCrosstalkCalibration
     getSubsetToAvg.QuantileNormalization
     getSubsetToAvg.ReseqCrosstalkCalibration
     getSubsetToAvg.ScaleNormalization
     getSubsetToFit.AdditiveCovariatesNormalization
     getSubsetToFit.FragmentEquivalentClassNormalization
     getSubsetToFit.FragmentLengthNormalization
     getSubsetToFit.GcContentNormalization
     getSubsetToUpdate.BackgroundCorrection
     getSubsetToUpdate.DChipQuantileNormalization
     getSubsetToUpdate.QuantileNormalization
     getSubsetToUpdate.ScaleNormalization
     getSubsetToUpdate0.LimmaBackgroundCorrection
     getTargetAverages.FragmentEquivalentClassNormalization
     getTargetDistribution.QuantileNormalization
     getTargetDistributionIdentifier.QuantileNormalization
     getTargetDistributionPathname.QuantileNormalization
     getTargetFile.AbstractProbeSequenceNormalization
     getTargetFunction.GcContentNormalization
     getTargetFunctions.AdditiveCovariatesNormalization
     getTargetFunctions.FragmentLengthNormalization
     getThetaStds.DChipDcpFile getThetas.DChipDcpFile
     getThetasAB.DChipDcpFile getTimeStamp.AffymetrixAptSummaryFile
     getTimestamp.AffymetrixCelFile getTimestamp.AffymetrixCnChpFile
     getTimestamp.CnagCfhFile getTimestamps.AffymetrixCelSet
     getTimestamps.CnagCfhSet getUniqueCdf.AffymetrixCdfFile
     getUnitGroupCellArrayMap.ChipEffectFile
     getUnitGroupCellChromosomePositionMap.AffymetrixCdfFile
     getUnitGroupCellChromosomePositionMap.ChipEffectFile
     getUnitGroupCellMap.AffymetrixCdfFile
     getUnitGroupCellMap.AffymetrixCelSet
     getUnitGroupCellMap.ChipEffectFile getUnitGroupCellMap.FirmaFile
     getUnitGroupCellMap.ResidualFile getUnitGroupCellMap.WeightsFile
     getUnitGroupCellMapWithMonocell.AffymetrixCdfFile
     getUnitGroupCellMapWithUnique.AffymetrixCdfFile
     getUnitGroupCellMatrixMap.ChipEffectFile
     getUnitGroupNamesFromUgcMap.AffymetrixCdfFile
     getUnitIndices.GenomeInformation getUnitIntensities.AffymetrixCelSet
     getUnitReadMap.AffymetrixCnChpFile getUnitSizes.AffymetrixCdfFile
     getUnitSizes.DChipCdfBinFile getUnitsTo.ProbeLevelTransform3
     getUnitsToFit.CrlmmModel getUnitsToFit.ProbeLevelTransform3
     getUnitsToUpdate.ProbeLevelTransform3 getWeightsFileClass.WeightsSet
     getWeightsSet.ProbeLevelModel getWeightsSetClass.ProbeLevelModel
     getYY.TransformReport groupUnitsByDimension.AffymetrixCdfFile
     hasMbeiData.DChipDcpFile hasNormalizedData.DChipDcpFile
     hasUnitReadMap.AffymetrixCnChpFile hasUnitTypes.AffymetrixCdfFile
     highlight.AffymetrixCelFile identifyCells.AffymetrixCdfFile
     image270.AffymetrixCelFile
     importFromAffymetrixNetAffxCsvFile.AromaUflFile
     importFromAffymetrixNetAffxCsvFile.AromaUgpFile
     importFromAffymetrixNetAffxCsvFile.AromaUnitGcContentFile
     importFromAffymetrixNetAffxCsvFile.AromaUnitTabularBinaryFile
     importFromAffymetrixProbeTabFile.AromaCellSequenceFile
     importFromAffymetrixTabularFile.AromaUfcFile
     importFromAffymetrixTabularFile.AromaUgpFile
     importFromAffymetrixTabularFile.AromaUnitTabularBinaryFile
     importFromApt.CnChipEffectSet importFromBpMap.AromaCellMatchScoreFile
     importFromBpMap.AromaCellSequenceFile
     importFromDChip.AffymetrixCelSet importFromDChip.CnChipEffectSet
     importFromDChipGenomeInformation.AromaUnitTabularBinaryFile
     importFromGenomeInformation.AromaUgpFile
     importFromGenomeInformation.AromaUnitTabularBinaryFile
     indexOfMissingSequences.AbstractProbeSequenceNormalization
     inferMmFromPm.AromaCellSequenceFile inferParameters.CnChipEffectSet
     inferParameters.SnpChipEffectSet
     isCompatibleWithCdf.GenomeInformation
     isCompatibleWithCdf.SnpInformation
     isCompatibleWithCdf.UflSnpInformation
     isCompatibleWithCdf.UgpGenomeInformation
     isDuplicated.AffymetrixCelSet isDuplicated.CnagCfhSet
     isMonocellCdf.AffymetrixCdfFile isPm.AffymetrixCdfFile
     isResequenceChip.AffymetrixCdfFile isSnpChip.AffymetrixCdfFile
     isUniqueCdf.AffymetrixCdfFile isUnitGroupCellMap.data.frame
     isUnitGroupCellMap.default isUnitGroupCellMap.matrix justRMA.default
     justSNPRMA.AffymetrixCelSet justSNPRMA.character
     mapToUnitNamesFile.DChipCdfBinFile mergeGroups.ChipEffectFile
     mergeStrands.CnChipEffectFile mergeStrands.SnpChipEffectFile
     migrateTool.CopyNumberSegmentationModel
     nbrOfCellsPerUnit.AffymetrixCdfFile
     nbrOfCellsPerUnitGroup.AffymetrixCdfFile
     nbrOfGroupsPerUnit.AffymetrixCdfFile nbrOfQcUnits.AffymetrixCdfFile
     nbrOfSnps.AffymetrixCdfFile nbrOfSnps.CnagCfhFile
     nbrOfSteps.AromaPipeline
     normalizeOneArrayVector.FragmentEquivalentClassNormalization
     normalizeQuantile.AffymetrixCelFile
     normalizeQuantile.AffymetrixCelSet
     plotAllelePairs.AllelicCrosstalkCalibration
     plotBasepair.AllelicCrosstalkCalibration plotBoxplot.ChipEffectSet
     plotBoxplotStats.list plotCovariateEffects.GcContentNormalization2
     plotDensity.AffymetrixCelFile plotDensity.AffymetrixCelSet
     plotDensity.GenomeInformation plotImage.AffymetrixCelFile
     plotMargins.SpatialReporter plotMvsA.AffymetrixCelFile
     plotMvsX.AffymetrixCelFile plotNuse.QualityAssessmentModel
     plotRle.QualityAssessmentModel plotXYCurve.TransformReport
     plotXYCurveLog2.TransformReport
     predictOne.AbstractProbeSequenceNormalization
     predictOne.BaseCountNormalization
     predictOne.LinearModelProbeSequenceNormalization
     predictOne.MatNormalization read10K.DChipSnpInformation
     read250K.DChipSnpInformation read250KHg17.DChipGenomeInformation
     read50K.DChipSnpInformation read50KHg17.DChipGenomeInformation
     readArrays.AffymetrixAptSummaryFile readCfhHeader.default
     readCfhUnits.default readCfnHeader.default readCfnUnits.default
     readDataFrame2.AffymetrixProbeTabFile
     readDataUnitChromosomePosition.AffymetrixNetAffxCsvFile
     readDataUnitFragmentLength.AffymetrixNetAffxCsvFile
     readGeneAssignments.AffymetrixNetAffxCsvFile
     readGenomeWideSNP.DChipGenomeInformation
     readMatchScores.AromaCellMatchScoreFile
     readMouse430.DChipGenomeInformation
     readMouse430KenHardwired.DChipGenomeInformation
     readParameter.CrlmmParametersFile readPlasqTypes.AffymetrixCdfFile
     readPriorsByUnits.MultiArrayUnitModel
     readProbesetIds.AffymetrixAptSummaryFile
     readRawData.AffymetrixCelFile readRawData.AffymetrixCnChpFile
     readRawData.AffymetrixPgfFile readRawDataRectangle.AffymetrixCelFile
     readRawDataRectangle.SpatialReporter
     readSequenceDataFrame.AffymetrixProbeTabFile
     readTableInternal.GenomeInformation readTableInternal.SnpInformation
     readUnitNames.AffymetrixNetAffxCsvFile readUnits.AffymetrixCdfFile
     readUnits.AffymetrixCelFile readUnits.AffymetrixCelSet
     readUnits.ChipEffectFile readUnits.ChipEffectSet
     readUnits.CnChipEffectFile readUnits.CnagCfhFile readUnits.CnagCfhSet
     readUnits.ExonChipEffectFile readUnits.FirmaFile readUnits.FirmaSet
     readUnits.MultiArrayUnitModel readUnits.ParameterCelFile
     readUnits.ProbeAffinityFile readUnits.ResidualFile
     readUnits.ResidualSet readUnits.SingleArrayUnitModel
     readUnits.SnpChipEffectFile readUnits.WeightsFile
     readUnits.WeightsSet readUnitsByQuartets.AffymetrixCdfFile
     rescaleByAll.AllelicCrosstalkCalibration
     rescaleByAll.ReseqCrosstalkCalibration
     rescaleByGroups.AllelicCrosstalkCalibration
     restruct.AffymetrixCdfFile setBandwidth.SmoothMultiarrayModel
     setCdf.AffymetrixCelFile setCdf.AffymetrixCelSet
     setCdf.AffymetrixCnChpFile setCdf.AffymetrixCnChpSet
     setCdf.CnagCfhFile setCdf.CnagCfhSet setColorMaps.ArrayExplorer
     setColorMaps.SpatialReporter setCombineAlleles.CnChipEffectSet
     setCombineAlleles.CnPlm setCombineAlleles.CnProbeAffinityFile
     setDecodeFunction.ParameterCelFile setEncodeFunction.ParameterCelFile
     setGenomeInformation.AffymetrixCdfFile
     setListOfPriors.MultiArrayUnitModel
     setMergeFunction.ChipEffectGroupMerge
     setMergeGroups.ExonChipEffectSet setMergeGroups.ExonProbeAffinityFile
     setMergeGroups.ExonRmaPlm setMergeStrands.SnpChipEffectSet
     setMergeStrands.SnpPlm setMergeStrands.SnpProbeAffinityFile
     setRestructor.AffymetrixCdfFile setSettings.Package
     setSnpInformation.AffymetrixCdfFile
     setUnitReadMap.AffymetrixCnChpFile setupExampleData.AromaAffymetrix
     smoothScatterMvsA.AffymetrixCelFile transformAffine.AffymetrixCelFile
     transformAffine.AffymetrixCelSet updateDataFlat.ChipEffectFile
     updateDataFlat.FirmaFile updateDataFlat.ResidualFile
     updateDataFlat.WeightsFile updateMatchScores.AromaCellMatchScoreFile
     updateParameter.CrlmmParametersFile
     updateSampleAnnotationSet.AffymetrixCelSet updateSettings.Package
     updateUnits.AffymetrixCelFile updateUnits.ChipEffectFile
     updateUnits.ChipEffectSet updateUnits.FirmaFile updateUnits.FirmaSet
     updateUnits.ParameterCelFile updateUnits.ProbeAffinityFile
     updateUnits.ResidualFile updateUnits.ResidualSet
     updateUnits.WeightsFile updateUnits.WeightsSet
     writeAsFullCelFile.ChipEffectFile writeCNT.SnpChipEffectFile
     writeCNT.SnpChipEffectSet writeCdf.AffyGenePDInfo writeCdf.DBPDInfo
     writeCdf.PDInfoList writeCdf.default
     writeCdfByExcludingCells.AffymetrixCdfFile
     writeImageCombined.TransformReport writeImages.SpatialReporter
     writeImages.TransformReport writeSgr.AffymetrixCelSet
     writeSignals.ProbeLevelTransform3 writeWig.CnChipEffectSet
     seq.TransformReport update.AromaAffymetrix getLabel.Model
     setLabel.Model validate.AffymetrixCdfFile validate.AvgPlm
     validate.MultiArrayUnitModel allocate.AromaCellMatchScoreFile
     allocate.CrlmmParametersFile
     as.CopyNumberDataSetTuple.CnChipEffectSet
     byChipType.AffymetrixCsvGenomeInformation
     byChipType.AffymetrixProbeTabFile byChipType.AffymetrixTabularFile
     byChipType.AffymetrixTsvFile byChipType.AromaCellMatchScoreFile
     byChipType.AromaChipTypeAnnotationFile byChipType.DChipCdfBinFile
     byChipType.DChipGenomeInformation byChipType.DChipSnpInformation
     byChipType.GenomeInformation byChipType.SnpInformation
     byChipType.UflSnpInformation byChipType.UgpGenomeInformation
     exportTotalCnRatioSet.AffymetrixCnChpSet
     findByChipType.AffymetrixCdfFile findByChipType.AffymetrixCsvFile
     findByChipType.AffymetrixCsvGenomeInformation
     findByChipType.AffymetrixNetAffxCsvFile
     findByChipType.AffymetrixPgfFile
     findByChipType.AffymetrixProbeTabFile
     findByChipType.AffymetrixTabularFile findByChipType.AffymetrixTsvFile
     findByChipType.AromaChipTypeAnnotationFile
     findByChipType.DChipCdfBinFile findByChipType.DChipGenomeInformation
     findByChipType.DChipSnpInformation findByChipType.UflSnpInformation
     findByChipType.UgpGenomeInformation findUnitsTodo.AlleleSummation
     findUnitsTodo.ChipEffectFile findUnitsTodo.ChipEffectSet
     findUnitsTodo.CrlmmModel findUnitsTodo.CrlmmParametersFile
     findUnitsTodo.CrlmmParametersSet findUnitsTodo.ExonChipEffectSet
     findUnitsTodo.FirmaFile findUnitsTodo.FirmaModel
     findUnitsTodo.FirmaSet findUnitsTodo.ProbeLevelModel
     findUnitsTodo.QualityAssessmentFile findUnitsTodo.ResidualFile
     findUnitsTodo.ResidualSet findUnitsTodo.UnitModel
     findUnitsTodo.WeightsFile findUnitsTodo.WeightsSet fit.CrlmmModel
     fit.FirmaModel fit.Model fit.ProbeLevelModel fit.SingleArrayUnitModel
     fit.SmoothMultiarrayModel fixSearchPath.AromaAffymetrix
     getAM.ChipEffectFile getAM.ChipEffectSet getAlias.ArrayExplorer
     getAlias.GenericReporter getAlias.Model getAlias.TransformReport
     getAromaUflFile.UflSnpInformation
     getAromaUgpFile.UgpGenomeInformation getArraysOfInput.ArrayExplorer
     getAverageFile.AffymetrixCelSet getAverageFile.ChipEffectSet
     getAverageFile.CnChipEffectSet getAverageFile.CnagCfhSet
     getAverageFile.ExonChipEffectSet getAverageFile.ResidualSet
     getAverageFile.SnpChipEffectSet getAverageFile.WeightsSet
     getChipType.AffymetrixAptSummaryFile getChipType.AffymetrixCdfFile
     getChipType.AffymetrixCelFile getChipType.AffymetrixCelSet
     getChipType.AffymetrixCelSetReporter getChipType.AffymetrixCnChpFile
     getChipType.AffymetrixPgfFile getChipType.AffymetrixProbeTabFile
     getChipType.AffymetrixTsvFile getChipType.AromaChipTypeAnnotationFile
     getChipType.CnagCfhFile getChipType.CrlmmModel
     getChipType.DChipCdfBinFile getChipType.DChipDcpSet
     getChipType.GenomeInformation getChipType.SnpInformation
     getChipType.UflSnpInformation getChipType.UgpGenomeInformation
     getChromosomes.GenomeInformation getChromosomes.UgpGenomeInformation
     getDefaultExtension.AffymetrixCdfFile
     getDefaultExtension.AffymetrixCsvFile
     getDefaultExtension.AffymetrixCsvGenomeInformation
     getDefaultExtension.AffymetrixNetAffxCsvFile
     getDefaultExtension.AffymetrixPgfFile
     getDefaultExtension.AffymetrixTsvFile
     getDefaultExtension.AromaCellMatchScoreFile
     getDefaultExtension.AromaChipTypeAnnotationFile
     getExpectedOutputFiles.MatSmoothing
     getExpectedOutputFullnames.MatSmoothing getImage.AffymetrixCdfFile
     getImage.AffymetrixCelFile getImage.AromaUnitTabularBinaryFile
     getImage.ResidualFile getImage.WeightsFile
     getInputDataSet.TransformReport
     getListOfUnitNamesFiles.AffymetrixCelSetTuple
     getListOfUnitNamesFiles.ArrayExplorer
     getListOfUnitTypesFiles.AffymetrixCelSetTuple
     getListOfUnitTypesFiles.ArrayExplorer getMainPath.GenericReporter
     getNameOfInput.ArrayExplorer
     getNumberOfFilesAveraged.CnChipEffectFile getOutputDataSet.Transform
     getOutputDataSet.TransformReport getOutputFiles.Transform
     getParameters.AbstractProbeSequenceNormalization
     getParameters.AdditiveCovariatesNormalization
     getParameters.AllelicCrosstalkCalibration getParameters.AvgPlm
     getParameters.BackgroundCorrection
     getParameters.BaseCountNormalization
     getParameters.BasePositionNormalization getParameters.ChipEffectFile
     getParameters.ChipEffectGroupMerge getParameters.CnChipEffectFile
     getParameters.CnPlm getParameters.CrlmmModel
     getParameters.DChipQuantileNormalization
     getParameters.ExonChipEffectFile getParameters.ExonRmaPlm
     getParameters.FragmentEquivalentClassNormalization
     getParameters.FragmentLengthNormalization
     getParameters.GcContentNormalization
     getParameters.GcRmaBackgroundCorrection
     getParameters.LimmaBackgroundCorrection
     getParameters.MatNormalization getParameters.MatSmoothing
     getParameters.NormExpBackgroundCorrection
     getParameters.OpticalBackgroundCorrection
     getParameters.ProbeAffinityFile getParameters.ProbeLevelTransform3
     getParameters.QuantileNormalization
     getParameters.ReseqCrosstalkCalibration getParameters.ResidualFile
     getParameters.ResidualSet getParameters.RmaBackgroundCorrection
     getParameters.RmaPlm getParameters.ScaleNormalization
     getParameters.ScaleNormalization3 getParameters.SnpChipEffectFile
     getParameters.SnpChipEffectGroupMerge getParameters.SnpPlm
     getParameters.SpatialRowColumnNormalization getParameters.UnitModel
     getParameters.UnitTypeScaleNormalization getParameters.WeightsFile
     getParameters.WeightsSet getPlatform.AffymetrixCdfFile
     getPlatform.AffymetrixCelFile getPlatform.AffymetrixCelSet
     getPlatform.AffymetrixPgfFile getPlatform.AromaChipTypeAnnotationFile
     getPlatform.DChipCdfBinFile getPositions.GenomeInformation
     getReference.SpatialReporter getRegions.profileCGH
     getRootPath.AlleleSummation getRootPath.ChipEffectTransform
     getRootPath.CrlmmModel getRootPath.FirmaModel
     getRootPath.GenericReporter getRootPath.Model
     getRootPath.ProbeLevelModel getRootPath.ProbeLevelTransform
     getRootPath.QualityAssessmentModel getRootPath.SmoothMultiarrayModel
     getRootPath.SmoothRmaModel getRootPath.TransformReport
     getSetTuple.ArrayExplorer getTagsOfInput.ArrayExplorer
     getUnitNames.AffymetrixCdfFile getUnitNames.AffymetrixNetAffxCsvFile
     getUnitNames.AffymetrixPgfFile getUnitNames.DChipCdfBinFile
     getUnitNamesFile.AffymetrixCdfFile getUnitNamesFile.AffymetrixCelFile
     getUnitNamesFile.AffymetrixCelSet
     getUnitNamesFile.AffymetrixCnChpFile
     getUnitNamesFile.AffymetrixPgfFile
     getUnitNamesFile.AffymetrixPlatform getUnitNamesFile.TransformReport
     getUnitTypes.AffymetrixCdfFile getUnitTypesFile.AffymetrixCdfFile
     getUnitTypesFile.AffymetrixCelFile getUnitTypesFile.AffymetrixCelSet
     getUnitTypesFile.AffymetrixCnChpFile
     getUnitTypesFile.AffymetrixPlatform getUnitTypesFile.TransformReport
     getUnitsOnChromosome.GenomeInformation
     getUnitsOnChromosome.UgpGenomeInformation
     getUnitsOnChromosomes.GenomeInformation
     getWeights.QualityAssessmentModel getXAM.ChipEffectFile
     getXAM.ChipEffectSet hasAlleleBFractions.CnChipEffectFile
     hasAlleleBFractions.CnChipEffectSet
     hasAlleleBFractions.CnChipEffectSetTuple
     hasStrandiness.CnChipEffectFile hasStrandiness.CnChipEffectSet
     hasStrandiness.CnChipEffectSetTuple
     importFrom.AromaUnitTabularBinaryFile
     importFromGenericTabularFile.AromaUnitTabularBinaryFile
     isMissing.AromaCellMatchScoreFile
     nbrOfArrays.AffymetrixAptSummaryFile nbrOfArrays.AffymetrixCelSet
     nbrOfArrays.AffymetrixCelSetReporter nbrOfArrays.AffymetrixCnChpSet
     nbrOfArrays.CnagCfhSet nbrOfArrays.DChipDcpSet
     nbrOfArrays.QualityAssessmentModel nbrOfArrays.TransformReport
     nbrOfCells.AffymetrixCdfFile nbrOfCells.AffymetrixCelFile
     nbrOfCells.AffymetrixPgfFile nbrOfCells.CnagCfhFile
     nbrOfCells.DChipCdfBinFile nbrOfCells.DChipDcpFile
     nbrOfChipTypes.ArrayExplorer nbrOfEnzymes.AromaUfcFile
     nbrOfEnzymes.SnpInformation nbrOfEnzymes.UflSnpInformation
     nbrOfUnits.AffymetrixCdfFile nbrOfUnits.AffymetrixPgfFile
     nbrOfUnits.DChipCdfBinFile nbrOfUnits.DChipDcpFile
     nbrOfUnits.GenomeInformation nbrOfUnits.SnpInformation
     nbrOfUnits.UflSnpInformation nbrOfUnits.UgpGenomeInformation
     patch.AromaAffymetrix process.AbstractProbeSequenceNormalization
     process.AdditiveCovariatesNormalization process.AlleleSummation
     process.AllelicCrosstalkCalibration process.AromaPipeline
     process.ArrayExplorer process.BackgroundCorrection
     process.ChipEffectGroupMerge process.DChipQuantileNormalization
     process.FragmentEquivalentClassNormalization
     process.FragmentLengthNormalization process.GcContentNormalization
     process.GcRmaBackgroundCorrection process.GenericReporter
     process.LimmaBackgroundCorrection process.MatNormalization
     process.MatSmoothing process.OpticalBackgroundCorrection
     process.QuantileNormalization process.ReseqCrosstalkCalibration
     process.RmaBackgroundCorrection process.ScaleNormalization
     process.ScaleNormalization3 process.SpatialReporter
     process.SpatialRowColumnNormalization
     process.UnitTypeScaleNormalization
     readHeader.AffymetrixAptSummaryFile
     rescale.AllelicCrosstalkCalibration setAlias.ArrayExplorer
     setAlias.GenericReporter setAlias.Model setAlias.TransformReport
     setArrays.ArrayExplorer setReference.SpatialReporter
     setup.GenericReporter stextChipType.AffymetrixCdfFile
     updateSetupExplorerFile.ArrayExplorer writeImage.AffymetrixCelFile
     writeImage.ResidualFile writeImage.WeightsFile
     writeRegions.profileCGH clearCache.AffymetrixCelSet
     clone.AffymetrixCelFile clone.AffymetrixCelSet
     clone.AffymetrixCnChpFile clone.CnagCfhFile clone.CnagCfhSet
     getCalls.DChipDcpFile getFields.SnpInformation
     getFields.UflSnpInformation getName.AffymetrixPlatform
     getName.FirmaModel getName.GenericReporter getName.Model
     getName.QualityAssessmentModel getName.TransformReport
     getPath.AffymetrixCelSetReporter getPath.GenericReporter
     getPath.Model getPath.QualityAssessmentModel getPath.TransformReport
     getPosition.AffymetrixTsvFile getTags.FirmaModel
     getTags.GenericReporter getTags.Model getTags.QualityAssessmentModel
     getTags.TransformReport append.AffymetrixCelSet append.CnagCfhSet
     byName.AffymetrixCelSet byName.AffymetrixCnChpSet
     byName.AromaChipTypeAnnotationFile byName.CnagCfhSet
     byName.CrlmmParametersSet byName.DChipDcpSet byPath.AffymetrixCelSet
     byPath.AffymetrixCelSetTuple byPath.AffymetrixCnChpSet
     byPath.AffymetrixFileSet byPath.ChipEffectSet byPath.CnChipEffectSet
     byPath.CnagCfhSet byPath.CrlmmParametersSet byPath.DChipDcpSet
     byPath.ExonChipEffectSet byPath.FirmaSet byPath.ResidualSet
     byPath.SnpChipEffectSet byPath.WeightsSet
     extractMatrix.AffymetrixCelFile extractMatrix.AffymetrixCelSet
     extractMatrix.ChipEffectFile extractMatrix.ChipEffectSet
     extractMatrix.FirmaFile extractMatrix.FirmaSet
     extractMatrix.ParameterCelFile extractMatrix.ParameterCelSet
     findByName.AffymetrixCelSet findByName.AffymetrixCnChpSet
     findByName.ChipEffectSet findByName.CnagCfhSet findByName.DChipDcpSet
     fromFile.AffymetrixCdfFile fromFile.AffymetrixCelFile
     fromFile.AffymetrixCnChpFile fromFile.AffymetrixPgfFile
     fromFile.AromaChipTypeAnnotationFile fromFile.CnagCfhFile
     fromFile.DChipCdfBinFile fromFile.DChipDcpFile
     getAsteriskTags.AdditiveCovariatesNormalization
     getAsteriskTags.AffineCnPlm getAsteriskTags.AffinePlm
     getAsteriskTags.AffineSnpPlm getAsteriskTags.AlleleSummation
     getAsteriskTags.AllelicCrosstalkCalibration
     getAsteriskTags.ArrayExplorer getAsteriskTags.AvgCnPlm
     getAsteriskTags.AvgPlm getAsteriskTags.AvgSnpPlm
     getAsteriskTags.BaseCountNormalization
     getAsteriskTags.BasePositionNormalization getAsteriskTags.CrlmmModel
     getAsteriskTags.ExonRmaPlm getAsteriskTags.FirmaModel
     getAsteriskTags.FragmentEquivalentClassNormalization
     getAsteriskTags.FragmentLengthNormalization
     getAsteriskTags.GenericReporter getAsteriskTags.HetLogAddCnPlm
     getAsteriskTags.HetLogAddPlm getAsteriskTags.HetLogAddSnpPlm
     getAsteriskTags.LimmaBackgroundCorrection
     getAsteriskTags.MatNormalization getAsteriskTags.MbeiCnPlm
     getAsteriskTags.MbeiPlm getAsteriskTags.MbeiSnpPlm
     getAsteriskTags.Model getAsteriskTags.NormExpBackgroundCorrection
     getAsteriskTags.ProbeLevelModel getAsteriskTags.ProbeLevelTransform3
     getAsteriskTags.QualityAssessmentModel
     getAsteriskTags.ReseqCrosstalkCalibration getAsteriskTags.RmaCnPlm
     getAsteriskTags.RmaPlm getAsteriskTags.RmaSnpPlm
     getAsteriskTags.ScaleNormalization
     getAsteriskTags.SmoothMultiarrayModel getAsteriskTags.SmoothRmaModel
     getAsteriskTags.SmoothSaModel getAsteriskTags.SnpChipEffectGroupMerge
     getAsteriskTags.UnitModel getColumnNames.AffymetrixProbeTabFile
     getDefaultColumnNames.AromaCellMatchScoreFile
     getDefaultColumnNames.AromaUfcFile
     getDefaultFullName.AffymetrixFileSet getDefaultFullName.CnagCfhSet
     getExtensionPattern.AffymetrixCdfFile
     getExtensionPattern.AffymetrixCelFile
     getExtensionPattern.AffymetrixCnChpFile
     getExtensionPattern.AffymetrixCsvFile
     getExtensionPattern.AffymetrixPgfFile
     getExtensionPattern.AffymetrixTsvFile
     getExtensionPattern.AromaCellMatchScoreFile
     getExtensionPattern.AromaUfcFile getExtensionPattern.CnagCfhFile
     getExtensionPattern.DChipDcpFile getFileClass.FirmaSet
     getFilenameExtension.AromaCellMatchScoreFile
     getFilenameExtension.AromaUfcFile getFullName.GenericReporter
     getFullName.Model getFullName.QualityAssessmentModel
     getFullName.TransformReport getFullNames.ChipEffectSetTuple
     getHeader.AffymetrixCdfFile getHeader.AffymetrixCelFile
     getHeader.AffymetrixCnChpFile getHeader.AffymetrixPgfFile
     getHeader.AromaChipTypeAnnotationFile getHeader.CnagCfhFile
     getHeader.DChipCdfBinFile getHeader.DChipDcpFile
     getReadArguments.AffymetrixAptSummaryFile
     hasColumnHeader.AffymetrixProbeTabFile nbrOfColumns.AffymetrixCdfFile
     nbrOfColumns.AffymetrixPgfFile nbrOfRows.AffymetrixCdfFile
     nbrOfRows.AffymetrixPgfFile readDataFrame.AffymetrixCdfFile
     readDataFrame.AffymetrixCsvGenomeInformation
     readDataFrame.AffymetrixTsvFile readDataFrame.AromaUfcFile
     readDataFrame.DChipCdfBinFile readDataFrame.DChipGenomeInformation
     readDataFrame.DChipSnpInformation readDataFrame.GenomeInformation
     readDataFrame.SnpInformation readDataFrame.UflSnpInformation
     readDataFrame.UgpGenomeInformation setTags.Model
     translateColumnNames.AffymetrixAptSummaryFile
     translateColumnNames.AffymetrixProbeTabFile
     translateColumnNames.AffymetrixTabularFile
     translateFullName.AffymetrixProbeTabFile update2.AffymetrixCelSet
     verify.AffymetrixCsvGenomeInformation verify.AffymetrixTsvFile
     verify.DChipGenomeInformation verify.DChipSnpInformation
     verify.GenomeInformation verify.SnpInformation
     verify.UflSnpInformation verify.UgpGenomeInformation
     as.character.AffymetrixCdfFile as.character.AffymetrixCelFile
     as.character.AffymetrixCelSet as.character.AffymetrixCelSetReporter
     as.character.AffymetrixCnChpFile as.character.AffymetrixCnChpSet
     as.character.AffymetrixPgfFile as.character.AffymetrixProbeTabFile
     as.character.AromaChipTypeAnnotationFile as.character.ArrayExplorer
     as.character.ChipEffectFile as.character.ChipEffectSet
     as.character.CnagCfhFile as.character.CnagCfhSet
     as.character.DChipCdfBinFile as.character.DChipDcpFile
     as.character.DChipDcpSet as.character.DChipQuantileNormalization
     as.character.FirmaModel as.character.GenericReporter
     as.character.GenomeInformation as.character.Model
     as.character.ProbeAffinityFile as.character.QualityAssessmentModel
     as.character.ResidualFile as.character.ResidualSet
     as.character.SmoothMultiarrayModel as.character.SnpInformation
     as.character.SpatialReporter as.character.TransformReport
     as.character.WeightsFile as.character.WeightsSet dim.DChipDcpFile
     range.AffymetrixCelFile range.AffymetrixCelSet range.CnagCfhFile
     range.CnagCfhSet
    See section ‘Registering S3 methods’ in the ‘Writing R Extensions’
    manual.
Flavors: r-devel-linux-x86_64-debian-clang, r-devel-linux-x86_64-debian-gcc, r-devel-linux-x86_64-fedora-clang, r-devel-linux-x86_64-fedora-gcc, r-devel-osx-x86_64-clang

Version: 2.13.0
Check: package dependencies
Result: NOTE
    Packages suggested but not available for checking:
     ‘affyPLM’ ‘dChipIO’ ‘pdInfoBuilder’
Flavors: r-devel-linux-x86_64-fedora-clang, r-patched-solaris-sparc

Version: 2.13.0
Check: Rd cross-references
Result: NOTE
    Package unavailable to check Rd xrefs: ‘affyPLM’
Flavors: r-devel-linux-x86_64-fedora-clang, r-patched-solaris-sparc, r-release-osx-x86_64-snowleopard

Version: 2.13.0
Check: package dependencies
Result: NOTE
    Packages suggested but not available for checking:
     ‘dChipIO’ ‘pdInfoBuilder’
Flavors: r-devel-osx-x86_64-clang, r-patched-solaris-x86

Version: 2.13.0
Check: package dependencies
Result: NOTE
    Packages suggested but not available for checking:
     'dChipIO' 'AffymetrixDataTestFiles'
Flavors: r-devel-windows-ix86+x86_64, r-release-windows-ix86+x86_64, r-oldrel-windows-ix86+x86_64

Version: 2.13.0
Check: package dependencies
Result: NOTE
    Packages suggested but not available for checking:
     ‘affyPLM’ ‘dChipIO’ ‘oligo’ ‘pdInfoBuilder’ ‘AffymetrixDataTestFiles’
Flavor: r-release-osx-x86_64-mavericks

Version: 2.13.0
Check: Rd cross-references
Result: NOTE
    Packages unavailable to check Rd xrefs: ‘affyPLM’, ‘oligo’
Flavor: r-release-osx-x86_64-mavericks

Version: 2.13.0
Check: package dependencies
Result: NOTE
    Packages suggested but not available for checking:
     ‘affyPLM’ ‘dChipIO’ ‘pdInfoBuilder’ ‘AffymetrixDataTestFiles’
Flavor: r-release-osx-x86_64-snowleopard