CRAN Package Check Results for Package aroma.affymetrix

Last updated on 2015-05-30 08:48:29.

Flavor Version Tinstall Tcheck Ttotal Status Flags
r-devel-linux-x86_64-debian-clang 2.13.2 9.11 149.51 158.62 NOTE
r-devel-linux-x86_64-debian-gcc 2.13.2 8.67 144.63 153.30 NOTE
r-devel-linux-x86_64-fedora-clang 2.13.2 315.89 NOTE
r-devel-linux-x86_64-fedora-gcc 2.13.2 277.20 NOTE
r-devel-osx-x86_64-clang 2.13.2 256.56 NOTE
r-devel-windows-ix86+x86_64 2.13.2 34.00 183.00 217.00 NOTE
r-patched-linux-x86_64 2.13.2 9.11 146.72 155.83 NOTE
r-patched-solaris-sparc 2.13.2 1677.80 NOTE
r-patched-solaris-x86 2.13.2 342.80 NOTE
r-release-linux-x86_64 2.13.2 9.96 152.34 162.30 NOTE
r-release-osx-x86_64-mavericks 2.13.2 NOTE
r-release-osx-x86_64-snowleopard 2.13.0 ERROR
r-release-windows-ix86+x86_64 2.13.2 35.00 204.00 239.00 NOTE
r-oldrel-windows-ix86+x86_64 2.13.2 28.00 230.00 258.00 NOTE

Check Details

Version: 2.13.2
Check: package dependencies
Result: NOTE
    Package suggested but not available for checking: ‘dChipIO’
Flavors: r-devel-linux-x86_64-debian-clang, r-devel-linux-x86_64-debian-gcc, r-devel-linux-x86_64-fedora-gcc, r-patched-linux-x86_64, r-release-linux-x86_64

Version: 2.13.2
Check: package dependencies
Result: NOTE
    Packages suggested but not available for checking:
     ‘affyPLM’ ‘pdInfoBuilder’ ‘dChipIO’
Flavors: r-devel-linux-x86_64-fedora-clang, r-patched-solaris-sparc

Version: 2.13.2
Check: Rd cross-references
Result: NOTE
    Package unavailable to check Rd xrefs: ‘affyPLM’
Flavors: r-devel-linux-x86_64-fedora-clang, r-patched-solaris-sparc

Version: 2.13.2
Check: package dependencies
Result: NOTE
    Packages suggested but not available for checking:
     ‘pdInfoBuilder’ ‘dChipIO’
Flavors: r-devel-osx-x86_64-clang, r-patched-solaris-x86

Version: 2.13.2
Check: package dependencies
Result: NOTE
    Packages suggested but not available for checking:
     'AffymetrixDataTestFiles' 'dChipIO'
Flavors: r-devel-windows-ix86+x86_64, r-release-windows-ix86+x86_64, r-oldrel-windows-ix86+x86_64

Version: 2.13.2
Check: package dependencies
Result: NOTE
    Packages suggested but not available for checking:
     ‘affyPLM’ ‘oligo’ ‘pdInfoBuilder’ ‘AffymetrixDataTestFiles’ ‘dChipIO’
Flavor: r-release-osx-x86_64-mavericks

Version: 2.13.2
Check: Rd cross-references
Result: NOTE
    Packages unavailable to check Rd xrefs: ‘affyPLM’, ‘oligo’
Flavor: r-release-osx-x86_64-mavericks

Version: 2.13.0
Check: package dependencies
Result: ERROR
    Package required but not available: ‘aroma.core’
    
    Packages suggested but not available for checking:
     ‘preprocessCore’ ‘affyPLM’ ‘affy’ ‘limma’ ‘gcrma’ ‘dChipIO’
     ‘BiocGenerics’ ‘Biobase’ ‘oligo’ ‘oligoClasses’ ‘pdInfoBuilder’
     ‘aroma.light’ ‘affxparser’ ‘AffymetrixDataTestFiles’
    
    See section ‘The DESCRIPTION file’ in the ‘Writing R Extensions’
    manual.
Flavor: r-release-osx-x86_64-snowleopard