CRAN Package Check Results for Package abc

Last updated on 2014-11-23 19:47:39.

Flavor Version Tinstall Tcheck Ttotal Status Flags
r-devel-linux-x86_64-debian-clang 2.0 1.64 235.93 237.57 NOTE
r-devel-linux-x86_64-debian-gcc 2.0 2.16 259.69 261.86 NOTE
r-devel-linux-x86_64-fedora-clang 2.0 288.39 NOTE --no-build-vignettes
r-devel-linux-x86_64-fedora-gcc 2.0 299.54 NOTE --no-build-vignettes
r-devel-osx-x86_64-clang 2.0 251.94 NOTE --no-build-vignettes
r-devel-windows-ix86+x86_64 2.0 6.00 63.00 69.00 NOTE --no-vignettes
r-patched-linux-x86_64 2.0 2.47 260.53 263.00 NOTE
r-patched-solaris-sparc 2.0 596.90 NOTE --no-vignettes
r-patched-solaris-x86 2.0 770.90 NOTE
r-release-linux-ix86 2.0 2.34 387.95 390.29 NOTE
r-release-linux-x86_64 2.0 1.72 272.88 274.59 NOTE
r-release-osx-x86_64-mavericks 2.0 NOTE
r-release-osx-x86_64-snowleopard 2.0 NOTE
r-release-windows-ix86+x86_64 2.0 7.00 69.00 76.00 NOTE --no-vignettes
r-oldrel-windows-ix86+x86_64 2.0 6.00 73.00 79.00 NOTE --no-vignettes

Check Details

Version: 2.0
Check: installed package size
Result: NOTE
     installed size is 5.2Mb
     sub-directories of 1Mb or more:
     data 4.7Mb
Flavors: r-devel-linux-x86_64-debian-clang, r-devel-linux-x86_64-debian-gcc, r-patched-linux-x86_64, r-patched-solaris-x86, r-release-linux-ix86, r-release-linux-x86_64, r-release-osx-x86_64-mavericks, r-release-osx-x86_64-snowleopard

Version: 2.0
Flags: --no-build-vignettes
Check: installed package size
Result: NOTE
     installed size is 5.2Mb
     sub-directories of 1Mb or more:
     data 4.7Mb
Flavors: r-devel-linux-x86_64-fedora-clang, r-devel-linux-x86_64-fedora-gcc, r-devel-osx-x86_64-clang

Version: 2.0
Flags: --no-vignettes
Check: installed package size
Result: NOTE
     installed size is 5.2Mb
     sub-directories of 1Mb or more:
     data 4.7Mb
Flavors: r-devel-windows-ix86+x86_64, r-patched-solaris-sparc, r-release-windows-ix86+x86_64, r-oldrel-windows-ix86+x86_64