CRAN Package Check Results for Package WDI

Last updated on 2015-04-27 19:47:34.

Flavor Version Tinstall Tcheck Ttotal Status Flags
r-devel-linux-x86_64-debian-clang 2.4 0.70 14.84 15.54 NOTE
r-devel-linux-x86_64-debian-gcc 2.4 0.69 14.59 15.28 NOTE
r-devel-linux-x86_64-fedora-clang 2.4 25.30 NOTE
r-devel-linux-x86_64-fedora-gcc 2.4 22.65 NOTE
r-devel-osx-x86_64-clang 2.4 29.65 NOTE
r-devel-windows-ix86+x86_64 2.4 3.00 24.00 27.00 NOTE
r-patched-linux-x86_64 2.4 0.69 16.62 17.31 NOTE
r-patched-solaris-sparc 2.4 170.90 NOTE
r-patched-solaris-x86 2.4 37.50 NOTE
r-release-linux-x86_64 2.4 0.70 15.58 16.28 NOTE
r-release-osx-x86_64-mavericks 2.4 NOTE
r-release-osx-x86_64-snowleopard 2.4 NOTE
r-release-windows-ix86+x86_64 2.4 2.00 25.00 27.00 NOTE
r-oldrel-windows-ix86+x86_64 2.4 5.00 26.00 31.00 NOTE

Check Details

Version: 2.4
Check: DESCRIPTION meta-information
Result: NOTE
    Malformed Description field: should contain one or more complete sentences.
Flavors: r-devel-linux-x86_64-debian-clang, r-devel-linux-x86_64-debian-gcc, r-devel-linux-x86_64-fedora-clang, r-devel-linux-x86_64-fedora-gcc, r-devel-osx-x86_64-clang, r-devel-windows-ix86+x86_64, r-patched-solaris-sparc, r-patched-solaris-x86, r-release-linux-x86_64, r-release-osx-x86_64-mavericks, r-release-osx-x86_64-snowleopard, r-release-windows-ix86+x86_64

Version: 2.4
Check: dependencies in R code
Result: NOTE
    Package in Depends field not imported from: ‘RJSONIO’
     These packages need to be imported from (in the NAMESPACE file)
     for when this namespace is loaded but not attached.
Flavors: r-devel-linux-x86_64-debian-clang, r-devel-linux-x86_64-debian-gcc, r-devel-linux-x86_64-fedora-clang, r-devel-linux-x86_64-fedora-gcc, r-devel-osx-x86_64-clang, r-devel-windows-ix86+x86_64, r-patched-solaris-sparc, r-patched-solaris-x86, r-release-linux-x86_64, r-release-osx-x86_64-mavericks, r-release-osx-x86_64-snowleopard, r-release-windows-ix86+x86_64, r-oldrel-windows-ix86+x86_64

Version: 2.4
Check: R code for possible problems
Result: NOTE
    WDI: no visible binding for global variable ‘WDI_data’
    WDIcache: no visible global function definition for ‘fromJSON’
    WDIsearch: no visible binding for global variable ‘WDI_data’
Flavors: r-devel-linux-x86_64-debian-clang, r-devel-linux-x86_64-debian-gcc, r-devel-linux-x86_64-fedora-clang, r-devel-linux-x86_64-fedora-gcc, r-devel-osx-x86_64-clang, r-devel-windows-ix86+x86_64, r-patched-solaris-sparc, r-patched-solaris-x86, r-release-linux-x86_64, r-release-osx-x86_64-mavericks, r-release-osx-x86_64-snowleopard, r-release-windows-ix86+x86_64, r-oldrel-windows-ix86+x86_64