CRAN Package Check Results for Package WDI

Last updated on 2014-08-20 23:46:52.

Flavor Version Tinstall Tcheck Ttotal Status Flags
r-devel-linux-x86_64-debian-clang 2.4 0.82 18.42 19.24 NOTE
r-devel-linux-x86_64-debian-gcc 2.4 0.91 17.10 18.01 NOTE
r-devel-linux-x86_64-fedora-clang 2.4 27.70 NOTE
r-devel-linux-x86_64-fedora-gcc 2.4 26.94 NOTE
r-devel-osx-x86_64-clang 2.4 31.49 NOTE
r-devel-windows-ix86+x86_64 2.4 3.00 24.00 27.00 NOTE
r-patched-linux-x86_64 2.4 0.78 16.36 17.15 NOTE
r-patched-solaris-sparc 2.4 173.80 NOTE
r-patched-solaris-x86 2.4 40.30 NOTE
r-release-linux-ix86 2.4 1.22 27.70 28.92 NOTE
r-release-linux-x86_64 2.4 0.84 16.47 17.31 NOTE
r-release-osx-x86_64-mavericks 2.4 NOTE
r-release-osx-x86_64-snowleopard 2.4 OK
r-release-windows-ix86+x86_64 2.4 3.00 27.00 30.00 NOTE
r-oldrel-windows-ix86+x86_64 2.4 3.00 31.00 34.00 NOTE

Check Details

Version: 2.4
Check: dependencies in R code
Result: NOTE
    Package in Depends field not imported from: ‘RJSONIO’
     These packages need to be imported from (in the NAMESPACE file)
     for when this namespace is loaded but not attached.
    See the information on DESCRIPTION files in the chapter ‘Creating R
    packages’ of the ‘Writing R Extensions’ manual.
Flavors: r-devel-linux-x86_64-debian-clang, r-devel-linux-x86_64-debian-gcc, r-devel-linux-x86_64-fedora-clang, r-devel-linux-x86_64-fedora-gcc, r-devel-osx-x86_64-clang, r-devel-windows-ix86+x86_64, r-patched-linux-x86_64, r-patched-solaris-sparc, r-patched-solaris-x86, r-release-linux-ix86, r-release-linux-x86_64, r-release-osx-x86_64-mavericks, r-release-windows-ix86+x86_64, r-oldrel-windows-ix86+x86_64

Version: 2.4
Check: R code for possible problems
Result: NOTE
    WDI: no visible binding for global variable ‘WDI_data’
    WDIcache: no visible global function definition for ‘fromJSON’
    WDIsearch: no visible binding for global variable ‘WDI_data’
Flavors: r-devel-linux-x86_64-fedora-clang, r-devel-linux-x86_64-fedora-gcc, r-devel-osx-x86_64-clang