CRAN Package Check Results for Package UsingR

Last updated on 2014-04-20 22:47:08.

Flavor Version Tinstall Tcheck Ttotal Status Flags
r-devel-linux-x86_64-debian-clang 0.1-18 3.52 21.16 24.68 NOTE
r-devel-linux-x86_64-debian-gcc 0.1-18 3.61 21.37 24.98 NOTE
r-devel-linux-x86_64-fedora-clang 0.1-18 45.08 NOTE
r-devel-linux-x86_64-fedora-gcc 0.1-18 43.29 NOTE
r-devel-macosx-x86_64-clang 0.1-18 39.61 NOTE
r-devel-macosx-x86_64-gcc 0.1-18 NOTE
r-devel-windows-ix86+x86_64 0.1-18 10.00 34.00 44.00 NOTE
r-patched-linux-x86_64 0.1-18 3.34 21.42 24.77 NOTE
r-patched-solaris-sparc 0.1-18 264.40 NOTE
r-patched-solaris-x86 0.1-18 63.10 NOTE
r-release-linux-ix86 NOTE
r-release-linux-x86_64 0.1-18 3.43 20.86 24.29 NOTE
r-release-macosx-x86_64 0.1-18 NOTE
r-release-windows-ix86+x86_64 0.1-18 16.00 34.00 50.00 NOTE
r-oldrel-windows-ix86+x86_64 0.1-18 13.00 33.00 46.00 NOTE

Check Details

Version: 0.1-18
Check: dependencies in R code
Result: NOTE
    Package in Depends field not imported from: ‘MASS’
     These packages need to be imported from (in the NAMESPACE file)
     for when this namespace is loaded but not attached.
    ':::' call which should be '::': ‘tools:::startDynamicHelp’
     See the note in ?`:::` about the use of this operator.
    Unexported object imported by a ':::' call: ‘tools:::httpdPort’
     See the note in ?`:::` about the use of this operator.
    See the information on DESCRIPTION files in the chapter ‘Creating R
    packages’ of the ‘Writing R Extensions’ manual.
Flavors: r-devel-linux-x86_64-debian-clang, r-devel-linux-x86_64-debian-gcc, r-devel-linux-x86_64-fedora-clang, r-devel-linux-x86_64-fedora-gcc, r-devel-macosx-x86_64-clang, r-devel-macosx-x86_64-gcc, r-devel-windows-ix86+x86_64, r-patched-linux-x86_64, r-patched-solaris-sparc, r-patched-solaris-x86, r-release-linux-ix86, r-release-linux-x86_64, r-release-windows-ix86+x86_64, r-oldrel-windows-ix86+x86_64

Version: 0.1-18
Check: Rd line widths
Result: NOTE
    Rd file 'QQplot.Rd':
     \usage lines wider than 90 characters:
     QQplot(x, y, n = 20, xsf = 4, ysf = 4, main = "qqplot", xlab = deparse(substitute(x)), ylab = deparse(substitute(y)), pch = 16, pcol = ... [TRUNCATED]
    
    Rd file 'yahoo.get.hist.quote.Rd':
     \usage lines wider than 90 characters:
     yahoo.get.hist.quote(instrument = "^gspc", destfile = paste(instrument, ".csv", sep = ""), start, end, quote = c("Open", "High", "Low", ... [TRUNCATED]
    
    These lines will be truncated in the PDF manual.
Flavors: r-devel-linux-x86_64-fedora-clang, r-devel-linux-x86_64-fedora-gcc

Version: 0.1-18
Check: package dependencies
Result: NOTE
    Package suggested but not available for checking: ‘zoo’
Flavor: r-devel-macosx-x86_64-gcc

Version: 0.1-18
Check: R code for possible problems
Result: NOTE
    Split.zoo: no visible global function definition for ‘coredata’
    Split.zoo: no visible global function definition for ‘index’
Flavor: r-devel-macosx-x86_64-gcc

Version: 0.1-18
Check: dependencies in R code
Result: NOTE
    ':::' call which should be '::': 'tools:::startDynamicHelp'
     See the note in ?`:::` about the use of this operator.
    Unexported object imported by a ':::' call: 'tools:::httpdPort'
     See the note in ?`:::` about the use of this operator.
    See the information on DESCRIPTION files in the chapter 'Creating R
    packages' of the 'Writing R Extensions' manual.
Flavor: r-release-macosx-x86_64