CRAN Package Check Results for Package UsingR

Last updated on 2014-08-27 18:48:35.

Flavor Version Tinstall Tcheck Ttotal Status Flags
r-devel-linux-x86_64-debian-clang 2.0-1 5.04 43.89 48.94 NOTE
r-devel-linux-x86_64-debian-gcc 2.0-1 4.94 42.94 47.88 NOTE
r-devel-linux-x86_64-fedora-clang 2.0-1 97.49 NOTE
r-devel-linux-x86_64-fedora-gcc 2.0-1 95.99 NOTE
r-devel-osx-x86_64-clang 2.0-1 87.21 NOTE
r-devel-windows-ix86+x86_64 2.0-1 17.00 63.00 80.00 NOTE
r-patched-linux-x86_64 2.0-1 5.26 46.90 52.16 OK
r-patched-solaris-sparc 2.0-1 600.50 OK
r-patched-solaris-x86 2.0-1 143.80 OK
r-release-linux-ix86 2.0-1 6.82 60.67 67.50 OK
r-release-linux-x86_64 2.0-1 5.18 48.04 53.22 OK
r-release-osx-x86_64-mavericks 2.0-1 OK
r-release-osx-x86_64-snowleopard 2.0-1 OK
r-release-windows-ix86+x86_64 2.0-1 18.00 78.00 96.00 OK
r-oldrel-windows-ix86+x86_64 2.0-1 17.00 77.00 94.00 OK

Check Details

Version: 2.0-1
Check: R code for possible problems
Result: NOTE
    Split.zoo: no visible global function definition for ‘coredata’
    Split.zoo: no visible global function definition for ‘index’
Flavors: r-devel-linux-x86_64-debian-clang, r-devel-linux-x86_64-debian-gcc, r-devel-linux-x86_64-fedora-clang, r-devel-linux-x86_64-fedora-gcc, r-devel-osx-x86_64-clang, r-devel-windows-ix86+x86_64