CRAN Package Check Results for Package TBSSurvival

Last updated on 2015-03-01 19:48:18.

Flavor Version Tinstall Tcheck Ttotal Status Flags
r-devel-linux-x86_64-debian-clang 1.2 1.04 31.33 32.38 OK
r-devel-linux-x86_64-debian-gcc 1.2 0.92 30.90 31.82 OK
r-devel-linux-x86_64-fedora-clang 1.2 64.88 OK
r-devel-linux-x86_64-fedora-gcc 1.2 62.52 OK
r-devel-osx-x86_64-clang 1.2 60.58 OK
r-devel-windows-ix86+x86_64 1.2 4.00 54.00 58.00 OK
r-patched-linux-x86_64 1.2 1.45 38.08 39.53 OK
r-patched-solaris-sparc 1.2 413.60 OK
r-patched-solaris-x86 1.2 98.10 OK
r-release-linux-ix86 1.2 1.94 49.68 51.62 OK
r-release-linux-x86_64 1.2 1.41 37.99 39.40 OK
r-release-osx-x86_64-mavericks 1.2 OK
r-release-osx-x86_64-snowleopard 1.2 OK
r-release-windows-ix86+x86_64 1.2 7.00 68.00 75.00 OK
r-oldrel-windows-ix86+x86_64 1.1 6.00 68.00 74.00 NOTE

Check Details

Version: 1.1
Check: dependencies in R code
Result: NOTE
    Packages in Depends field not imported from:
     'BMS' 'R.utils' 'coda' 'mcmc' 'normalp' 'survival'
     These packages need to be imported from (in the NAMESPACE file)
     for when this namespace is loaded but not attached.
    See the information on DESCRIPTION files in the chapter 'Creating R
    packages' of the 'Writing R Extensions' manual.
Flavor: r-oldrel-windows-ix86+x86_64