CRAN Package Check Results for Package TBSSurvival

Last updated on 2014-12-19 01:48:31.

Flavor Version Tinstall Tcheck Ttotal Status Flags
r-devel-linux-x86_64-debian-clang 1.1 1.49 39.58 41.07 NOTE
r-devel-linux-x86_64-debian-gcc 1.1 1.37 37.46 38.83 NOTE
r-devel-linux-x86_64-fedora-clang 1.1 82.99 NOTE
r-devel-linux-x86_64-fedora-gcc 1.1 74.81 NOTE
r-devel-osx-x86_64-clang 1.1 71.14 NOTE
r-devel-windows-ix86+x86_64 1.1 6.00 67.00 73.00 NOTE
r-patched-linux-x86_64 1.1 2.11 39.72 41.83 NOTE
r-patched-solaris-sparc 1.1 439.50 NOTE
r-patched-solaris-x86 1.1 101.20 NOTE
r-release-linux-ix86 1.1 1.93 47.76 49.70 NOTE
r-release-linux-x86_64 1.1 1.40 37.68 39.08 NOTE
r-release-osx-x86_64-mavericks 1.1 NOTE
r-release-osx-x86_64-snowleopard 1.1 NOTE
r-release-windows-ix86+x86_64 1.1 7.00 70.00 77.00 NOTE
r-oldrel-windows-ix86+x86_64 1.1 6.00 71.00 77.00 NOTE

Check Details

Version: 1.1
Check: package dependencies
Result: NOTE
    Depends: includes the non-default packages:
     ‘mcmc’ ‘coda’ ‘survival’ ‘normalp’ ‘R.utils’ ‘BMS’
    Adding so many packages to the search path is excessive and importing
    selectively is preferable.
Flavors: r-devel-linux-x86_64-debian-clang, r-devel-linux-x86_64-debian-gcc, r-devel-linux-x86_64-fedora-clang, r-devel-linux-x86_64-fedora-gcc, r-devel-osx-x86_64-clang, r-devel-windows-ix86+x86_64, r-patched-linux-x86_64, r-patched-solaris-sparc, r-patched-solaris-x86, r-release-linux-ix86, r-release-linux-x86_64, r-release-osx-x86_64-mavericks, r-release-osx-x86_64-snowleopard, r-release-windows-ix86+x86_64

Version: 1.1
Check: top-level files
Result: NOTE
    Non-standard file/directory found at top level:
     ‘AUTHORS’
    Authors information should be in file inst/AUTHORS
Flavors: r-devel-linux-x86_64-debian-clang, r-devel-linux-x86_64-debian-gcc, r-devel-linux-x86_64-fedora-clang, r-devel-linux-x86_64-fedora-gcc, r-patched-linux-x86_64, r-release-linux-x86_64

Version: 1.1
Check: dependencies in R code
Result: NOTE
    Packages in Depends field not imported from:
     ‘BMS’ ‘R.utils’ ‘coda’ ‘mcmc’ ‘normalp’ ‘survival’
     These packages need to be imported from (in the NAMESPACE file)
     for when this namespace is loaded but not attached.
    See the information on DESCRIPTION files in the chapter ‘Creating R
    packages’ of the ‘Writing R Extensions’ manual.
Flavors: r-devel-linux-x86_64-debian-clang, r-devel-linux-x86_64-debian-gcc, r-devel-linux-x86_64-fedora-clang, r-devel-linux-x86_64-fedora-gcc, r-devel-osx-x86_64-clang, r-devel-windows-ix86+x86_64, r-patched-linux-x86_64, r-patched-solaris-sparc, r-patched-solaris-x86, r-release-linux-ix86, r-release-linux-x86_64, r-release-osx-x86_64-mavericks, r-release-windows-ix86+x86_64, r-oldrel-windows-ix86+x86_64

Version: 1.1
Check: R code for possible problems
Result: NOTE
    .deriv.tbs: no visible global function definition for ‘f21hyper’
    .tbs.survreg: no visible global function definition for
     ‘evalWithTimeout’
    .tbs.survreg: no visible global function definition for ‘gosolnp’
    dist.error : <anonymous>: no visible global function definition for
     ‘dnormp’
    dist.error : <anonymous>: no visible global function definition for
     ‘pnormp’
    dist.error : <anonymous>: no visible global function definition for
     ‘qnormp’
    dist.error : <anonymous>: no visible global function definition for
     ‘rnormp’
    tbs.survreg.be: no visible global function definition for
     ‘evalWithTimeout’
    tbs.survreg.be: no visible global function definition for ‘metrop’
    tbs.survreg.be: no visible global function definition for ‘HPDinterval’
    tbs.survreg.be: no visible global function definition for ‘as.mcmc’
Flavors: r-devel-linux-x86_64-debian-clang, r-devel-linux-x86_64-debian-gcc, r-devel-linux-x86_64-fedora-clang, r-devel-linux-x86_64-fedora-gcc, r-devel-osx-x86_64-clang, r-devel-windows-ix86+x86_64, r-patched-linux-x86_64, r-patched-solaris-sparc, r-patched-solaris-x86, r-release-linux-ix86, r-release-linux-x86_64, r-release-windows-ix86+x86_64

Version: 1.1
Check: Rd line widths
Result: NOTE
    Rd file 'tbs.survreg.be.Rd':
     \usage lines wider than 90 characters:
     tbs.survreg.be(formula, dist=dist.error("norm"),max.time = -1, guess.beta = NULL, guess.lambda = 1,
    
    These lines will be truncated in the PDF manual.
Flavors: r-devel-linux-x86_64-debian-clang, r-devel-linux-x86_64-debian-gcc, r-devel-linux-x86_64-fedora-clang, r-devel-linux-x86_64-fedora-gcc, r-patched-linux-x86_64, r-release-linux-x86_64