CRAN Package Check Results for Package Rjms

Last updated on 2014-08-23 13:48:06.

Flavor Version Tinstall Tcheck Ttotal Status Flags
r-devel-linux-x86_64-debian-clang 0.0.5 1.84 20.90 22.74 NOTE
r-devel-linux-x86_64-debian-gcc 0.0.5 1.71 20.29 22.00 NOTE
r-devel-linux-x86_64-fedora-clang 0.0.5 47.12 NOTE
r-devel-linux-x86_64-fedora-gcc 0.0.5 43.14 NOTE
r-devel-osx-x86_64-clang 0.0.5 45.09 NOTE
r-devel-windows-ix86+x86_64 0.0.5 5.00 35.00 40.00 NOTE
r-patched-linux-x86_64 0.0.5 1.74 20.78 22.52 NOTE
r-patched-solaris-sparc 0.0.5 269.50 NOTE
r-patched-solaris-x86 0.0.5 66.70 NOTE
r-release-linux-ix86 0.0.5 2.20 27.71 29.91 NOTE
r-release-linux-x86_64 0.0.5 1.88 21.27 23.14 NOTE
r-release-osx-x86_64-mavericks 0.0.5 NOTE
r-release-osx-x86_64-snowleopard 0.0.5 NOTE
r-release-windows-ix86+x86_64 0.0.5 7.00 36.00 43.00 NOTE
r-oldrel-windows-ix86+x86_64 0.0.5 5.00 37.00 42.00 NOTE

Check Details

Version: 0.0.5
Check: DESCRIPTION meta-information
Result: NOTE
    Packages listed in more than one of Depends, Imports, Suggests, Enhances:
     ‘rJava’ ‘Rjmsjars’
    A package should be listed in only one of these fields.
Flavors: r-devel-linux-x86_64-debian-clang, r-devel-linux-x86_64-debian-gcc, r-devel-linux-x86_64-fedora-clang, r-devel-linux-x86_64-fedora-gcc, r-devel-osx-x86_64-clang, r-devel-windows-ix86+x86_64, r-patched-linux-x86_64, r-patched-solaris-sparc, r-patched-solaris-x86, r-release-linux-ix86, r-release-linux-x86_64, r-release-osx-x86_64-mavericks, r-release-osx-x86_64-snowleopard, r-release-windows-ix86+x86_64, r-oldrel-windows-ix86+x86_64