CRAN Package Check Results for Package RfmriVC

Last updated on 2014-11-29 03:52:02.

Flavor Version Tinstall Tcheck Ttotal Status Flags
r-devel-linux-x86_64-debian-clang 1.0.4 3.61 40.40 44.01 NOTE
r-devel-linux-x86_64-debian-gcc 1.0.4 3.69 38.35 42.04 NOTE
r-devel-linux-x86_64-fedora-clang 1.0.4 106.48 NOTE
r-devel-linux-x86_64-fedora-gcc 1.0.4 111.48 NOTE
r-devel-osx-x86_64-clang 1.0.4 87.02 NOTE
r-devel-windows-ix86+x86_64 1.0.4 10.00 57.00 67.00 NOTE
r-patched-linux-x86_64 1.0.4 3.74 41.45 45.19 NOTE
r-patched-solaris-sparc 1.0.4 548.60 NOTE
r-patched-solaris-x86 1.0.4 134.40 NOTE
r-release-linux-ix86 1.0.4 4.32 48.90 53.22 NOTE
r-release-linux-x86_64 1.0.4 3.93 42.64 46.57 NOTE
r-release-osx-x86_64-mavericks 1.0.4 NOTE
r-release-osx-x86_64-snowleopard 1.0.4 NOTE
r-release-windows-ix86+x86_64 1.0.4 11.00 63.00 74.00 NOTE
r-oldrel-windows-ix86+x86_64 1.0.4 10.00 57.00 67.00 NOTE

Check Details

Version: 1.0.4
Check: dependencies in R code
Result: NOTE
    'library' or 'require' call to ‘Rniftilib’ which was already attached by Depends.
     Please remove these calls from your code.
    Packages in Depends field not imported from:
     ‘Rniftilib’ ‘methods’ ‘mgcv’ ‘mvtnorm’ ‘splines’
     These packages need to be imported from (in the NAMESPACE file)
     for when this namespace is loaded but not attached.
    See the information on DESCRIPTION files in the chapter ‘Creating R
    packages’ of the ‘Writing R Extensions’ manual.
Flavors: r-devel-linux-x86_64-debian-clang, r-devel-linux-x86_64-debian-gcc, r-devel-linux-x86_64-fedora-clang, r-devel-linux-x86_64-fedora-gcc, r-devel-osx-x86_64-clang, r-devel-windows-ix86+x86_64, r-patched-linux-x86_64, r-patched-solaris-sparc, r-patched-solaris-x86, r-release-linux-ix86, r-release-linux-x86_64, r-release-windows-ix86+x86_64

Version: 1.0.4
Check: R code for possible problems
Result: NOTE
    E.design: no visible global function definition for ‘bs’
    fc.gamma.k: no visible global function definition for ‘rmvnorm’
    fc.zeta: no visible global function definition for ‘rmvnorm’
    loadConfig: no visible global function definition for
     ‘nifti.image.read’
    loadResults: no visible global function definition for
     ‘nifti.image.read’
    doFmriVC.Bayes,ConfigVC: no visible global function definition for
     ‘nifti.image.new’
    doFmriVC.Bayes,ConfigVC: no visible global function definition for
     ‘nifti.image.alloc.data’
    doFmriVC.Classical,ConfigVC: no visible global function definition for
     ‘nifti.image.new’
    doFmriVC.Classical,ConfigVC: no visible global function definition for
     ‘nifti.image.alloc.data’
    doFmriVC.Classical,ConfigVC: no visible global function definition for
     ‘magic’
Flavors: r-devel-linux-x86_64-debian-clang, r-devel-linux-x86_64-debian-gcc, r-devel-linux-x86_64-fedora-clang, r-devel-linux-x86_64-fedora-gcc, r-devel-osx-x86_64-clang, r-devel-windows-ix86+x86_64, r-patched-linux-x86_64, r-patched-solaris-sparc, r-patched-solaris-x86, r-release-linux-ix86, r-release-linux-x86_64, r-release-windows-ix86+x86_64

Version: 1.0.4
Check: dependencies in R code
Result: NOTE
    'library' or 'require' call to ‘Rniftilib’ which was already attached by Depends.
     Please remove these calls from your code.
    Packages in Depends field not imported from:
     ‘Rniftilib’ ‘methods’ ‘mgcv’ ‘mvtnorm’
     These packages need to be imported from (in the NAMESPACE file)
     for when this namespace is loaded but not attached.
    See the information on DESCRIPTION files in the chapter ‘Creating R
    packages’ of the ‘Writing R Extensions’ manual.
Flavors: r-release-osx-x86_64-mavericks, r-oldrel-windows-ix86+x86_64

Version: 1.0.4
Check: dependencies in R code
Result: NOTE
    'library' or 'require' call to 'Rniftilib' which was already attached by Depends.
     Please remove these calls from your code.
    See the information on DESCRIPTION files in the chapter 'Creating R
    packages' of the 'Writing R Extensions' manual.
Flavor: r-release-osx-x86_64-snowleopard