CRAN Package Check Results for Package RfmriVC

Last updated on 2014-07-24 21:48:49.

Flavor Version Tinstall Tcheck Ttotal Status Flags
r-devel-linux-x86_64-debian-clang 1.0.4 3.78 41.07 44.85 NOTE
r-devel-linux-x86_64-debian-gcc 1.0.4 3.68 39.45 43.13 NOTE
r-devel-linux-x86_64-fedora-clang 1.0.4 109.81 NOTE
r-devel-linux-x86_64-fedora-gcc 1.0.4 103.31 NOTE
r-devel-osx-x86_64-clang 1.0.4 81.77 NOTE
r-devel-windows-ix86+x86_64 1.0.4 10.00 59.00 69.00 NOTE
r-patched-linux-x86_64 1.0.4 3.81 39.92 43.73 NOTE
r-patched-solaris-sparc 1.0.4 555.40 NOTE
r-patched-solaris-x86 1.0.4 134.30 NOTE
r-release-linux-ix86 1.0.4 4.53 51.10 55.62 NOTE
r-release-linux-x86_64 1.0.4 3.85 41.22 45.07 NOTE
r-release-osx-x86_64-mavericks 1.0.4 NOTE
r-release-osx-x86_64-snowleopard 1.0.4 NOTE
r-release-windows-ix86+x86_64 1.0.4 11.00 58.00 69.00 NOTE
r-oldrel-windows-ix86+x86_64 1.0.4 10.00 58.00 68.00 NOTE

Check Details

Version: 1.0.4
Check: dependencies in R code
Result: NOTE
    'library' or 'require' call to ‘Rniftilib’ which was already attached by Depends.
     Please remove these calls from your code.
    Packages in Depends field not imported from:
     ‘Rniftilib’ ‘methods’ ‘mgcv’ ‘mvtnorm’
     These packages need to be imported from (in the NAMESPACE file)
     for when this namespace is loaded but not attached.
    See the information on DESCRIPTION files in the chapter ‘Creating R
    packages’ of the ‘Writing R Extensions’ manual.
Flavors: r-devel-linux-x86_64-debian-clang, r-devel-linux-x86_64-debian-gcc, r-devel-linux-x86_64-fedora-clang, r-devel-linux-x86_64-fedora-gcc, r-devel-osx-x86_64-clang, r-devel-windows-ix86+x86_64, r-patched-linux-x86_64, r-patched-solaris-sparc, r-patched-solaris-x86, r-release-linux-ix86, r-release-linux-x86_64, r-release-osx-x86_64-mavericks, r-release-windows-ix86+x86_64, r-oldrel-windows-ix86+x86_64

Version: 1.0.4
Check: dependencies in R code
Result: NOTE
    'library' or 'require' call to 'Rniftilib' which was already attached by Depends.
     Please remove these calls from your code.
    See the information on DESCRIPTION files in the chapter 'Creating R
    packages' of the 'Writing R Extensions' manual.
Flavor: r-release-osx-x86_64-snowleopard