CRAN Package Check Results for Package RcmdrPlugin.coin

Last updated on 2015-04-22 02:48:35.

Flavor Version Tinstall Tcheck Ttotal Status Flags
r-devel-linux-x86_64-debian-clang 1.0-22 4.88 55.10 59.98 OK
r-devel-linux-x86_64-debian-gcc 1.0-22 4.83 53.43 58.26 OK
r-devel-linux-x86_64-fedora-clang 1.0-22 124.47 OK
r-devel-linux-x86_64-fedora-gcc 1.0-22 123.42 OK
r-devel-osx-x86_64-clang 1.0-22 115.65 OK
r-devel-windows-ix86+x86_64 1.0-22 36.00 70.00 106.00 OK
r-patched-linux-x86_64 1.0-22 4.74 54.02 58.75 OK
r-patched-solaris-sparc 1.0-22 701.90 OK
r-patched-solaris-x86 1.0-22 168.90 OK
r-release-linux-x86_64 1.0-22 4.67 53.14 57.81 OK
r-release-osx-x86_64-mavericks 1.0-22 OK
r-release-osx-x86_64-snowleopard 1.0-22 ERROR
r-release-windows-ix86+x86_64 1.0-22 42.00 74.00 116.00 OK
r-oldrel-windows-ix86+x86_64 1.0-22 64.00 152.00 216.00 OK

Check Details

Version: 1.0-22
Check: package dependencies
Result: ERROR
    Packages required but not available: ‘Rcmdr’ ‘multcomp’
    
    See section ‘The DESCRIPTION file’ in the ‘Writing R Extensions’
    manual.
Flavor: r-release-osx-x86_64-snowleopard