CRAN Package Check Results for Package RcmdrPlugin.coin

Last updated on 2014-07-30 09:47:56.

Flavor Version Tinstall Tcheck Ttotal Status Flags
r-devel-linux-x86_64-debian-clang 1.0-21 1.73 27.27 29.00 NOTE
r-devel-linux-x86_64-debian-gcc 1.0-21 1.70 27.38 29.08 NOTE
r-devel-linux-x86_64-fedora-clang 1.0-21 59.47 NOTE
r-devel-linux-x86_64-fedora-gcc 1.0-21 56.55 NOTE
r-devel-osx-x86_64-clang 1.0-21 58.06 NOTE
r-devel-windows-ix86+x86_64 1.0-21 26.00 57.00 83.00 NOTE
r-patched-linux-x86_64 1.0-21 1.88 27.34 29.22 NOTE
r-patched-solaris-sparc 1.0-21 331.00 NOTE
r-patched-solaris-x86 1.0-21 85.50 NOTE
r-release-linux-ix86 1.0-21 2.44 36.82 39.26 NOTE
r-release-linux-x86_64 1.0-21 1.85 28.23 30.08 NOTE
r-release-osx-x86_64-mavericks 1.0-21 NOTE
r-release-osx-x86_64-snowleopard 1.0-21 NOTE
r-release-windows-ix86+x86_64 1.0-21 21.00 58.00 79.00 NOTE
r-oldrel-windows-ix86+x86_64 1.0-21 20.00 60.00 80.00 NOTE

Check Details

Version: 1.0-21
Check: dependencies in R code
Result: NOTE
    'library' or 'require' calls to packages already attached by Depends:
     multcomp survival
     Please remove these calls from your code.
    See the information on DESCRIPTION files in the chapter Creating R
    packages of the Writing R Extensions manual.
Flavors: r-devel-linux-x86_64-debian-clang, r-devel-linux-x86_64-debian-gcc, r-devel-linux-x86_64-fedora-clang, r-devel-linux-x86_64-fedora-gcc, r-devel-osx-x86_64-clang, r-devel-windows-ix86+x86_64, r-patched-linux-x86_64, r-patched-solaris-sparc, r-patched-solaris-x86, r-release-linux-ix86, r-release-linux-x86_64, r-release-osx-x86_64-mavericks, r-release-osx-x86_64-snowleopard, r-release-windows-ix86+x86_64, r-oldrel-windows-ix86+x86_64

Version: 1.0-21
Check: R code for possible problems
Result: NOTE
    enterTableMHTest: no visible binding for global variable top
    enterTableMHTest : onOK: no visible binding for global variable
     percentsVariable
    enterTableMHTest : onOK: no visible binding for global variable
     testVariable
    enterTableMHTest : onOK: no visible binding for global variable
     .Table
    enterTableMHTest: no visible binding for global variable
     percentsFrame
    enterTableMHTest: no visible binding for global variable testFrame
    enterTableMHTest: no visible binding for global variable buttonsFrame
    fncCoinAnsariBradleyTest: no visible binding for global variable top
    fncCoinAnsariBradleyTest : onOK: no visible binding for global variable
     alternativeVariable
    fncCoinAnsariBradleyTest : onOK: no visible binding for global variable
     testVariable
    fncCoinAnsariBradleyTest : onOK: no visible binding for global variable
     subsetVariable
    fncCoinAnsariBradleyTest : onOK: no visible binding for global variable
     tiesmethodVariable
    fncCoinAnsariBradleyTest: no visible binding for global variable
     alternativeFrame
    fncCoinAnsariBradleyTest: no visible binding for global variable
     testFrame
    fncCoinAnsariBradleyTest: no visible binding for global variable
     tiesmethodFrame
    fncCoinAnsariBradleyTest: no visible binding for global variable
     subsetFrame
    fncCoinAnsariBradleyTest: no visible binding for global variable
     buttonsFrame
    fncCoinCochraneMHTest: no visible binding for global variable top
    fncCoinCochraneMHTest : onOK: no visible binding for global variable
     percentsVariable
    fncCoinCochraneMHTest : onOK: no visible binding for global variable
     subsetVariable
    fncCoinCochraneMHTest : onOK: no visible binding for global variable
     .Table
    fncCoinCochraneMHTest: no visible binding for global variable
     percentsFrame
    fncCoinCochraneMHTest: no visible binding for global variable
     subsetFrame
    fncCoinCochraneMHTest: no visible binding for global variable
     buttonsFrame
    fncCoinFlignerKilleenTest: no visible binding for global variable top
    fncCoinFlignerKilleenTest : onOK: no visible binding for global
     variable alternativeVariable
    fncCoinFlignerKilleenTest : onOK: no visible binding for global
     variable testVariable
    fncCoinFlignerKilleenTest : onOK: no visible binding for global
     variable subsetVariable
    fncCoinFlignerKilleenTest : onOK: no visible binding for global
     variable tiesmethodVariable
    fncCoinFlignerKilleenTest: no visible binding for global variable
     alternativeFrame
    fncCoinFlignerKilleenTest: no visible binding for global variable
     testFrame
    fncCoinFlignerKilleenTest: no visible binding for global variable
     tiesmethodFrame
    fncCoinFlignerKilleenTest: no visible binding for global variable
     subsetFrame
    fncCoinFlignerKilleenTest: no visible binding for global variable
     buttonsFrame
    fncCoinFriedmanTest: no visible binding for global variable top
    fncCoinFriedmanTest : onOK: no visible binding for global variable
     subsetVariable
    fncCoinFriedmanTest : onOK: no visible binding for global variable
     testVariable
    fncCoinFriedmanTest : onOK: no visible binding for global variable
     objGlobalPValue
    fncCoinFriedmanTest: no visible binding for global variable testFrame
    fncCoinFriedmanTest: no visible binding for global variable
     subsetFrame
    fncCoinFriedmanTest: no visible binding for global variable
     buttonsFrame
    fncCoinKruskalWallisTest: no visible binding for global variable top
    fncCoinKruskalWallisTest : onOK: no visible binding for global variable
     subsetVariable
    fncCoinKruskalWallisTest : onOK: no visible binding for global variable
     testVariable
    fncCoinKruskalWallisTest : onOK: no visible binding for global variable
     NDWD
    fncCoinKruskalWallisTest: no visible binding for global variable
     testFrame
    fncCoinKruskalWallisTest: no visible binding for global variable
     subsetFrame
    fncCoinKruskalWallisTest: no visible binding for global variable
     buttonsFrame
    fncCoinMHTest: no visible binding for global variable top
    fncCoinMHTest: no visible binding for global variable subsetVariable
    fncCoinMHTest : onOK: no visible binding for global variable
     .bolEqualNbLevels
    fncCoinMHTest : onOK: no visible binding for global variable
     .bolEqualLevels
    fncCoinMHTest : onOK: no visible binding for global variable
     percentsVariable
    fncCoinMHTest : onOK: no visible binding for global variable
     testVariable
    fncCoinMHTest : onOK: no visible binding for global variable .Test
    fncCoinMHTest : onOK: no visible binding for global variable .Table
    fncCoinMHTest: no visible binding for global variable percentsFrame
    fncCoinMHTest: no visible binding for global variable testFrame
    fncCoinMHTest: no visible binding for global variable subsetFrame
    fncCoinMHTest: no visible binding for global variable buttonsFrame
    fncCoinMaxstatSurvTest : onOK: no visible binding for global variable
     subsetVariable
    fncCoinMaxstatSurvTest: no visible binding for global variable top
    fncCoinMaxstatSurvTest: no visible binding for global variable
     subsetFrame
    fncCoinMaxstatSurvTest: no visible binding for global variable
     buttonsFrame
    fncCoinMaxstatTest: no visible binding for global variable top
    fncCoinMaxstatTest : onOK: no visible binding for global variable
     testVariable
    fncCoinMaxstatTest : onOK: no visible binding for global variable
     subsetVariable
    fncCoinMaxstatTest: no visible binding for global variable testFrame
    fncCoinMaxstatTest: no visible binding for global variable
     subsetFrame
    fncCoinMaxstatTest: no visible binding for global variable
     buttonsFrame
    fncCoinMedianTest: no visible binding for global variable top
    fncCoinMedianTest : onOK: no visible binding for global variable
     alternativeVariable
    fncCoinMedianTest : onOK: no visible binding for global variable
     testVariable
    fncCoinMedianTest : onOK: no visible binding for global variable
     subsetVariable
    fncCoinMedianTest: no visible binding for global variable
     alternativeFrame
    fncCoinMedianTest: no visible binding for global variable testFrame
    fncCoinMedianTest: no visible binding for global variable subsetFrame
    fncCoinMedianTest: no visible binding for global variable
     buttonsFrame
    fncCoinNormalTest: no visible binding for global variable top
    fncCoinNormalTest : onOK: no visible binding for global variable
     alternativeVariable
    fncCoinNormalTest : onOK: no visible binding for global variable
     testVariable
    fncCoinNormalTest : onOK: no visible binding for global variable
     subsetVariable
    fncCoinNormalTest: no visible binding for global variable
     alternativeFrame
    fncCoinNormalTest: no visible binding for global variable testFrame
    fncCoinNormalTest: no visible binding for global variable subsetFrame
    fncCoinNormalTest: no visible binding for global variable
     buttonsFrame
    fncCoinPairedWilcoxonTest: no visible binding for global variable top
    fncCoinPairedWilcoxonTest : onOK: no visible binding for global
     variable zeromethodVariable
    fncCoinPairedWilcoxonTest : onOK: no visible binding for global
     variable alternativeVariable
    fncCoinPairedWilcoxonTest : onOK: no visible binding for global
     variable subsetVariable
    fncCoinPairedWilcoxonTest : onOK: no visible binding for global
     variable testVariable
    fncCoinPairedWilcoxonTest: no visible binding for global variable
     alternativeFrame
    fncCoinPairedWilcoxonTest: no visible binding for global variable
     testFrame
    fncCoinPairedWilcoxonTest: no visible binding for global variable
     zeromethodFrame
    fncCoinPairedWilcoxonTest: no visible binding for global variable
     subsetFrame
    fncCoinPairedWilcoxonTest: no visible binding for global variable
     buttonsFrame
    fncCoinSpearmanTest: no visible binding for global variable top
    fncCoinSpearmanTest : onOK: no visible binding for global variable
     subsetVariable
    fncCoinSpearmanTest : onOK: no visible binding for global variable
     testVariable
    fncCoinSpearmanTest: no visible binding for global variable testFrame
    fncCoinSpearmanTest: no visible binding for global variable
     subsetFrame
    fncCoinSpearmanTest: no visible binding for global variable
     buttonsFrame
    fncCoinSurvTest : onOK: no visible binding for global variable
     tiesmethodVariable
    fncCoinSurvTest : onOK: no visible binding for global variable
     testVariable
    fncCoinSurvTest : onOK: no visible binding for global variable
     subsetVariable
    fncCoinSurvTest: no visible binding for global variable top
    fncCoinSurvTest: no visible binding for global variable
     tiesmethodFrame
    fncCoinSurvTest: no visible binding for global variable testFrame
    fncCoinSurvTest: no visible binding for global variable subsetFrame
    fncCoinSurvTest: no visible binding for global variable buttonsFrame
    fncCoinTwoSamplePermutationTest: no visible binding for global variable
     top
    fncCoinTwoSamplePermutationTest : onOK: no visible binding for global
     variable alternativeVariable
    fncCoinTwoSamplePermutationTest : onOK: no visible binding for global
     variable testVariable
    fncCoinTwoSamplePermutationTest : onOK: no visible binding for global
     variable subsetVariable
    fncCoinTwoSamplePermutationTest: no visible binding for global variable
     alternativeFrame
    fncCoinTwoSamplePermutationTest: no visible binding for global variable
     testFrame
    fncCoinTwoSamplePermutationTest: no visible binding for global variable
     subsetFrame
    fncCoinTwoSamplePermutationTest: no visible binding for global variable
     buttonsFrame
    fncCoinTwoSampleWilcoxonTest: no visible binding for global variable
     top
    fncCoinTwoSampleWilcoxonTest : onOK: no visible binding for global
     variable twoSampleWilcoxonTest
    fncCoinTwoSampleWilcoxonTest : onOK: no visible binding for global
     variable alternativeVariable
    fncCoinTwoSampleWilcoxonTest : onOK: no visible binding for global
     variable zeromethodVariable
    fncCoinTwoSampleWilcoxonTest : onOK: no visible binding for global
     variable testVariable
    fncCoinTwoSampleWilcoxonTest : onOK: no visible binding for global
     variable subsetVariable
    fncCoinTwoSampleWilcoxonTest: no visible binding for global variable
     alternativeFrame
    fncCoinTwoSampleWilcoxonTest: no visible binding for global variable
     testFrame
    fncCoinTwoSampleWilcoxonTest: no visible binding for global variable
     zeromethodFrame
    fncCoinTwoSampleWilcoxonTest: no visible binding for global variable
     subsetFrame
    fncCoinTwoSampleWilcoxonTest: no visible binding for global variable
     buttonsFrame
    fncCoinTwoWayTable: no visible binding for global variable top
    fncCoinTwoWayTable : onOK: no visible binding for global variable
     percentsVariable
    fncCoinTwoWayTable : onOK: no visible binding for global variable
     chisqTestVariable
    fncCoinTwoWayTable : onOK: no visible binding for global variable
     chisqComponentsVariable
    fncCoinTwoWayTable : onOK: no visible binding for global variable
     expFreqVariable
    fncCoinTwoWayTable : onOK: no visible binding for global variable
     adjPvalVariable
    fncCoinTwoWayTable : onOK: no visible binding for global variable
     lblTestVariable
    fncCoinTwoWayTable : onOK: no visible binding for global variable
     fisherTestVariable
    fncCoinTwoWayTable : onOK: no visible binding for global variable
     subsetVariable
    fncCoinTwoWayTable : onOK: no visible binding for global variable
     .Test
    fncCoinTwoWayTable : onOK: no visible binding for global variable
     .Table
    fncCoinTwoWayTable: no visible binding for global variable
     percentsFrame
    fncCoinTwoWayTable: no visible binding for global variable testsFrame
    fncCoinTwoWayTable: no visible binding for global variable
     subsetFrame
    fncCoinTwoWayTable: no visible binding for global variable
     buttonsFrame
    
    Found the following assignments to the global environment:
    File RcmdrPlugin.coin/R/fncCoinCochraneMHTest.R :
     assign(".Table", justDoIt(command), envir = .GlobalEnv)
    File RcmdrPlugin.coin/R/fncCoinMHTest.R :
     assign(".Table", justDoIt(command), envir = .GlobalEnv)
     assign(".bolEqualNbLevels", justDoIt(command), envir = .GlobalEnv)
     assign(".bolEqualLevels", justDoIt(command), envir = .GlobalEnv)
     assign(".Table", justDoIt(command), envir = .GlobalEnv)
    File RcmdrPlugin.coin/R/fncCoinTwoWayTable.R :
     assign(".Table", justDoIt(command), envir = .GlobalEnv)
     assign(".Test", justDoIt(command), envir = .GlobalEnv)
Flavors: r-devel-linux-x86_64-debian-clang, r-devel-linux-x86_64-debian-gcc, r-devel-linux-x86_64-fedora-clang, r-devel-osx-x86_64-clang, r-patched-linux-x86_64, r-release-linux-ix86, r-release-linux-x86_64

Version: 1.0-21
Check: R code for possible problems
Result: NOTE
    enterTableMHTest: no visible binding for global variable top
    enterTableMHTest : onOK: no visible binding for global variable
     percentsVariable
    enterTableMHTest : onOK: no visible binding for global variable
     testVariable
    enterTableMHTest : onOK: no visible binding for global variable
     .Table
    enterTableMHTest: no visible binding for global variable
     percentsFrame
    enterTableMHTest: no visible binding for global variable testFrame
    enterTableMHTest: no visible binding for global variable buttonsFrame
    fncCoinAnsariBradleyTest: no visible binding for global variable top
    fncCoinAnsariBradleyTest : onOK: no visible binding for global variable
     alternativeVariable
    fncCoinAnsariBradleyTest : onOK: no visible binding for global variable
     testVariable
    fncCoinAnsariBradleyTest : onOK: no visible binding for global variable
     subsetVariable
    fncCoinAnsariBradleyTest : onOK: no visible binding for global variable
     tiesmethodVariable
    fncCoinAnsariBradleyTest: no visible binding for global variable
     alternativeFrame
    fncCoinAnsariBradleyTest: no visible binding for global variable
     testFrame
    fncCoinAnsariBradleyTest: no visible binding for global variable
     tiesmethodFrame
    fncCoinAnsariBradleyTest: no visible binding for global variable
     subsetFrame
    fncCoinAnsariBradleyTest: no visible binding for global variable
     buttonsFrame
    fncCoinCochraneMHTest: no visible binding for global variable top
    fncCoinCochraneMHTest : onOK: no visible binding for global variable
     percentsVariable
    fncCoinCochraneMHTest : onOK: no visible binding for global variable
     subsetVariable
    fncCoinCochraneMHTest : onOK: no visible binding for global variable
     .Table
    fncCoinCochraneMHTest: no visible binding for global variable
     percentsFrame
    fncCoinCochraneMHTest: no visible binding for global variable
     subsetFrame
    fncCoinCochraneMHTest: no visible binding for global variable
     buttonsFrame
    fncCoinFlignerKilleenTest: no visible binding for global variable top
    fncCoinFlignerKilleenTest : onOK: no visible binding for global
     variable alternativeVariable
    fncCoinFlignerKilleenTest : onOK: no visible binding for global
     variable testVariable
    fncCoinFlignerKilleenTest : onOK: no visible binding for global
     variable subsetVariable
    fncCoinFlignerKilleenTest : onOK: no visible binding for global
     variable tiesmethodVariable
    fncCoinFlignerKilleenTest: no visible binding for global variable
     alternativeFrame
    fncCoinFlignerKilleenTest: no visible binding for global variable
     testFrame
    fncCoinFlignerKilleenTest: no visible binding for global variable
     tiesmethodFrame
    fncCoinFlignerKilleenTest: no visible binding for global variable
     subsetFrame
    fncCoinFlignerKilleenTest: no visible binding for global variable
     buttonsFrame
    fncCoinFriedmanTest: no visible binding for global variable top
    fncCoinFriedmanTest : onOK: no visible binding for global variable
     subsetVariable
    fncCoinFriedmanTest : onOK: no visible binding for global variable
     testVariable
    fncCoinFriedmanTest : onOK: no visible binding for global variable
     objGlobalPValue
    fncCoinFriedmanTest: no visible binding for global variable testFrame
    fncCoinFriedmanTest: no visible binding for global variable
     subsetFrame
    fncCoinFriedmanTest: no visible binding for global variable
     buttonsFrame
    fncCoinKruskalWallisTest: no visible binding for global variable top
    fncCoinKruskalWallisTest : onOK: no visible binding for global variable
     subsetVariable
    fncCoinKruskalWallisTest : onOK: no visible binding for global variable
     testVariable
    fncCoinKruskalWallisTest : onOK: no visible binding for global variable
     NDWD
    fncCoinKruskalWallisTest: no visible binding for global variable
     testFrame
    fncCoinKruskalWallisTest: no visible binding for global variable
     subsetFrame
    fncCoinKruskalWallisTest: no visible binding for global variable
     buttonsFrame
    fncCoinMHTest: no visible binding for global variable top
    fncCoinMHTest: no visible binding for global variable subsetVariable
    fncCoinMHTest : onOK: no visible binding for global variable
     .bolEqualNbLevels
    fncCoinMHTest : onOK: no visible binding for global variable
     .bolEqualLevels
    fncCoinMHTest : onOK: no visible binding for global variable
     percentsVariable
    fncCoinMHTest : onOK: no visible binding for global variable
     testVariable
    fncCoinMHTest : onOK: no visible binding for global variable .Test
    fncCoinMHTest : onOK: no visible binding for global variable .Table
    fncCoinMHTest: no visible binding for global variable percentsFrame
    fncCoinMHTest: no visible binding for global variable testFrame
    fncCoinMHTest: no visible binding for global variable subsetFrame
    fncCoinMHTest: no visible binding for global variable buttonsFrame
    fncCoinMaxstatSurvTest : onOK: no visible binding for global variable
     subsetVariable
    fncCoinMaxstatSurvTest: no visible binding for global variable top
    fncCoinMaxstatSurvTest: no visible binding for global variable
     subsetFrame
    fncCoinMaxstatSurvTest: no visible binding for global variable
     buttonsFrame
    fncCoinMaxstatTest: no visible binding for global variable top
    fncCoinMaxstatTest : onOK: no visible binding for global variable
     testVariable
    fncCoinMaxstatTest : onOK: no visible binding for global variable
     subsetVariable
    fncCoinMaxstatTest: no visible binding for global variable testFrame
    fncCoinMaxstatTest: no visible binding for global variable
     subsetFrame
    fncCoinMaxstatTest: no visible binding for global variable
     buttonsFrame
    fncCoinMedianTest: no visible binding for global variable top
    fncCoinMedianTest : onOK: no visible binding for global variable
     alternativeVariable
    fncCoinMedianTest : onOK: no visible binding for global variable
     testVariable
    fncCoinMedianTest : onOK: no visible binding for global variable
     subsetVariable
    fncCoinMedianTest: no visible binding for global variable
     alternativeFrame
    fncCoinMedianTest: no visible binding for global variable testFrame
    fncCoinMedianTest: no visible binding for global variable subsetFrame
    fncCoinMedianTest: no visible binding for global variable
     buttonsFrame
    fncCoinNormalTest: no visible binding for global variable top
    fncCoinNormalTest : onOK: no visible binding for global variable
     alternativeVariable
    fncCoinNormalTest : onOK: no visible binding for global variable
     testVariable
    fncCoinNormalTest : onOK: no visible binding for global variable
     subsetVariable
    fncCoinNormalTest: no visible binding for global variable
     alternativeFrame
    fncCoinNormalTest: no visible binding for global variable testFrame
    fncCoinNormalTest: no visible binding for global variable subsetFrame
    fncCoinNormalTest: no visible binding for global variable
     buttonsFrame
    fncCoinPairedWilcoxonTest: no visible binding for global variable top
    fncCoinPairedWilcoxonTest : onOK: no visible binding for global
     variable zeromethodVariable
    fncCoinPairedWilcoxonTest : onOK: no visible binding for global
     variable alternativeVariable
    fncCoinPairedWilcoxonTest : onOK: no visible binding for global
     variable subsetVariable
    fncCoinPairedWilcoxonTest : onOK: no visible binding for global
     variable testVariable
    fncCoinPairedWilcoxonTest: no visible binding for global variable
     alternativeFrame
    fncCoinPairedWilcoxonTest: no visible binding for global variable
     testFrame
    fncCoinPairedWilcoxonTest: no visible binding for global variable
     zeromethodFrame
    fncCoinPairedWilcoxonTest: no visible binding for global variable
     subsetFrame
    fncCoinPairedWilcoxonTest: no visible binding for global variable
     buttonsFrame
    fncCoinSpearmanTest: no visible binding for global variable top
    fncCoinSpearmanTest : onOK: no visible binding for global variable
     subsetVariable
    fncCoinSpearmanTest : onOK: no visible binding for global variable
     testVariable
    fncCoinSpearmanTest: no visible binding for global variable testFrame
    fncCoinSpearmanTest: no visible binding for global variable
     subsetFrame
    fncCoinSpearmanTest: no visible binding for global variable
     buttonsFrame
    fncCoinSurvTest : onOK: no visible binding for global variable
     tiesmethodVariable
    fncCoinSurvTest : onOK: no visible binding for global variable
     testVariable
    fncCoinSurvTest : onOK: no visible binding for global variable
     subsetVariable
    fncCoinSurvTest: no visible binding for global variable top
    fncCoinSurvTest: no visible binding for global variable
     tiesmethodFrame
    fncCoinSurvTest: no visible binding for global variable testFrame
    fncCoinSurvTest: no visible binding for global variable subsetFrame
    fncCoinSurvTest: no visible binding for global variable buttonsFrame
    fncCoinTwoSamplePermutationTest: no visible binding for global variable
     top
    fncCoinTwoSamplePermutationTest : onOK: no visible binding for global
     variable alternativeVariable
    fncCoinTwoSamplePermutationTest : onOK: no visible binding for global
     variable testVariable
    fncCoinTwoSamplePermutationTest : onOK: no visible binding for global
     variable subsetVariable
    fncCoinTwoSamplePermutationTest: no visible binding for global variable
     alternativeFrame
    fncCoinTwoSamplePermutationTest: no visible binding for global variable
     testFrame
    fncCoinTwoSamplePermutationTest: no visible binding for global variable
     subsetFrame
    fncCoinTwoSamplePermutationTest: no visible binding for global variable
     buttonsFrame
    fncCoinTwoSampleWilcoxonTest: no visible binding for global variable
     top
    fncCoinTwoSampleWilcoxonTest : onOK: no visible binding for global
     variable twoSampleWilcoxonTest
    fncCoinTwoSampleWilcoxonTest : onOK: no visible binding for global
     variable alternativeVariable
    fncCoinTwoSampleWilcoxonTest : onOK: no visible binding for global
     variable zeromethodVariable
    fncCoinTwoSampleWilcoxonTest : onOK: no visible binding for global
     variable testVariable
    fncCoinTwoSampleWilcoxonTest : onOK: no visible binding for global
     variable subsetVariable
    fncCoinTwoSampleWilcoxonTest: no visible binding for global variable
     alternativeFrame
    fncCoinTwoSampleWilcoxonTest: no visible binding for global variable
     testFrame
    fncCoinTwoSampleWilcoxonTest: no visible binding for global variable
     zeromethodFrame
    fncCoinTwoSampleWilcoxonTest: no visible binding for global variable
     subsetFrame
    fncCoinTwoSampleWilcoxonTest: no visible binding for global variable
     buttonsFrame
    fncCoinTwoWayTable: no visible binding for global variable top
    fncCoinTwoWayTable : onOK: no visible binding for global variable
     percentsVariable
    fncCoinTwoWayTable : onOK: no visible binding for global variable
     chisqTestVariable
    fncCoinTwoWayTable : onOK: no visible binding for global variable
     chisqComponentsVariable
    fncCoinTwoWayTable : onOK: no visible binding for global variable
     expFreqVariable
    fncCoinTwoWayTable : onOK: no visible binding for global variable
     adjPvalVariable
    fncCoinTwoWayTable : onOK: no visible binding for global variable
     lblTestVariable
    fncCoinTwoWayTable : onOK: no visible binding for global variable
     fisherTestVariable
    fncCoinTwoWayTable : onOK: no visible binding for global variable
     subsetVariable
    fncCoinTwoWayTable : onOK: no visible binding for global variable
     .Test
    fncCoinTwoWayTable : onOK: no visible binding for global variable
     .Table
    fncCoinTwoWayTable: no visible binding for global variable
     percentsFrame
    fncCoinTwoWayTable: no visible binding for global variable testsFrame
    fncCoinTwoWayTable: no visible binding for global variable
     subsetFrame
    fncCoinTwoWayTable: no visible binding for global variable
     buttonsFrame
Flavors: r-devel-linux-x86_64-fedora-gcc, r-devel-windows-ix86+x86_64, r-patched-solaris-sparc, r-patched-solaris-x86, r-release-osx-x86_64-mavericks, r-release-osx-x86_64-snowleopard, r-release-windows-ix86+x86_64, r-oldrel-windows-ix86+x86_64