CRAN Package Check Results for Package RcmdrPlugin.coin

Last updated on 2015-05-28 09:47:34.

Flavor Version Tinstall Tcheck Ttotal Status Flags
r-devel-linux-x86_64-debian-clang 1.0-22 5.10 57.07 62.17 OK
r-devel-linux-x86_64-debian-gcc 1.0-22 4.71 55.49 60.20 OK
r-devel-linux-x86_64-fedora-clang 1.0-22 127.12 OK
r-devel-linux-x86_64-fedora-gcc 1.0-22 127.15 OK
r-devel-osx-x86_64-clang 1.0-22 112.31 OK
r-devel-windows-ix86+x86_64 1.0-22 39.00 94.00 133.00 OK
r-patched-linux-x86_64 1.0-22 4.93 53.48 58.41 OK
r-patched-solaris-sparc 1.0-22 724.40 OK
r-patched-solaris-x86 1.0-22 186.60 OK
r-release-linux-x86_64 1.0-22 4.74 53.78 58.52 OK
r-release-osx-x86_64-mavericks 1.0-22 OK
r-release-osx-x86_64-snowleopard 1.0-22 ERROR
r-release-windows-ix86+x86_64 1.0-22 36.00 106.00 142.00 OK
r-oldrel-windows-ix86+x86_64 1.0-22 64.00 177.00 241.00 OK

Check Details

Version: 1.0-22
Check: package dependencies
Result: ERROR
    Packages required but not available: ‘Rcmdr’ ‘multcomp’
    
    See section ‘The DESCRIPTION file’ in the ‘Writing R Extensions’
    manual.
Flavor: r-release-osx-x86_64-snowleopard