CRAN Package Check Results for Package RcmdrPlugin.coin

Last updated on 2014-11-01 08:48:24.

Flavor Version Tinstall Tcheck Ttotal Status Flags
r-devel-linux-x86_64-debian-clang 1.0-22 2.20 44.69 46.89 OK
r-devel-linux-x86_64-debian-gcc 1.0-22 2.28 46.12 48.40 OK
r-devel-linux-x86_64-fedora-clang 1.0-22 85.38 OK
r-devel-linux-x86_64-fedora-gcc 1.0-22 78.00 OK
r-devel-osx-x86_64-clang 1.0-22 83.01 OK
r-devel-windows-ix86+x86_64 1.0-22 42.00 79.00 121.00 OK
r-patched-linux-x86_64 1.0-22 2.45 48.29 50.74 OK
r-patched-solaris-sparc 1.0-22 443.50 OK
r-patched-solaris-x86 1.0-22 130.40 OK
r-release-linux-ix86 1.0-22 0.45 1.76 2.21 ERROR
r-release-linux-x86_64 1.0-22 3.08 52.82 55.90 OK
r-release-osx-x86_64-mavericks 1.0-22 OK
r-release-osx-x86_64-snowleopard 1.0-22 OK
r-release-windows-ix86+x86_64 1.0-22 22.00 89.00 111.00 OK
r-oldrel-windows-ix86+x86_64 1.0-22 19.00 88.00 107.00 OK

Check Details

Version: 1.0-22
Check: package dependencies
Result: ERROR
    Package required but not available: ‘Rcmdr’
    
    See the information on DESCRIPTION files in the chapter ‘Creating R
    packages’ of the ‘Writing R Extensions’ manual.
Flavor: r-release-linux-ix86