CRAN Package Check Results for Package RWekajars

Last updated on 2014-12-22 21:47:25.

Flavor Version Tinstall Tcheck Ttotal Status Flags
r-devel-linux-x86_64-debian-clang 3.7.11-1 2.11 14.84 16.95 NOTE
r-devel-linux-x86_64-debian-gcc 3.7.11-1 1.90 13.49 15.40 NOTE
r-devel-linux-x86_64-fedora-clang 3.7.11-1 34.41 NOTE
r-devel-linux-x86_64-fedora-gcc 3.7.11-1 31.55 NOTE
r-devel-osx-x86_64-clang 3.7.11-1 31.93 NOTE
r-devel-windows-ix86+x86_64 3.7.11-1 8.00 28.00 36.00 NOTE
r-patched-linux-x86_64 3.7.11-1 2.02 14.18 16.20 NOTE
r-patched-solaris-sparc 3.7.11-1 212.50 NOTE
r-patched-solaris-x86 3.7.11-1 49.10 NOTE
r-release-linux-ix86 3.7.11-1 2.60 18.24 20.84 NOTE
r-release-linux-x86_64 3.7.11-1 2.12 14.80 16.92 NOTE
r-release-osx-x86_64-mavericks 3.7.11-1 NOTE
r-release-osx-x86_64-snowleopard 3.7.11-1 NOTE
r-release-windows-ix86+x86_64 3.7.11-1 6.00 23.00 29.00 NOTE
r-oldrel-windows-ix86+x86_64 3.7.11-1 5.00 23.00 28.00 NOTE

Check Details

Version: 3.7.11-1
Check: installed package size
Result: NOTE
     installed size is 7.1Mb
     sub-directories of 1Mb or more:
     java 7.0Mb
Flavors: r-devel-linux-x86_64-debian-clang, r-devel-linux-x86_64-debian-gcc, r-devel-linux-x86_64-fedora-clang, r-devel-linux-x86_64-fedora-gcc, r-devel-osx-x86_64-clang, r-devel-windows-ix86+x86_64, r-patched-linux-x86_64, r-patched-solaris-sparc, r-patched-solaris-x86, r-release-linux-ix86, r-release-linux-x86_64, r-release-osx-x86_64-mavericks, r-release-osx-x86_64-snowleopard, r-release-windows-ix86+x86_64, r-oldrel-windows-ix86+x86_64