CRAN Package Check Results for Package RWekajars

Last updated on 2015-07-08 08:48:36.

Flavor Version Tinstall Tcheck Ttotal Status Flags
r-devel-linux-x86_64-debian-clang 3.7.12-1 1.60 12.48 14.09 NOTE
r-devel-linux-x86_64-debian-gcc 3.7.12-1 1.47 11.71 13.18 NOTE
r-devel-linux-x86_64-fedora-clang 3.7.12-1 25.79 NOTE
r-devel-linux-x86_64-fedora-gcc 3.7.12-1 24.16 NOTE
r-devel-osx-x86_64-clang 3.7.12-1 26.10 NOTE
r-devel-windows-ix86+x86_64 3.7.12-1 5.00 20.00 25.00 NOTE
r-patched-linux-x86_64 3.7.12-1 1.58 11.54 13.11 NOTE
r-patched-solaris-sparc 3.7.12-1 168.90 NOTE
r-patched-solaris-x86 3.7.12-1 43.70 NOTE
r-release-linux-x86_64 3.7.12-1 1.51 12.06 13.56 NOTE
r-release-osx-x86_64-mavericks 3.7.12-1 NOTE
r-release-windows-ix86+x86_64 3.7.12-1 5.00 19.00 24.00 NOTE
r-oldrel-windows-ix86+x86_64 3.7.12-1 8.00 25.00 33.00 NOTE

Check Details

Version: 3.7.12-1
Check: installed package size
Result: NOTE
     installed size is 7.1Mb
     sub-directories of 1Mb or more:
     java 7.1Mb
Flavors: r-devel-linux-x86_64-debian-clang, r-devel-linux-x86_64-debian-gcc, r-devel-linux-x86_64-fedora-clang, r-devel-linux-x86_64-fedora-gcc, r-devel-osx-x86_64-clang, r-devel-windows-ix86+x86_64, r-patched-linux-x86_64, r-patched-solaris-sparc, r-patched-solaris-x86, r-release-linux-x86_64, r-release-osx-x86_64-mavericks, r-release-windows-ix86+x86_64, r-oldrel-windows-ix86+x86_64