CRAN Package Check Results for Package RWekajars

Last updated on 2014-10-20 19:49:40.

Flavor Version Tinstall Tcheck Ttotal Status Flags
r-devel-linux-x86_64-debian-clang 3.7.11-1 2.03 14.34 16.38 NOTE
r-devel-linux-x86_64-debian-gcc 3.7.11-1 1.83 13.90 15.73 NOTE
r-devel-linux-x86_64-fedora-clang 3.7.11-1 32.72 NOTE
r-devel-linux-x86_64-fedora-gcc 3.7.11-1 29.63 NOTE
r-devel-osx-x86_64-clang 3.7.11-1 32.94 NOTE
r-devel-windows-ix86+x86_64 3.7.11-1 5.00 21.00 26.00 NOTE
r-patched-linux-x86_64 3.7.11-1 1.97 14.52 16.49 NOTE
r-patched-solaris-sparc 3.7.11-1 196.20 NOTE
r-patched-solaris-x86 3.7.11-1 47.80 NOTE
r-release-linux-ix86 3.7.11-1 2.62 18.82 21.44 NOTE
r-release-linux-x86_64 3.7.11-1 2.00 14.55 16.54 NOTE
r-release-osx-x86_64-mavericks 3.7.11-1 NOTE
r-release-osx-x86_64-snowleopard 3.7.11-1 NOTE
r-release-windows-ix86+x86_64 3.7.11-1 7.00 23.00 30.00 NOTE
r-oldrel-windows-ix86+x86_64 3.7.11-1 5.00 23.00 28.00 NOTE

Check Details

Version: 3.7.11-1
Check: installed package size
Result: NOTE
     installed size is 7.1Mb
     sub-directories of 1Mb or more:
     java 7.0Mb
Flavors: r-devel-linux-x86_64-debian-clang, r-devel-linux-x86_64-debian-gcc, r-devel-linux-x86_64-fedora-clang, r-devel-linux-x86_64-fedora-gcc, r-devel-osx-x86_64-clang, r-devel-windows-ix86+x86_64, r-patched-linux-x86_64, r-patched-solaris-sparc, r-patched-solaris-x86, r-release-linux-ix86, r-release-linux-x86_64, r-release-osx-x86_64-mavericks, r-release-osx-x86_64-snowleopard, r-release-windows-ix86+x86_64, r-oldrel-windows-ix86+x86_64