CRAN Package Check Results for Package RWekajars

Last updated on 2015-02-01 19:50:18.

Flavor Version Tinstall Tcheck Ttotal Status Flags
r-devel-linux-x86_64-debian-clang 3.7.12-1 1.64 12.33 13.96 NOTE
r-devel-linux-x86_64-debian-gcc 3.7.12-1 1.55 11.41 12.96 NOTE
r-devel-linux-x86_64-fedora-clang 3.7.12-1 26.26 NOTE
r-devel-linux-x86_64-fedora-gcc 3.7.12-1 24.36 NOTE
r-devel-osx-x86_64-clang 3.7.12-1 31.70 NOTE
r-devel-windows-ix86+x86_64 3.7.12-1 7.00 29.00 36.00 NOTE
r-patched-linux-x86_64 3.7.12-1 2.19 14.69 16.88 NOTE
r-patched-solaris-sparc 3.7.12-1 188.90 NOTE
r-patched-solaris-x86 3.7.12-1 48.50 NOTE
r-release-linux-ix86 3.7.12-1 2.73 18.65 21.38 NOTE
r-release-linux-x86_64 3.7.12-1 1.98 14.28 16.26 NOTE
r-release-osx-x86_64-mavericks 3.7.12-1 NOTE
r-release-osx-x86_64-snowleopard 3.7.12-1 NOTE
r-release-windows-ix86+x86_64 3.7.12-1 6.00 24.00 30.00 NOTE
r-oldrel-windows-ix86+x86_64 3.7.12-1 7.00 27.00 34.00 NOTE

Check Details

Version: 3.7.12-1
Check: installed package size
Result: NOTE
     installed size is 7.1Mb
     sub-directories of 1Mb or more:
     java 7.1Mb
Flavors: r-devel-linux-x86_64-debian-clang, r-devel-linux-x86_64-debian-gcc, r-devel-linux-x86_64-fedora-clang, r-devel-linux-x86_64-fedora-gcc, r-devel-osx-x86_64-clang, r-devel-windows-ix86+x86_64, r-patched-linux-x86_64, r-patched-solaris-sparc, r-patched-solaris-x86, r-release-linux-ix86, r-release-linux-x86_64, r-release-osx-x86_64-mavericks, r-release-osx-x86_64-snowleopard, r-release-windows-ix86+x86_64, r-oldrel-windows-ix86+x86_64