CRAN Package Check Results for Package RSiena

Last updated on 2014-09-20 15:49:31.

Flavor Version Tinstall Tcheck Ttotal Status Flags
r-devel-linux-x86_64-debian-clang 1.1-232 39.29 98.70 138.00 NOTE
r-devel-linux-x86_64-debian-gcc 1.1-232 51.06 98.32 149.37 NOTE
r-devel-linux-x86_64-fedora-clang 1.1-232 358.53 NOTE
r-devel-linux-x86_64-fedora-gcc 1.1-232 298.21 NOTE
r-devel-osx-x86_64-clang 1.1-232 282.29 NOTE
r-devel-windows-ix86+x86_64 1.1-232 174.00 177.00 351.00 NOTE
r-patched-linux-x86_64 1.1-232 51.01 107.59 158.60 NOTE
r-patched-solaris-sparc 1.1-232 1655.20 NOTE
r-patched-solaris-x86 1.1-232 389.70 NOTE
r-release-linux-ix86 1.1-232 71.10 128.20 199.30 NOTE
r-release-linux-x86_64 1.1-232 52.71 108.82 161.54 NOTE
r-release-osx-x86_64-mavericks 1.1-232 NOTE
r-release-osx-x86_64-snowleopard 1.1-232 NOTE
r-release-windows-ix86+x86_64 1.1-232 168.00 192.00 360.00 NOTE
r-oldrel-windows-ix86+x86_64 1.1-232 178.00 195.00 373.00 NOTE

Memtest notes: UBSAN-gcc UBSAN

Check Details

Version: 1.1-232
Check: installed package size
Result: NOTE
     installed size is 9.2Mb
     sub-directories of 1Mb or more:
     doc 1.0Mb
     libs 7.2Mb
Flavors: r-devel-linux-x86_64-debian-clang, r-devel-linux-x86_64-debian-gcc, r-devel-linux-x86_64-fedora-clang, r-devel-linux-x86_64-fedora-gcc, r-patched-linux-x86_64, r-release-linux-ix86, r-release-linux-x86_64, r-release-osx-x86_64-mavericks, r-release-osx-x86_64-snowleopard

Version: 1.1-232
Check: top-level files
Result: NOTE
    Non-standard file/directory found at top level:
     ‘changeLog’
Flavors: r-devel-linux-x86_64-debian-clang, r-devel-linux-x86_64-debian-gcc, r-devel-linux-x86_64-fedora-clang, r-devel-linux-x86_64-fedora-gcc, r-patched-linux-x86_64, r-release-linux-x86_64

Version: 1.1-232
Check: dependencies in R code
Result: NOTE
    Unexported object imported by a ':::' call: ‘utils:::edit.data.frame’
     See the note in ?`:::` about the use of this operator.
    See the information on DESCRIPTION files in the chapter ‘Creating R
    packages’ of the ‘Writing R Extensions’ manual.
Flavors: r-devel-linux-x86_64-debian-clang, r-devel-linux-x86_64-debian-gcc, r-devel-linux-x86_64-fedora-clang, r-devel-linux-x86_64-fedora-gcc, r-devel-osx-x86_64-clang, r-devel-windows-ix86+x86_64, r-patched-linux-x86_64, r-patched-solaris-sparc, r-patched-solaris-x86, r-release-linux-ix86, r-release-linux-x86_64, r-release-osx-x86_64-mavericks, r-release-osx-x86_64-snowleopard, r-release-windows-ix86+x86_64, r-oldrel-windows-ix86+x86_64

Version: 1.1-232
Check: R code for possible problems
Result: NOTE
    AnnouncePhase: no visible global function definition for ‘tkdelete’
    AnnouncePhase: no visible global function definition for ‘tkinsert’
    AnnouncePhase: no visible global function definition for ‘tkconfigure’
    DisplayDeviations: no visible global function definition for ‘tkdelete’
    DisplayDeviations: no visible global function definition for ‘tkinsert’
    DisplayIteration: no visible global function definition for ‘tkdelete’
    DisplayIteration: no visible global function definition for ‘tkinsert’
    DisplayIteration: no visible global function definition for ‘tcl’
    DisplayTheta: no visible global function definition for ‘tkdelete’
    DisplayTheta: no visible global function definition for ‘tkinsert’
    DisplayThetaAutocor: no visible global function definition for
     ‘tkdelete’
    DisplayThetaAutocor: no visible global function definition for
     ‘tkinsert’
    FiniteDifferences: no visible global function definition for
     ‘clusterCall’
    createEffects: no visible binding for global variable ‘allEffects’
    createProgressBar: no visible global function definition for
     ‘tkconfigure’
    doIterations: no visible global function definition for ‘clusterCall’
    doPhase1or3Iterations: no visible global function definition for
     ‘clusterCall’
    effectsDocumentation: no visible binding for global variable
     ‘allEffects’
    getInternals : <anonymous>: no visible global function definition for
     ‘findGlobals’
    getInternals : <anonymous>: no visible global function definition for
     ‘findLocals’
    getProgressBar: no visible global function definition for ‘tclvalue’
    getProgressBar: no visible global function definition for ‘tkcget’
    getRSienaRDocumentation : <anonymous>: no visible global function
     definition for ‘findGlobals’
    getRSienaRDocumentation : <anonymous>: no visible global function
     definition for ‘findLocals’
    maxlikec: no visible global function definition for ‘parRapply’
    networkExtraction: no visible global function definition for
     ‘network.initialize’
    networkExtraction: no visible global function definition for
     ‘network.edgelist’
    networkExtraction: no visible global function definition for ‘network’
    phase2.1: no visible global function definition for ‘tkconfigure’
    plot.sienaGOF: no visible global function definition for
     ‘trellis.par.get’
    plot.sienaGOF: no visible global function definition for
     ‘trellis.par.set’
    plot.sienaGOF : panelFunction: no visible global function definition
     for ‘panel.violin’
    plot.sienaGOF : panelFunction: no visible global function definition
     for ‘panel.bwplot’
    plot.sienaGOF : panelFunction: no visible global function definition
     for ‘panel.xyplot’
    plot.sienaGOF : panelFunction: no visible global function definition
     for ‘panel.text’
    plot.sienaGOF: no visible global function definition for ‘bwplot’
    plot.sienaMeta: no visible global function definition for ‘xyplot’
    plot.sienaMeta : <anonymous>: no visible global function definition for
     ‘panel.xyplot’
    plot.sienaMeta : <anonymous>: no visible global function definition for
     ‘panel.abline’
    plot.sienaTimeTest: no visible global function definition for ‘xyplot’
    plot.sienaTimeTest : <anonymous> : <anonymous>: no visible global
     function definition for ‘panel.xyplot’
    plot.sienaTimeTest : <anonymous>: no visible global function definition
     for ‘panel.xyplot’
    plot.sienaTimeTest : <anonymous>: no visible global function definition
     for ‘panel.abline’
    readInFiles: no visible global function definition for ‘read.paj’
    robmon: no visible global function definition for ‘tkconfigure’
    robmon: no visible global function definition for ‘makeCluster’
    robmon: no visible global function definition for ‘clusterCall’
    robmon: no visible global function definition for ‘clusterSetRNGStream’
    robmon: no visible global function definition for ‘tkdelete’
    sessionFromFile: no visible global function definition for
     ‘tkmessageBox’
    setProgressBar: no visible global function definition for ‘tkconfigure’
    setProgressBar: no visible global function definition for ‘tcl’
    siena01Gui : addFile: no visible global function definition for
     ‘tclvalue’
    siena01Gui : addFile: no visible global function definition for
     ‘tkgetOpenFile’
    siena01Gui : addFile: no visible global function definition for
     ‘as.tclObj’
    siena01Gui : addFile: no visible global function definition for ‘tkset’
    siena01Gui : addFile: no visible global function definition for ‘tcl’
    siena01Gui : addTableRow: no visible global function definition for
     ‘tkinsert’
    siena01Gui : addTableRow: no visible global function definition for
     ‘tkwidget’
    siena01Gui : addTableRow: no visible global function definition for
     ‘tkwindow.configure’
    siena01Gui : addTableRow: no visible global function definition for
     ‘tkbind’
    siena01Gui : addTableRow : <anonymous>: no visible global function
     definition for ‘tcl’
    siena01Gui : addTableRow: no visible global function definition for
     ‘tkconfigure’
    siena01Gui : applyFn: no visible global function definition for
     ‘tkmessageBox’
    siena01Gui : applyFn: no visible global function definition for
     ‘tclvalue’
    siena01Gui : clearFn : <anonymous>: no visible global function
     definition for ‘tkset’
    siena01Gui : deleteTableRow: no visible global function definition for
     ‘tkwindow.configure’
    siena01Gui : deleteTableRow: no visible global function definition for
     ‘tcl’
    siena01Gui : deleteTableRow: no visible global function definition for
     ‘tkdelete’
    siena01Gui : editFile: no visible global function definition for
     ‘tclvalue’
    siena01Gui : editFile: no visible global function definition for ‘tcl’
    siena01Gui : editFile: no visible global function definition for
     ‘tkmessageBox’
    siena01Gui : editFile: no visible global function definition for
     ‘tkfocus’
    siena01Gui : fromFileFn: no visible global function definition for
     ‘tclvalue’
    siena01Gui : fromFileFn: no visible global function definition for
     ‘tkgetOpenFile’
    siena01Gui : fromFileContFn: no visible global function definition for
     ‘tkmessageBox’
    siena01Gui : myStop: no visible global function definition for
     ‘tkmessageBox’
    siena01Gui : myStop: no visible global function definition for
     ‘tclvalue’
    siena01Gui : myStop: no visible global function definition for
     ‘tkdestroy’
    siena01Gui : procSession: no visible global function definition for
     ‘as.tclObj’
    siena01Gui : procSession: no visible global function definition for
     ‘tkset’
    siena01Gui : procSession: no visible global function definition for
     ‘tcl’
    siena01Gui : removeFile: no visible global function definition for
     ‘tclvalue’
    siena01Gui : removeFile: no visible global function definition for
     ‘tcl’
    siena01Gui : removeFile: no visible global function definition for
     ‘tkmessageBox’
    siena01Gui : saveFn: no visible global function definition for
     ‘tkmessageBox’
    siena01Gui : saveFn: no visible global function definition for
     ‘tclvalue’
    siena01Gui : saveFn: no visible global function definition for
     ‘tkgetSaveFile’
    siena01Gui : savefileFn: no visible global function definition for
     ‘tclvalue’
    siena01Gui : savefileFn: no visible global function definition for
     ‘tkgetSaveFile’
    siena01Gui : sessionFromTcl: no visible global function definition for
     ‘tclvalue’
    siena01Gui : sessionFromTcl: no visible global function definition for
     ‘tkconfigure’
    siena01Gui : sessionFromTcl: no visible global function definition for
     ‘as.tclObj’
    siena01Gui : sessionFromTcl: no visible global function definition for
     ‘tkget’
    siena01Gui : modelFromTcl: no visible global function definition for
     ‘tclvalue’
    siena01Gui : sienaModelOptions : editFn: no visible global function
     definition for ‘tclvalue’
    siena01Gui : sienaModelOptions : editFn: no visible global function
     definition for ‘tcl’
    siena01Gui : sienaModelOptions : estimateFn: no visible global function
     definition for ‘tclvalue’
    siena01Gui : sienaModelOptions : estimateFn: no visible global function
     definition for ‘tkmessageBox’
    siena01Gui : sienaModelOptions : estimateFn: no visible global function
     definition for ‘tcl’
    siena01Gui : sienaModelOptions : estimateFn: no visible global function
     definition for ‘tkfocus’
    siena01Gui : sienaModelOptions : estimateFn: no visible global function
     definition for ‘tksearch’
    siena01Gui : sienaModelOptions : estimateFn: no visible global function
     definition for ‘tkyview’
    siena01Gui : sienaModelOptions : randomseedFn: no visible global
     function definition for ‘tclvalue’
    siena01Gui : sienaModelOptions : randomseedFn: no visible global
     function definition for ‘tkgrid.forget’
    siena01Gui : sienaModelOptions : randomseedFn: no visible global
     function definition for ‘tclvalue<-’
    siena01Gui : sienaModelOptions : randomseedFn: no visible global
     function definition for ‘tkgrid’
    siena01Gui : sienaModelOptions : clustersFn: no visible global function
     definition for ‘tclvalue’
    siena01Gui : sienaModelOptions : clustersFn: no visible global function
     definition for ‘tkgrid.forget’
    siena01Gui : sienaModelOptions : clustersFn: no visible global function
     definition for ‘tclvalue<-’
    siena01Gui : sienaModelOptions : clustersFn: no visible global function
     definition for ‘tkgrid’
    siena01Gui : sienaModelOptions : returnFn: no visible global function
     definition for ‘tkmessageBox’
    siena01Gui : sienaModelOptions : returnFn: no visible global function
     definition for ‘tclvalue’
    siena01Gui : sienaModelOptions : returnFn: no visible global function
     definition for ‘tkpack.forget’
    siena01Gui : sienaModelOptions : returnFn: no visible global function
     definition for ‘tkpack’
    siena01Gui : sienaModelOptions : showFn: no visible global function
     definition for ‘tcl’
    siena01Gui : sienaModelOptions : resultsFn: no visible global function
     definition for ‘tclclose’
    siena01Gui : sienaModelOptions : resultsFn: no visible global function
     definition for ‘tkpack.forget’
    siena01Gui : sienaModelOptions : resultsFn: no visible global function
     definition for ‘tclopen’
    siena01Gui : sienaModelOptions : resultsFn: no visible global function
     definition for ‘tkpack’
    siena01Gui : sienaModelOptions : resultsFn: no visible global function
     definition for ‘tkconfigure’
    siena01Gui : sienaModelOptions : resultsFn: no visible global function
     definition for ‘tkgrid’
    siena01Gui : sienaModelOptions : resultsFn: no visible global function
     definition for ‘tkgrid.configure’
    siena01Gui : sienaModelOptions : resultsFn: no visible global function
     definition for ‘tkdelete’
    siena01Gui : sienaModelOptions : resultsFn: no visible global function
     definition for ‘tkinsert’
    siena01Gui : sienaModelOptions : resultsFn: no visible global function
     definition for ‘tclread’
    siena01Gui : sienaModelOptions : resultsFn: no visible global function
     definition for ‘tkfocus’
    siena01Gui : sienaModelOptions : saveresultsFn: no visible global
     function definition for ‘tkmessageBox’
    siena01Gui : sienaModelOptions : saveresultsFn: no visible global
     function definition for ‘tclvalue’
    siena01Gui : sienaModelOptions : saveresultsFn: no visible global
     function definition for ‘tkgetSaveFile’
    siena01Gui : sienaModelOptions : screenFromModel: no visible global
     function definition for ‘tclvalue<-’
    siena01Gui : sienaModelOptions: no visible global function definition
     for ‘tkpack.forget’
    siena01Gui : sienaModelOptions: no visible global function definition
     for ‘tkframe’
    siena01Gui : sienaModelOptions: no visible global function definition
     for ‘tkpack’
    siena01Gui : sienaModelOptions: no visible global function definition
     for ‘tkwidget’
    siena01Gui : sienaModelOptions: no visible global function definition
     for ‘tkscrollbar’
    siena01Gui : sienaModelOptions : <anonymous>: no visible global
     function definition for ‘tkxview’
    siena01Gui : sienaModelOptions : <anonymous>: no visible global
     function definition for ‘tkyview’
    siena01Gui : sienaModelOptions: no visible global function definition
     for ‘tktext’
    siena01Gui : sienaModelOptions : <anonymous>: no visible global
     function definition for ‘tkset’
    siena01Gui : sienaModelOptions: no visible global function definition
     for ‘tkgrid.configure’
    siena01Gui : sienaModelOptions: no visible global function definition
     for ‘tclVar’
    siena01Gui : sienaModelOptions: no visible global function definition
     for ‘tclvalue<-’
    siena01Gui : sienaModelOptions: no visible global function definition
     for ‘ttkcombobox’
    siena01Gui : sienaModelOptions: no visible global function definition
     for ‘tklabel’
    siena01Gui : sienaModelOptions: no visible global function definition
     for ‘tkgrid’
    siena01Gui : sienaModelOptions: no visible global function definition
     for ‘tkentry’
    siena01Gui : sienaModelOptions: no visible global function definition
     for ‘tkcheckbutton’
    siena01Gui : sienaModelOptions: no visible global function definition
     for ‘tclArray’
    siena01Gui : sienaModelOptions: no visible global function definition
     for ‘tcl’
    siena01Gui : sienaModelOptions: no visible global function definition
     for ‘as.tclObj’
    siena01Gui : sienaModelOptions: no visible global function definition
     for ‘tkbutton’
    siena01Gui: no visible global function definition for ‘tclRequire’
    siena01Gui: no visible global function definition for ‘tktoplevel’
    siena01Gui: no visible global function definition for ‘tkwm.resizable’
    siena01Gui: no visible global function definition for ‘tkwm.title’
    siena01Gui: no visible global function definition for ‘tkbind’
    siena01Gui: no visible global function definition for ‘tkmenu’
    siena01Gui: no visible global function definition for ‘tkconfigure’
    siena01Gui: no visible global function definition for ‘tkadd’
    siena01Gui : <anonymous>: no visible global function definition for
     ‘tkdestroy’
    siena01Gui: no visible global function definition for ‘tkframe’
    siena01Gui: no visible global function definition for ‘tkpack’
    siena01Gui: no visible global function definition for ‘tkbutton’
    siena01Gui: no visible global function definition for ‘tkgrid’
    siena01Gui: no visible global function definition for ‘tkwidget’
    siena01Gui: no visible global function definition for ‘tclArray’
    siena01Gui: no visible global function definition for ‘tkscrollbar’
    siena01Gui : <anonymous>: no visible global function definition for
     ‘tkxview’
    siena01Gui : <anonymous>: no visible global function definition for
     ‘tkyview’
    siena01Gui : <anonymous>: no visible global function definition for
     ‘tkset’
    siena01Gui: no visible global function definition for ‘tcl’
    siena01Gui: no visible global function definition for ‘as.tclObj’
    siena01Gui : <anonymous>: no visible global function definition for
     ‘tkwidget’
    siena01Gui : <anonymous>: no visible global function definition for
     ‘tkwindow.configure’
    siena01Gui : <anonymous>: no visible global function definition for
     ‘tkbind’
    siena01Gui : <anonymous> : <anonymous>: no visible global function
     definition for ‘tcl’
    siena01Gui : <anonymous> : <anonymous>: no visible global function
     definition for ‘tkXselection.own’
    siena01Gui: no visible global function definition for ‘tkfocus’
    siena07 : exitfn: no visible global function definition for ‘tkdestroy’
    siena07: no visible global function definition for ‘stopCluster’
    siena07Gui: no visible global function definition for ‘tktoplevel’
    siena07Gui: no visible global function definition for ‘tkwm.title’
    siena07Gui: no visible global function definition for ‘tkframe’
    siena07Gui: no visible global function definition for ‘tkpack’
    siena07Gui: no visible global function definition for ‘tkbutton’
    siena07Gui: no visible global function definition for
     ‘tkgrid.configure’
    siena07Gui: no visible global function definition for ‘tklabel’
    siena07Gui: no visible global function definition for ‘tkentry’
    siena07Gui: no visible global function definition for ‘ttkprogressbar’
    siena07Gui: no visible global function definition for ‘tktext’
    siena07Gui: no visible global function definition for ‘tclVar’
    siena07Gui: no visible global function definition for ‘tcl’
    siena07Gui: no visible global function definition for ‘tkinsert’
    siena07Gui: no visible global function definition for ‘tkgrab.set’
    siena07Gui: no visible global function definition for ‘tkfocus’
    sienaDataCreateFromSession : validateNamesession: no visible binding
     for global variable ‘network.size’
    sienaDataCreateFromSession : validateNamesession: no visible global
     function definition for ‘network.size’
    sienaDataCreateFromSession: no visible global function definition for
     ‘network.size’
    sienaDataCreateFromSession: no visible global function definition for
     ‘as.matrix.network’
    sienaDataCreateFromSession: no visible global function definition for
     ‘list.edge.attributes’
    sienaDataCreateFromSession: no visible global function definition for
     ‘get.edge.value’
    sienaDataCreateFromSession: no visible global function definition for
     ‘is.directed’
    sienaDataCreateFromSession: no visible global function definition for
     ‘tkmessageBox’
    sienaGOF : <anonymous>: no visible global function definition for
     ‘parSapply’
    sienaGOF : applyTest: no visible global function definition for
     ‘cov.rob’
    sienaGOF : applyTest: no visible global function definition for ‘ginv’
    sienaGOF : <anonymous>: no visible global function definition for
     ‘ginv’
    sienaGOF : <anonymous>: no visible global function definition for
     ‘cov.rob’
    sienaGOF: no visible global function definition for ‘ginv’
    tkErrorMessage: no visible global function definition for
     ‘tkmessageBox’
Flavors: r-devel-linux-x86_64-debian-clang, r-devel-linux-x86_64-debian-gcc, r-devel-linux-x86_64-fedora-clang, r-devel-linux-x86_64-fedora-gcc, r-devel-osx-x86_64-clang, r-devel-windows-ix86+x86_64