CRAN Package Check Results for Package RHive

Last updated on 2014-08-28 00:47:11.

Flavor Version Tinstall Tcheck Ttotal Status Flags
r-devel-linux-x86_64-debian-clang 2.0-0.1 2.08 23.08 25.16 OK
r-devel-linux-x86_64-debian-gcc 2.0-0.0 1.64 23.40 25.04 NOTE
r-devel-linux-x86_64-fedora-clang 2.0-0.1 25.63 OK
r-devel-linux-x86_64-fedora-gcc 2.0-0.1 48.30 OK
r-devel-osx-x86_64-clang 2.0-0.1 45.14 OK
r-patched-linux-x86_64 2.0-0.0 1.91 23.60 25.51 OK
r-patched-solaris-sparc 2.0-0.1 274.60 OK
r-patched-solaris-x86 2.0-0.1 52.70 OK
r-release-linux-ix86 2.0-0.0 2.14 30.86 33.00 OK
r-release-linux-x86_64 2.0-0.0 1.78 24.81 26.59 OK
r-release-osx-x86_64-mavericks 2.0-0.0 OK
r-release-osx-x86_64-snowleopard 2.0-0.0 OK

Check Details

Version: 2.0-0.0
Check: R code for possible problems
Result: NOTE
    rhive.test: no visible global function definition for ‘defineTestSuite’
    rhive.test: no visible global function definition for ‘runTestSuite’
    rhive.test: no visible global function definition for
     ‘printHTMLProtocol’
    rhive.test: no visible global function definition for
     ‘printTextProtocol’
    rhive.test: no visible global function definition for ‘getErrors’
Flavor: r-devel-linux-x86_64-debian-gcc