CRAN Package Check Results for Package R2SWF

Last updated on 2014-09-22 23:49:23.

Flavor Version Tinstall Tcheck Ttotal Status Flags
r-devel-linux-x86_64-debian-clang 0.8 10.09 14.72 24.81 NOTE
r-devel-linux-x86_64-debian-gcc 0.8 13.18 14.66 27.84 NOTE
r-devel-linux-x86_64-fedora-clang 0.8 47.46 NOTE
r-devel-linux-x86_64-fedora-gcc 0.8 47.46 NOTE
r-devel-osx-x86_64-clang 0.8 47.08 NOTE
r-devel-windows-ix86+x86_64 0.8 58.00 42.00 100.00 NOTE
r-patched-linux-x86_64 0.8 13.39 15.77 29.16 OK
r-patched-solaris-sparc 0.8 309.00 OK
r-patched-solaris-x86 0.8 74.50 OK
r-release-linux-ix86 0.8 18.40 23.67 42.07 OK
r-release-linux-x86_64 0.8 13.11 16.45 29.56 OK
r-release-osx-x86_64-mavericks 0.8 OK
r-release-osx-x86_64-snowleopard 0.8 OK
r-release-windows-ix86+x86_64 0.8 66.00 41.00 107.00 OK
r-oldrel-windows-ix86+x86_64 0.8 64.00 41.00 105.00 OK

Memtest notes: valgrind

Check Details

Version: 0.8
Check: R code for possible problems
Result: NOTE
    parseSVG: no visible global function definition for ‘xmlParse’
    parseSVG: no visible global function definition for ‘newXMLNamespace’
    parseSVG: no visible global function definition for ‘xmlRoot’
    parseSVG: no visible global function definition for ‘getNodeSet’
    parseSVG : updateStyleUpward: no visible global function definition for
     ‘xmlAttrs’
    parseSVG : updateStyleUpward: no visible global function definition for
     ‘xmlParent’
    parseSVG : parseNode: no visible global function definition for
     ‘xmlName’
    parseSVG : parseNode: no visible global function definition for
     ‘xmlAttrs’
    parseSVG : parseNode: no visible global function definition for
     ‘getNodeSet’
    parseSVG : expandNode: no visible global function definition for
     ‘xmlChildren’
    parseSVG: no visible global function definition for ‘xmlSApply’
    svg2swf: no visible global function definition for ‘xmlParse’
    svg2swf: no visible global function definition for ‘xmlAttrs’
    svg2swf: no visible global function definition for ‘xmlRoot’
Flavors: r-devel-linux-x86_64-debian-clang, r-devel-linux-x86_64-debian-gcc, r-devel-linux-x86_64-fedora-clang, r-devel-linux-x86_64-fedora-gcc, r-devel-osx-x86_64-clang, r-devel-windows-ix86+x86_64