CRAN Package Check Results for Package R2SWF

Last updated on 2015-07-02 23:47:30.

Flavor Version Tinstall Tcheck Ttotal Status Flags
r-devel-linux-x86_64-debian-clang 0.9 10.59 13.58 24.17 NOTE
r-devel-linux-x86_64-debian-gcc 0.9 13.00 13.50 26.50 NOTE
r-devel-linux-x86_64-fedora-clang 0.9 44.20 NOTE
r-devel-linux-x86_64-fedora-gcc 0.9 42.52 NOTE
r-devel-osx-x86_64-clang 0.9 34.28 OK
r-devel-windows-ix86+x86_64 0.9 62.00 36.00 98.00 NOTE
r-patched-linux-x86_64 0.9 12.96 12.85 25.81 OK
r-patched-solaris-sparc 0.9 279.20 OK
r-patched-solaris-x86 0.9 66.30 OK
r-release-linux-x86_64 0.9 12.85 13.42 26.27 OK
r-release-osx-x86_64-mavericks 0.9 NOTE
r-release-windows-ix86+x86_64 0.9 62.00 36.00 98.00 OK
r-oldrel-windows-ix86+x86_64 0.9 68.00 44.00 112.00 OK

Check Details

Version: 0.9
Check: R code for possible problems
Result: NOTE
    dev2swf: no visible global function definition for ‘dev.off’
    image2swf: no visible global function definition for ‘col2rgb’
    svg2swf: no visible global function definition for ‘col2rgb’
    swf: no visible global function definition for ‘col2rgb’
    swf2html: no visible global function definition for ‘browseURL’
    Undefined global functions or variables:
     browseURL col2rgb dev.off
Flavors: r-devel-linux-x86_64-debian-clang, r-devel-linux-x86_64-fedora-clang, r-devel-linux-x86_64-fedora-gcc, r-devel-windows-ix86+x86_64

Version: 0.9
Check: R code for possible problems
Result: NOTE
    dev2swf: no visible global function definition for ‘dev.off’
    image2swf: no visible global function definition for ‘col2rgb’
    svg2swf: no visible global function definition for ‘col2rgb’
    swf: no visible global function definition for ‘col2rgb’
    swf2html: no visible global function definition for ‘browseURL’
Flavor: r-devel-linux-x86_64-debian-gcc

Version: 0.9
Check: package dependencies
Result: NOTE
    Package suggested but not available for checking: ‘Cairo’
Flavor: r-release-osx-x86_64-mavericks

Version: 0.9
Check: Rd cross-references
Result: NOTE
    Package unavailable to check Rd xrefs: ‘Cairo’
Flavor: r-release-osx-x86_64-mavericks