CRAN Package Check Results for Package R2SWF

Last updated on 2014-08-23 02:50:03.

Flavor Version Tinstall Tcheck Ttotal Status Flags
r-devel-linux-x86_64-debian-clang 0.8 9.41 14.67 24.08 NOTE
r-devel-linux-x86_64-debian-gcc 0.8 13.18 14.48 27.66 NOTE
r-devel-linux-x86_64-fedora-clang 0.8 46.62 NOTE
r-devel-linux-x86_64-fedora-gcc 0.8 47.48 NOTE
r-devel-osx-x86_64-clang 0.8 45.58 NOTE
r-devel-windows-ix86+x86_64 0.8 57.00 40.00 97.00 OK
r-patched-linux-x86_64 0.8 13.25 15.17 28.42 OK
r-patched-solaris-sparc 0.8 309.00 OK
r-patched-solaris-x86 0.8 71.40 OK
r-release-linux-ix86 0.8 20.59 23.64 44.23 OK
r-release-linux-x86_64 0.8 13.45 15.24 28.69 OK
r-release-osx-x86_64-mavericks 0.8 OK
r-release-osx-x86_64-snowleopard 0.8 OK
r-release-windows-ix86+x86_64 0.8 56.00 41.00 97.00 OK
r-oldrel-windows-ix86+x86_64 0.8 59.00 45.00 104.00 OK

Memtest notes: valgrind

Check Details

Version: 0.8
Check: R code for possible problems
Result: NOTE
    parseSVG: no visible global function definition for ‘xmlParse’
    parseSVG: no visible global function definition for ‘newXMLNamespace’
    parseSVG: no visible global function definition for ‘xmlRoot’
    parseSVG: no visible global function definition for ‘getNodeSet’
    parseSVG : updateStyleUpward: no visible global function definition for
     ‘xmlAttrs’
    parseSVG : updateStyleUpward: no visible global function definition for
     ‘xmlParent’
    parseSVG : parseNode: no visible global function definition for
     ‘xmlName’
    parseSVG : parseNode: no visible global function definition for
     ‘xmlAttrs’
    parseSVG : parseNode: no visible global function definition for
     ‘getNodeSet’
    parseSVG : expandNode: no visible global function definition for
     ‘xmlChildren’
    parseSVG: no visible global function definition for ‘xmlSApply’
    svg2swf: no visible global function definition for ‘xmlParse’
    svg2swf: no visible global function definition for ‘xmlAttrs’
    svg2swf: no visible global function definition for ‘xmlRoot’
Flavors: r-devel-linux-x86_64-debian-clang, r-devel-linux-x86_64-debian-gcc, r-devel-linux-x86_64-fedora-clang, r-devel-linux-x86_64-fedora-gcc, r-devel-osx-x86_64-clang