CRAN Package Check Results for Package R2SWF

Last updated on 2014-11-20 19:48:27.

Flavor Version Tinstall Tcheck Ttotal Status Flags
r-devel-linux-x86_64-debian-clang 0.8 10.10 16.26 26.36 NOTE
r-devel-linux-x86_64-debian-gcc 0.8 13.22 15.36 28.58 NOTE
r-devel-linux-x86_64-fedora-clang 0.8 49.38 NOTE
r-devel-linux-x86_64-fedora-gcc 0.8 49.45 NOTE
r-devel-osx-x86_64-clang 0.8 43.87 NOTE
r-devel-windows-ix86+x86_64 0.8 57.00 39.00 96.00 NOTE
r-patched-linux-x86_64 0.8 13.32 15.61 28.93 NOTE
r-patched-solaris-sparc 0.8 311.20 NOTE
r-patched-solaris-x86 0.8 72.20 NOTE
r-release-linux-ix86 0.8 17.54 22.65 40.18 NOTE
r-release-linux-x86_64 0.8 13.07 15.40 28.46 NOTE
r-release-osx-x86_64-mavericks 0.8 OK
r-release-osx-x86_64-snowleopard 0.8 OK
r-release-windows-ix86+x86_64 0.8 79.00 40.00 119.00 NOTE
r-oldrel-windows-ix86+x86_64 0.8 60.00 45.00 105.00 OK

Memtest notes: valgrind

Check Details

Version: 0.8
Check: R code for possible problems
Result: NOTE
    parseSVG: no visible global function definition for ‘xmlParse’
    parseSVG: no visible global function definition for ‘newXMLNamespace’
    parseSVG: no visible global function definition for ‘xmlRoot’
    parseSVG: no visible global function definition for ‘getNodeSet’
    parseSVG : updateStyleUpward: no visible global function definition for
     ‘xmlAttrs’
    parseSVG : updateStyleUpward: no visible global function definition for
     ‘xmlParent’
    parseSVG : parseNode: no visible global function definition for
     ‘xmlName’
    parseSVG : parseNode: no visible global function definition for
     ‘xmlAttrs’
    parseSVG : parseNode: no visible global function definition for
     ‘getNodeSet’
    parseSVG : expandNode: no visible global function definition for
     ‘xmlChildren’
    parseSVG: no visible global function definition for ‘xmlSApply’
    svg2swf: no visible global function definition for ‘xmlParse’
    svg2swf: no visible global function definition for ‘xmlAttrs’
    svg2swf: no visible global function definition for ‘xmlRoot’
Flavors: r-devel-linux-x86_64-debian-clang, r-devel-linux-x86_64-debian-gcc, r-devel-linux-x86_64-fedora-clang, r-devel-linux-x86_64-fedora-gcc, r-devel-osx-x86_64-clang, r-devel-windows-ix86+x86_64, r-patched-linux-x86_64, r-patched-solaris-sparc, r-patched-solaris-x86, r-release-linux-ix86, r-release-linux-x86_64, r-release-windows-ix86+x86_64