CRAN Package Check Results for Package R2SWF

Last updated on 2015-01-30 23:48:53.

Flavor Version Tinstall Tcheck Ttotal Status Flags
r-devel-linux-x86_64-debian-clang 0.8-2 9.99 14.07 24.06 NOTE
r-devel-linux-x86_64-debian-gcc 0.8-2 13.52 13.46 26.98 NOTE
r-devel-linux-x86_64-fedora-clang 0.8-2 47.57 NOTE
r-devel-linux-x86_64-fedora-gcc 0.8-2 45.90 NOTE
r-devel-osx-x86_64-clang 0.8-2 45.69 NOTE
r-devel-windows-ix86+x86_64 0.8-2 113.00 35.00 148.00 NOTE
r-patched-linux-x86_64 0.8-2 13.40 16.11 29.52 OK
r-patched-solaris-sparc 0.8-2 308.40 OK
r-patched-solaris-x86 0.8-2 73.00 OK
r-release-linux-ix86 0.8-2 18.42 22.99 41.41 OK
r-release-linux-x86_64 0.8-2 13.36 18.14 31.50 OK
r-release-osx-x86_64-mavericks 0.8-2 OK
r-release-osx-x86_64-snowleopard 0.8-2 OK
r-release-windows-ix86+x86_64 0.8-2 63.00 44.00 107.00 OK
r-oldrel-windows-ix86+x86_64 0.8-2 68.00 70.00 138.00 OK

Check Details

Version: 0.8-2
Check: dependencies in R code
Result: NOTE
    'library' or 'require' call to ‘XML’ in package code.
     Please use :: or requireNamespace() instead.
     See section 'Suggested packages' in the 'Writing R Extensions' manual.
Flavors: r-devel-linux-x86_64-debian-clang, r-devel-linux-x86_64-debian-gcc, r-devel-linux-x86_64-fedora-clang, r-devel-linux-x86_64-fedora-gcc, r-devel-osx-x86_64-clang, r-devel-windows-ix86+x86_64