CRAN Package Check Results for Package R.oo

Last updated on 2015-02-27 16:47:59.

Flavor Version Tinstall Tcheck Ttotal Status Flags
r-devel-linux-x86_64-debian-clang 1.18.0 2.74 29.90 32.64 NOTE
r-devel-linux-x86_64-debian-gcc 1.18.0 2.58 28.70 31.28 NOTE
r-devel-linux-x86_64-fedora-clang 1.18.0 62.08 NOTE
r-devel-linux-x86_64-fedora-gcc 1.18.0 59.58 NOTE
r-devel-osx-x86_64-clang 1.18.0 61.36 NOTE
r-devel-windows-ix86+x86_64 1.18.0 13.00 60.00 73.00 NOTE
r-patched-linux-x86_64 1.18.0 2.64 32.44 35.08 NOTE
r-patched-solaris-sparc 1.18.0 433.40 NOTE
r-patched-solaris-x86 NOTE
r-release-linux-ix86 1.18.0 3.29 41.02 44.32 OK
r-release-linux-x86_64 1.18.0 2.78 31.78 34.55 OK
r-release-osx-x86_64-mavericks 1.18.0 OK
r-release-osx-x86_64-snowleopard 1.18.0 OK
r-release-windows-ix86+x86_64 1.18.0 10.00 51.00 61.00 OK
r-oldrel-windows-ix86+x86_64 1.18.0 11.00 73.00 84.00 OK

Check Details

Version: 1.18.0
Check: dependencies in R code
Result: NOTE
    'library' or 'require' call to ‘pkg’ in package code.
     Please use :: or requireNamespace() instead.
     See section 'Suggested packages' in the 'Writing R Extensions' manual.
Flavors: r-devel-linux-x86_64-debian-clang, r-devel-linux-x86_64-debian-gcc, r-devel-linux-x86_64-fedora-clang, r-devel-linux-x86_64-fedora-gcc, r-devel-osx-x86_64-clang, r-devel-windows-ix86+x86_64, r-patched-linux-x86_64, r-patched-solaris-sparc, r-patched-solaris-x86

Version: 1.18.0
Check: S3 generic/method consistency
Result: NOTE
    Found the following apparent S3 methods exported but not registered:
     getClasses.default getMethods.default
    See section ‘Registering S3 methods’ in the ‘Writing R Extensions’
    manual.
Flavors: r-devel-linux-x86_64-debian-clang, r-devel-linux-x86_64-debian-gcc, r-devel-linux-x86_64-fedora-clang, r-devel-linux-x86_64-fedora-gcc, r-devel-osx-x86_64-clang