CRAN Package Check Results for Package PolynomF

Last updated on 2015-03-31 03:48:37.

Flavor Version Tinstall Tcheck Ttotal Status Flags
r-devel-linux-x86_64-debian-clang 0.94 0.86 11.39 12.25 NOTE
r-devel-linux-x86_64-debian-gcc 0.94 0.84 10.50 11.34 NOTE
r-devel-linux-x86_64-fedora-clang 0.94 23.12 NOTE
r-devel-linux-x86_64-fedora-gcc 0.94 21.07 NOTE
r-devel-osx-x86_64-clang 0.94 29.68 NOTE
r-prerel-windows-ix86+x86_64 0.94 7.00 22.00 29.00 NOTE
r-prerel-linux-x86_64 0.94 0.85 10.88 11.73 NOTE
r-prerel-solaris-sparc 0.94 132.40 NOTE
r-prerel-solaris-x86 0.94 31.30 NOTE
r-release-linux-x86_64 0.94 0.98 12.12 13.10 NOTE
r-release-osx-x86_64-mavericks 0.94 OK
r-release-windows-ix86+x86_64 0.94 8.00 23.00 31.00 NOTE
r-oldrel-windows-ix86+x86_64 0.94 4.00 22.00 26.00 OK

Check Details

Version: 0.94
Check: DESCRIPTION meta-information
Result: NOTE
    Malformed Description field: should contain one or more complete sentences.
Flavors: r-devel-linux-x86_64-debian-clang, r-devel-linux-x86_64-debian-gcc, r-devel-linux-x86_64-fedora-clang, r-devel-linux-x86_64-fedora-gcc, r-devel-osx-x86_64-clang, r-prerel-windows-ix86+x86_64, r-prerel-linux-x86_64, r-prerel-solaris-sparc, r-prerel-solaris-x86

Version: 0.94
Check: dependencies in R code
Result: NOTE
    'library' or 'require' call to ‘stats’ in package code.
     Please use :: or requireNamespace() instead.
     See section 'Suggested packages' in the 'Writing R Extensions' manual.
Flavors: r-devel-linux-x86_64-debian-clang, r-devel-linux-x86_64-debian-gcc, r-devel-linux-x86_64-fedora-clang, r-devel-linux-x86_64-fedora-gcc, r-devel-osx-x86_64-clang, r-prerel-windows-ix86+x86_64, r-prerel-linux-x86_64, r-prerel-solaris-sparc, r-prerel-solaris-x86, r-release-linux-x86_64, r-release-windows-ix86+x86_64