CRAN Package Check Results for Package PBImisc

Last updated on 2015-05-24 15:46:57.

Flavor Version Tinstall Tcheck Ttotal Status Flags
r-devel-linux-x86_64-debian-clang 0.999 3.90 44.44 48.34 NOTE
r-devel-linux-x86_64-debian-gcc 0.999 3.96 43.46 47.42 NOTE
r-devel-linux-x86_64-fedora-clang 0.999 99.23 NOTE
r-devel-linux-x86_64-fedora-gcc 0.999 92.21 NOTE
r-devel-osx-x86_64-clang 0.999 85.96 NOTE
r-devel-windows-ix86+x86_64 0.999 11.00 69.00 80.00 NOTE
r-patched-linux-x86_64 0.999 4.15 42.35 46.50 NOTE
r-patched-solaris-sparc 0.999 589.80 NOTE
r-patched-solaris-x86 0.999 132.30 NOTE
r-release-linux-x86_64 0.999 3.64 43.41 47.05 NOTE
r-release-osx-x86_64-mavericks 0.999 NOTE
r-release-osx-x86_64-snowleopard 0.999 ERROR
r-release-windows-ix86+x86_64 0.999 10.00 70.00 80.00 NOTE
r-oldrel-windows-ix86+x86_64 0.999 16.00 76.00 92.00 NOTE

Check Details

Version: 0.999
Check: DESCRIPTION meta-information
Result: NOTE
    Malformed Description field: should contain one or more complete sentences.
Flavors: r-devel-linux-x86_64-debian-clang, r-devel-linux-x86_64-debian-gcc, r-devel-linux-x86_64-fedora-clang, r-devel-linux-x86_64-fedora-gcc, r-devel-osx-x86_64-clang, r-devel-windows-ix86+x86_64, r-patched-linux-x86_64, r-patched-solaris-sparc, r-patched-solaris-x86, r-release-linux-x86_64, r-release-osx-x86_64-mavericks, r-release-osx-x86_64-snowleopard, r-release-windows-ix86+x86_64

Version: 0.999
Check: dependencies in R code
Result: NOTE
    Packages in Depends field not imported from:
     ‘MASS’ ‘Matrix’ ‘lme4’
     These packages need to be imported from (in the NAMESPACE file)
     for when this namespace is loaded but not attached.
Flavors: r-devel-linux-x86_64-debian-clang, r-devel-linux-x86_64-debian-gcc, r-devel-linux-x86_64-fedora-clang, r-devel-linux-x86_64-fedora-gcc, r-devel-osx-x86_64-clang, r-devel-windows-ix86+x86_64, r-patched-linux-x86_64, r-patched-solaris-sparc, r-patched-solaris-x86, r-release-linux-x86_64, r-release-osx-x86_64-mavericks, r-release-osx-x86_64-snowleopard, r-release-windows-ix86+x86_64, r-oldrel-windows-ix86+x86_64

Version: 0.999
Check: R code for possible problems
Result: NOTE
    groupDisp: no visible global function definition for ‘lmer’
    groupDisp : <anonymous>: no visible global function definition for
     ‘lmer’
    groupDisp : <anonymous>: no visible global function definition for
     ‘fixef’
    groupDisp : <anonymous>: no visible global function definition for
     ‘VarCorr’
    obsDisp: no visible global function definition for ‘lmer’
    obsDisp : <anonymous>: no visible global function definition for ‘lmer’
    obsDisp : <anonymous>: no visible global function definition for
     ‘fixef’
    obsDisp : <anonymous>: no visible global function definition for
     ‘VarCorr’
    recalculateLogLik: no visible global function definition for ‘VarCorr’
    recalculateLogLik: no visible global function definition for ‘getME’
    recalculateLogLik: no visible global function definition for ‘Matrix’
    recalculateLogLik: no visible global function definition for ‘Diagonal’
Flavors: r-devel-linux-x86_64-debian-clang, r-devel-linux-x86_64-debian-gcc, r-devel-linux-x86_64-fedora-clang, r-devel-linux-x86_64-fedora-gcc, r-devel-osx-x86_64-clang, r-devel-windows-ix86+x86_64, r-patched-linux-x86_64, r-patched-solaris-sparc, r-patched-solaris-x86, r-release-linux-x86_64, r-release-osx-x86_64-mavericks, r-release-osx-x86_64-snowleopard, r-release-windows-ix86+x86_64, r-oldrel-windows-ix86+x86_64

Version: 0.999
Check: package dependencies
Result: NOTE
    Package suggested but not available for checking: ‘ggplot2’
Flavor: r-release-osx-x86_64-snowleopard

Version: 0.999
Check: examples
Result: ERROR
    Running examples in ‘PBImisc-Ex.R’ failed
    The error most likely occurred in:
    
    > ### Name: flu
    > ### Title: Numbers of flu occurences in the 10 years period in the Poland.
    > ### Aliases: flu
    > ### Keywords: flu
    >
    > ### ** Examples
    >
    > data(flu)
    > library(ggplot2)
    Error in library(ggplot2) : there is no package called ‘ggplot2’
    Execution halted
Flavor: r-release-osx-x86_64-snowleopard