CRAN Package Check Results for Package PBImisc

Last updated on 2014-12-22 23:48:52.

Flavor Version Tinstall Tcheck Ttotal Status Flags
r-devel-linux-x86_64-debian-clang 0.999 5.29 56.11 61.40 NOTE
r-devel-linux-x86_64-debian-gcc 0.999 4.96 53.35 58.30 NOTE
r-devel-linux-x86_64-fedora-clang 0.999 143.27 NOTE
r-devel-linux-x86_64-fedora-gcc 0.999 140.91 NOTE
r-devel-osx-x86_64-clang 0.999 118.46 NOTE
r-devel-windows-ix86+x86_64 0.999 13.00 76.00 89.00 NOTE
r-patched-linux-x86_64 0.999 5.29 56.40 61.69 NOTE
r-patched-solaris-sparc 0.999 792.80 NOTE
r-patched-solaris-x86 0.999 182.20 NOTE
r-release-linux-ix86 0.999 6.08 64.84 70.92 NOTE
r-release-linux-x86_64 0.999 5.28 56.13 61.41 NOTE
r-release-osx-x86_64-mavericks 0.999 NOTE
r-release-osx-x86_64-snowleopard 0.999 ERROR
r-release-windows-ix86+x86_64 0.999 15.00 93.00 108.00 NOTE
r-oldrel-windows-ix86+x86_64 0.999 15.00 86.00 101.00 NOTE

Check Details

Version: 0.999
Check: dependencies in R code
Result: NOTE
    Packages in Depends field not imported from:
     ‘MASS’ ‘Matrix’ ‘lme4’
     These packages need to be imported from (in the NAMESPACE file)
     for when this namespace is loaded but not attached.
    See the information on DESCRIPTION files in the chapter ‘Creating R
    packages’ of the ‘Writing R Extensions’ manual.
Flavors: r-devel-linux-x86_64-debian-clang, r-devel-linux-x86_64-debian-gcc, r-devel-linux-x86_64-fedora-clang, r-devel-linux-x86_64-fedora-gcc, r-devel-osx-x86_64-clang, r-devel-windows-ix86+x86_64, r-patched-linux-x86_64, r-patched-solaris-sparc, r-patched-solaris-x86, r-release-linux-ix86, r-release-linux-x86_64, r-release-osx-x86_64-mavericks, r-release-windows-ix86+x86_64, r-oldrel-windows-ix86+x86_64

Version: 0.999
Check: R code for possible problems
Result: NOTE
    groupDisp: no visible global function definition for ‘lmer’
    groupDisp : <anonymous>: no visible global function definition for
     ‘lmer’
    groupDisp : <anonymous>: no visible global function definition for
     ‘fixef’
    groupDisp : <anonymous>: no visible global function definition for
     ‘VarCorr’
    obsDisp: no visible global function definition for ‘lmer’
    obsDisp : <anonymous>: no visible global function definition for ‘lmer’
    obsDisp : <anonymous>: no visible global function definition for
     ‘fixef’
    obsDisp : <anonymous>: no visible global function definition for
     ‘VarCorr’
    recalculateLogLik: no visible global function definition for ‘VarCorr’
    recalculateLogLik: no visible global function definition for ‘getME’
    recalculateLogLik: no visible global function definition for ‘Matrix’
    recalculateLogLik: no visible global function definition for ‘Diagonal’
Flavors: r-devel-linux-x86_64-debian-clang, r-devel-linux-x86_64-debian-gcc, r-devel-linux-x86_64-fedora-clang, r-devel-linux-x86_64-fedora-gcc, r-devel-osx-x86_64-clang, r-devel-windows-ix86+x86_64, r-patched-linux-x86_64, r-patched-solaris-sparc, r-patched-solaris-x86, r-release-linux-ix86, r-release-linux-x86_64, r-release-windows-ix86+x86_64

Version: 0.999
Check: whether package can be installed
Result: ERROR
    Installation failed.
Flavor: r-release-osx-x86_64-snowleopard