CRAN Package Check Results for Package NightDay

Last updated on 2015-04-01 21:47:43.

Flavor Version Tinstall Tcheck Ttotal Status Flags
r-devel-linux-x86_64-debian-clang 1.0.1 0.52 8.59 9.12 NOTE
r-devel-linux-x86_64-debian-gcc 1.0.1 0.52 8.80 9.32 NOTE
r-devel-linux-x86_64-fedora-clang 1.0.1 17.40 NOTE
r-devel-linux-x86_64-fedora-gcc 1.0.1 16.31 NOTE
r-devel-osx-x86_64-clang 1.0.1 25.46 NOTE
r-prerel-windows-ix86+x86_64 1.0.1 4.00 17.00 21.00 OK
r-prerel-linux-x86_64 1.0.1 0.52 8.64 9.16 NOTE
r-prerel-solaris-sparc 1.0.1 111.10 OK
r-prerel-solaris-x86 1.0.1 26.40 OK
r-release-linux-x86_64 1.0.1 0.71 9.77 10.48 OK
r-release-osx-x86_64-mavericks 1.0.1 OK
r-release-osx-x86_64-snowleopard 1.0.1 OK
r-release-windows-ix86+x86_64 1.0.1 4.00 19.00 23.00 OK
r-oldrel-windows-ix86+x86_64 1.0.1 2.00 18.00 20.00 OK

Check Details

Version: 1.0.1
Check: S3 generic/method consistency
Result: NOTE
    Found the following apparent S3 methods exported but not registered:
     plot.NightDay
    See section ‘Registering S3 methods’ in the ‘Writing R Extensions’
    manual.
Flavors: r-devel-linux-x86_64-debian-clang, r-devel-linux-x86_64-debian-gcc, r-devel-linux-x86_64-fedora-clang, r-devel-linux-x86_64-fedora-gcc, r-devel-osx-x86_64-clang, r-prerel-linux-x86_64