CRAN Package Check Results for Package NightDay

Last updated on 2015-03-02 05:47:46.

Flavor Version Tinstall Tcheck Ttotal Status Flags
r-devel-linux-x86_64-debian-clang 1.0.1 0.53 8.86 9.39 NOTE
r-devel-linux-x86_64-debian-gcc 1.0.1 0.55 8.46 9.01 NOTE
r-devel-linux-x86_64-fedora-clang 1.0.1 18.03 NOTE
r-devel-linux-x86_64-fedora-gcc 1.0.1 16.73 NOTE
r-devel-osx-x86_64-clang 1.0.1 22.85 NOTE
r-devel-windows-ix86+x86_64 1.0.1 4.00 17.00 21.00 OK
r-patched-linux-x86_64 1.0.1 0.56 9.78 10.34 OK
r-patched-solaris-sparc 1.0.1 122.30 OK
r-patched-solaris-x86 1.0.1 31.40 OK
r-release-linux-ix86 1.0.1 0.86 16.60 17.46 OK
r-release-linux-x86_64 1.0.1 0.58 9.67 10.24 OK
r-release-osx-x86_64-mavericks 1.0.1 OK
r-release-osx-x86_64-snowleopard 1.0.1 OK
r-release-windows-ix86+x86_64 1.0.1 3.00 18.00 21.00 OK
r-oldrel-windows-ix86+x86_64 1.0.1 2.00 18.00 20.00 OK

Check Details

Version: 1.0.1
Check: S3 generic/method consistency
Result: NOTE
    Found the following apparent S3 methods exported but not registered:
     plot.NightDay
    See section ‘Registering S3 methods’ in the ‘Writing R Extensions’
    manual.
Flavors: r-devel-linux-x86_64-debian-clang, r-devel-linux-x86_64-debian-gcc, r-devel-linux-x86_64-fedora-clang, r-devel-linux-x86_64-fedora-gcc, r-devel-osx-x86_64-clang