CRAN Package Check Results for Package NHPoisson

Last updated on 2015-04-27 08:48:16.

Flavor Version Tinstall Tcheck Ttotal Status Flags
r-devel-linux-x86_64-debian-clang 3.1 4.18 60.93 65.11 OK
r-devel-linux-x86_64-debian-gcc 3.1 3.99 59.30 63.29 OK
r-devel-linux-x86_64-fedora-clang 3.1 121.59 OK
r-devel-linux-x86_64-fedora-gcc 3.1 114.31 OK
r-devel-osx-x86_64-clang 3.1 105.26 OK
r-devel-windows-ix86+x86_64 3.1 11.00 101.00 112.00 OK
r-patched-linux-x86_64 3.1 4.14 59.00 63.14 OK
r-patched-solaris-sparc 3.1 683.30 OK
r-patched-solaris-x86 3.1 171.80 OK
r-release-linux-x86_64 3.1 3.96 58.02 61.99 OK
r-release-osx-x86_64-mavericks 3.1 OK
r-release-osx-x86_64-snowleopard 3.1 ERROR
r-release-windows-ix86+x86_64 3.1 11.00 92.00 103.00 OK
r-oldrel-windows-ix86+x86_64 3.1 16.00 117.00 133.00 OK

Check Details

Version: 3.1
Check: package dependencies
Result: ERROR
    Package required but not available: ‘car’
    
    See section ‘The DESCRIPTION file’ in the ‘Writing R Extensions’
    manual.
Flavor: r-release-osx-x86_64-snowleopard