CRAN Package Check Results for Package NHPoisson

Last updated on 2014-08-30 15:48:41.

Flavor Version Tinstall Tcheck Ttotal Status Flags
r-devel-linux-x86_64-debian-clang 3.0 1.47 28.51 29.98 OK
r-devel-linux-x86_64-debian-gcc 3.0 1.27 27.50 28.76 OK
r-devel-linux-x86_64-fedora-clang 3.0 57.05 OK
r-devel-linux-x86_64-fedora-gcc 3.0 54.25 OK
r-devel-osx-x86_64-clang 3.0 49.29 OK
r-devel-windows-ix86+x86_64 3.0 6.00 41.00 47.00 OK
r-patched-linux-x86_64 3.0 1.46 28.24 29.70 OK
r-patched-solaris-sparc 3.0 344.30 OK
r-patched-solaris-x86 3.0 76.10 OK
r-release-linux-ix86 3.0 1.72 41.56 43.28 OK
r-release-linux-x86_64 3.0 1.49 29.25 30.74 OK
r-release-osx-x86_64-mavericks 3.0 OK
r-release-osx-x86_64-snowleopard 3.0 OK
r-release-windows-ix86+x86_64 3.0 4.00 44.00 48.00 OK
r-oldrel-windows-ix86+x86_64 3.0 6.00 26.00 32.00 ERROR

Check Details

Version: 3.0
Check: R code for possible problems
Result: NOTE
    fitPP.fun: no visible global function definition for 'anyNA'
Flavor: r-oldrel-windows-ix86+x86_64

Version: 3.0
Check: examples
Result: ERROR
    Running examples in 'NHPoisson-Ex.R' failed
    The error most likely occurred in:
    
    > ### Name: CalcRes.fun
    > ### Title: Calculate NHPP residuals on overlapping intervals
    > ### Aliases: CalcRes.fun
    >
    > ### ** Examples
    >
    >
    > X1<-rnorm(1000)
    > X2<-rnorm(1000)
    >
    > modE<-fitPP.fun(tind=TRUE,covariates=cbind(X1,X2),
    + posE=round(runif(40,1,1000)), inddat=rep(1,1000),
    + tim=c(1:1000), tit="Simulated example",start=list(b0=1,b1=0,b2=0),
    + dplot=FALSE,modCI=FALSE,modSim=TRUE)
    Error in fitPP.fun(tind = TRUE, covariates = cbind(X1, X2), posE = round(runif(40, :
     could not find function "anyNA"
    Execution halted
Flavor: r-oldrel-windows-ix86+x86_64