CRAN Package Check Results for Package NHPoisson

Last updated on 2015-02-28 19:51:12.

Flavor Version Tinstall Tcheck Ttotal Status Flags
r-devel-linux-x86_64-debian-clang 3.0 4.12 58.63 62.76 OK
r-devel-linux-x86_64-debian-gcc 3.0 3.88 57.18 61.06 OK
r-devel-linux-x86_64-fedora-clang 3.0 132.26 OK
r-devel-linux-x86_64-fedora-gcc 3.0 109.91 OK
r-devel-osx-x86_64-clang 3.0 109.16 OK
r-devel-windows-ix86+x86_64 3.0 16.00 86.00 102.00 OK
r-patched-linux-x86_64 3.0 6.66 77.74 84.41 OK
r-patched-solaris-sparc 3.0 354.70 OK
r-patched-solaris-x86 3.0 234.80 OK
r-release-linux-ix86 3.0 6.60 96.27 102.87 OK
r-release-linux-x86_64 3.0 6.61 75.38 81.99 OK
r-release-osx-x86_64-mavericks 3.0 OK
r-release-osx-x86_64-snowleopard 3.0 OK
r-release-windows-ix86+x86_64 3.0 18.00 117.00 135.00 OK
r-oldrel-windows-ix86+x86_64 3.0 16.00 91.00 107.00 ERROR

Check Details

Version: 3.0
Check: R code for possible problems
Result: NOTE
    fitPP.fun: no visible global function definition for 'anyNA'
Flavor: r-oldrel-windows-ix86+x86_64

Version: 3.0
Check: examples
Result: ERROR
    Running examples in 'NHPoisson-Ex.R' failed
    The error most likely occurred in:
    
    > ### Name: CalcRes.fun
    > ### Title: Calculate NHPP residuals on overlapping intervals
    > ### Aliases: CalcRes.fun
    >
    > ### ** Examples
    >
    >
    > X1<-rnorm(1000)
    > X2<-rnorm(1000)
    >
    > modE<-fitPP.fun(tind=TRUE,covariates=cbind(X1,X2),
    + posE=round(runif(40,1,1000)), inddat=rep(1,1000),
    + tim=c(1:1000), tit="Simulated example",start=list(b0=1,b1=0,b2=0),
    + dplot=FALSE,modCI=FALSE,modSim=TRUE)
    Error in fitPP.fun(tind = TRUE, covariates = cbind(X1, X2), posE = round(runif(40, :
     could not find function "anyNA"
    Execution halted
Flavor: r-oldrel-windows-ix86+x86_64