CRAN Package Check Results for Package NHPoisson

Last updated on 2015-06-30 09:47:02.

Flavor Version Tinstall Tcheck Ttotal Status Flags
r-devel-linux-x86_64-debian-clang 3.1 4.26 59.83 64.09 NOTE
r-devel-linux-x86_64-debian-gcc 3.1 3.99 58.18 62.18 NOTE
r-devel-linux-x86_64-fedora-clang 3.1 118.53 OK
r-devel-linux-x86_64-fedora-gcc 3.1 109.43 OK
r-devel-osx-x86_64-clang 3.1 111.66 OK
r-devel-windows-ix86+x86_64 3.1 11.00 92.00 103.00 NOTE
r-patched-linux-x86_64 3.1 4.14 59.76 63.90 OK
r-patched-solaris-sparc 3.1 776.00 OK
r-patched-solaris-x86 3.1 170.30 OK
r-release-linux-x86_64 3.1 4.53 61.04 65.58 OK
r-release-osx-x86_64-mavericks 3.1 OK
r-release-windows-ix86+x86_64 3.1 15.00 89.00 104.00 OK
r-oldrel-windows-ix86+x86_64 3.1 19.00 134.00 153.00 OK

Check Details

Version: 3.1
Check: R code for possible problems
Result: NOTE
    CIdelta.fun: no visible global function definition for ‘qnorm’
    CItran.fun: no visible global function definition for ‘qnorm’
    GenEnv.fun: no visible global function definition for ‘complete.cases’
    GenEnv.fun: no visible binding for global variable ‘quantile’
    LRTpv.fun: no visible global function definition for ‘pchisq’
    confintAsin.fun: no visible global function definition for ‘qnorm’
    emplambda.fun: no visible global function definition for ‘title’
    emplambda.fun: no visible global function definition for ‘mtext’
    emplambdaD.fun: no visible global function definition for ‘title’
    emplambdaD.fun: no visible global function definition for ‘mtext’
    fitPP.fun: no visible global function definition for ‘nlminb’
    fitPP.fun: no visible global function definition for ‘optim’
    fitPP.fun: no visible global function definition for ‘lines’
    fitPP.fun: no visible global function definition for ‘legend’
    fitPP.fun: no visible global function definition for ‘mtext’
    globalval.fun: no visible global function definition for ‘dev.new’
    graphResCov.fun: no visible global function definition for ‘dev.new’
    graphResCov.fun: no visible global function definition for ‘par’
    graphResCov.fun: no visible global function definition for ‘mtext’
    graphResX.fun: no visible global function definition for ‘quantile’
    graphResX.fun: no visible global function definition for ‘lines’
    graphrate.fun: no visible global function definition for ‘dev.new’
    graphrate.fun: no visible global function definition for ‘par’
    graphrate.fun: no visible global function definition for ‘lines’
    graphrate.fun: no visible global function definition for ‘legend’
    graphrate.fun: no visible global function definition for ‘title’
    graphrate.fun: no visible global function definition for ‘mtext’
    graphres.fun: no visible global function definition for ‘dev.new’
    graphres.fun: no visible global function definition for ‘par’
    graphres.fun: no visible global function definition for ‘lines’
    graphres.fun: no visible global function definition for ‘points’
    graphres.fun: no visible global function definition for ‘legend’
    graphres.fun: no visible global function definition for ‘lowess’
    graphres.fun: no visible global function definition for ‘mtext’
    graphresU.fun: no visible global function definition for ‘dev.new’
    graphresU.fun: no visible global function definition for ‘par’
    graphresU.fun: no visible global function definition for ‘points’
    graphresU.fun: no visible global function definition for ‘lowess’
    graphresU.fun: no visible global function definition for ‘lines’
    graphresU.fun: no visible global function definition for ‘mtext’
    graphresU.fun: no visible global function definition for ‘lm’
    graphresU.fun: no visible binding for global variable ‘na.exclude’
    graphresU.fun: no visible global function definition for ‘predict’
    graphresU.fun: no visible global function definition for ‘cor.test’
    graphresU.fun: no visible global function definition for ‘title’
    graphresU.fun: no visible global function definition for ‘acf’
    graphresU.fun: no visible global function definition for ‘Box.test’
    graphresU.fun: no visible global function definition for ‘abline’
    graphresU.fun: no visible global function definition for ‘ks.test’
    resQQplot.fun: no visible binding for global variable ‘quantile’
    resQQplot.fun: no visible global function definition for ‘dev.new’
    resQQplot.fun: no visible global function definition for ‘par’
    resQQplot.fun: no visible global function definition for ‘points’
    resQQplot.fun: no visible global function definition for ‘lines’
    simNHP.fun: no visible global function definition for ‘rexp’
    testlik.fun: no visible global function definition for ‘pchisq’
Flavors: r-devel-linux-x86_64-debian-clang, r-devel-linux-x86_64-debian-gcc, r-devel-windows-ix86+x86_64