CRAN Package Check Results for Package MaXact

Last updated on 2015-05-26 16:47:53.

Flavor Version Tinstall Tcheck Ttotal Status Flags
r-devel-linux-x86_64-debian-clang 0.2.1 1.38 9.09 10.46 NOTE
r-devel-linux-x86_64-debian-gcc 0.2.1 1.45 8.42 9.88 NOTE
r-devel-linux-x86_64-fedora-clang 0.2.1 19.85 NOTE
r-devel-linux-x86_64-fedora-gcc 0.2.1 18.06 NOTE
r-devel-osx-x86_64-clang 0.2.1 22.40 NOTE
r-devel-windows-ix86+x86_64 0.2.1 10.00 24.00 34.00 NOTE
r-patched-linux-x86_64 0.2.1 1.40 8.21 9.61 NOTE
r-patched-solaris-sparc 0.2.1 108.50 NOTE
r-patched-solaris-x86 0.2.1 27.50 NOTE
r-release-linux-x86_64 0.2.1 1.44 9.30 10.74 NOTE
r-release-osx-x86_64-mavericks 0.2.1 NOTE
r-release-osx-x86_64-snowleopard 0.2.1 NOTE
r-release-windows-ix86+x86_64 0.2.1 9.00 27.00 36.00 NOTE
r-oldrel-windows-ix86+x86_64 0.2.1 9.00 28.00 37.00 NOTE

Check Details

Version: 0.2.1
Check: dependencies in R code
Result: NOTE
    Package in Depends field not imported from: ‘mnormt’
     These packages need to be imported from (in the NAMESPACE file)
     for when this namespace is loaded but not attached.
Flavors: r-devel-linux-x86_64-debian-clang, r-devel-linux-x86_64-debian-gcc, r-devel-linux-x86_64-fedora-clang, r-devel-linux-x86_64-fedora-gcc, r-devel-osx-x86_64-clang, r-devel-windows-ix86+x86_64, r-patched-linux-x86_64, r-patched-solaris-sparc, r-patched-solaris-x86, r-release-linux-x86_64, r-release-osx-x86_64-mavericks, r-release-osx-x86_64-snowleopard, r-release-windows-ix86+x86_64, r-oldrel-windows-ix86+x86_64

Version: 0.2.1
Check: R code for possible problems
Result: NOTE
    fnorm2: no visible global function definition for ‘sadmvn’
    fnorm3: no visible global function definition for ‘sadmvn’
Flavors: r-devel-linux-x86_64-debian-clang, r-devel-linux-x86_64-debian-gcc, r-devel-linux-x86_64-fedora-clang, r-devel-linux-x86_64-fedora-gcc, r-devel-osx-x86_64-clang, r-devel-windows-ix86+x86_64, r-patched-linux-x86_64, r-patched-solaris-sparc, r-patched-solaris-x86, r-release-linux-x86_64, r-release-osx-x86_64-mavericks, r-release-osx-x86_64-snowleopard, r-release-windows-ix86+x86_64, r-oldrel-windows-ix86+x86_64