CRAN Package Check Results for Package GeneralizedHyperbolic

Last updated on 2014-07-25 01:48:45.

Flavor Version Tinstall Tcheck Ttotal Status Flags
r-devel-linux-x86_64-debian-clang 0.8-1 1.73 88.78 90.52 NOTE
r-devel-linux-x86_64-debian-gcc 0.8-1 1.76 85.76 87.52 NOTE
r-devel-linux-x86_64-fedora-clang 0.8-1 199.20 NOTE
r-devel-linux-x86_64-fedora-gcc 0.8-1 184.91 NOTE
r-devel-osx-x86_64-clang 0.8-1 146.23 NOTE
r-devel-windows-ix86+x86_64 0.8-1 6.00 133.00 139.00 NOTE
r-patched-linux-x86_64 0.8-1 1.73 88.16 89.89 NOTE
r-patched-solaris-sparc 0.8-1 1163.80 NOTE
r-patched-solaris-x86 0.8-1 210.60 NOTE
r-release-linux-ix86 0.8-1 2.22 112.71 114.93 NOTE
r-release-linux-x86_64 0.8-1 1.76 89.76 91.52 NOTE
r-release-osx-x86_64-mavericks 0.8-1 NOTE
r-release-windows-ix86+x86_64 0.8-1 6.00 148.00 154.00 NOTE
r-oldrel-windows-ix86+x86_64 0.8-1 5.00 147.00 152.00 NOTE

Check Details

Version: 0.8-1
Check: dependencies in R code
Result: NOTE
    Packages in Depends field not imported from:
     ‘DistributionUtils’ ‘RUnit’
     These packages need to be imported from (in the NAMESPACE file)
     for when this namespace is loaded but not attached.
    See the information on DESCRIPTION files in the chapter ‘Creating R
    packages’ of the ‘Writing R Extensions’ manual.
Flavors: r-devel-linux-x86_64-debian-clang, r-devel-linux-x86_64-debian-gcc, r-devel-linux-x86_64-fedora-clang, r-devel-linux-x86_64-fedora-gcc, r-devel-osx-x86_64-clang, r-devel-windows-ix86+x86_64, r-patched-linux-x86_64, r-patched-solaris-sparc, r-patched-solaris-x86, r-release-linux-ix86, r-release-linux-x86_64, r-release-osx-x86_64-mavericks, r-release-windows-ix86+x86_64, r-oldrel-windows-ix86+x86_64

Version: 0.8-1
Check: R code for possible problems
Result: NOTE
    hyperbCvMTestPValue: no visible binding for global variable
     ‘hyperbWSqTable’
    qghyp: multiple local function definitions for ‘zeroFn’ with different
     formal arguments
    qgig: multiple local function definitions for ‘zeroFn’ with different
     formal arguments
    
    Found the following calls to data() loading into the global environment:
    File ‘GeneralizedHyperbolic/R/hyperbCvMTest.R’:
     data(hyperbWSqTable)
    File ‘GeneralizedHyperbolic/R/zzz.R’:
     data(hyperbWSqTable)
    See section ‘Good practice’ in ‘?data’.
Flavors: r-devel-linux-x86_64-debian-clang, r-devel-linux-x86_64-debian-gcc, r-devel-linux-x86_64-fedora-clang, r-devel-osx-x86_64-clang, r-patched-linux-x86_64, r-release-linux-ix86, r-release-linux-x86_64

Version: 0.8-1
Check: top-level files
Result: NOTE
    Non-standard files/directories found at top level:
     ‘GeneralizedHyperbolic-Ex.R’ ‘Todo’ ‘regressionTests’
Flavors: r-devel-linux-x86_64-fedora-clang, r-devel-linux-x86_64-fedora-gcc

Version: 0.8-1
Check: R code for possible problems
Result: NOTE
    hyperbCvMTestPValue: no visible binding for global variable
     ‘hyperbWSqTable’
    qghyp: multiple local function definitions for ‘zeroFn’ with different
     formal arguments
    qgig: multiple local function definitions for ‘zeroFn’ with different
     formal arguments
Flavors: r-devel-linux-x86_64-fedora-gcc, r-devel-windows-ix86+x86_64, r-patched-solaris-sparc, r-patched-solaris-x86, r-release-osx-x86_64-mavericks, r-release-windows-ix86+x86_64, r-oldrel-windows-ix86+x86_64