CRAN Package Check Results for Package FSelector

Last updated on 2015-07-02 11:48:15.

Flavor Version Tinstall Tcheck Ttotal Status Flags
r-devel-linux-x86_64-debian-clang 0.20 1.40 25.29 26.69 NOTE
r-devel-linux-x86_64-debian-gcc 0.20 1.44 21.95 23.39 NOTE
r-devel-linux-x86_64-fedora-clang 0.20 48.82 NOTE
r-devel-linux-x86_64-fedora-gcc 0.20 45.40 NOTE
r-devel-osx-x86_64-clang 0.20 47.43 OK
r-devel-windows-ix86+x86_64 0.20 6.00 37.00 43.00 NOTE
r-patched-linux-x86_64 0.20 1.43 22.02 23.46 OK
r-patched-solaris-sparc 0.20 243.90 OK --no-examples
r-patched-solaris-x86 0.20 63.70 OK --no-examples
r-release-linux-x86_64 0.20 1.49 21.86 23.36 OK
r-release-osx-x86_64-mavericks 0.20 OK
r-release-windows-ix86+x86_64 0.20 5.00 36.00 41.00 OK
r-oldrel-windows-ix86+x86_64 0.20 6.00 50.00 56.00 OK

Check Details

Version: 0.20
Check: R code for possible problems
Result: NOTE
    as.simple.formula: no visible global function definition for
     ‘as.formula’
    cfs : cont_correlation: no visible global function definition for
     ‘complete.cases’
    cfs : cont_correlation: no visible global function definition for ‘sd’
    cfs : cont_correlation: no visible global function definition for ‘cor’
    cfs : cont_correlation : <anonymous>: no visible global function
     definition for ‘complete.cases’
    cfs : cont_correlation : <anonymous> : <anonymous>: no visible global
     function definition for ‘complete.cases’
    cfs : cont_correlation : <anonymous> : <anonymous>: no visible global
     function definition for ‘sd’
    cfs : cont_correlation : <anonymous> : <anonymous>: no visible global
     function definition for ‘cor’
    cfs : cont_correlation : <anonymous>: no visible global function
     definition for ‘sd’
    cfs : cont_correlation : <anonymous>: no visible global function
     definition for ‘cor’
    consistency : evaluator: no visible global function definition for
     ‘aggregate’
    correlation.body: no visible global function definition for
     ‘complete.cases’
    correlation.body : <anonymous>: no visible global function definition
     for ‘complete.cases’
    correlation.body : <anonymous>: no visible global function definition
     for ‘sd’
    correlation.body : <anonymous>: no visible global function definition
     for ‘cor’
    equal.frequency.binning.discretization: no visible global function
     definition for ‘complete.cases’
    exhaustive.search: no visible global function definition for ‘combn’
    get.data.frame.from.formula: no visible global function definition for
     ‘model.frame’
    normalize.min.max: no visible global function definition for
     ‘complete.cases’
    random.forest.importance: no visible global function definition for
     ‘complete.cases’
    supervised.discretization: no visible global function definition for
     ‘complete.cases’
    supervised.discretization: no visible binding for global variable
     ‘na.pass’
Flavors: r-devel-linux-x86_64-debian-clang, r-devel-linux-x86_64-debian-gcc, r-devel-linux-x86_64-fedora-gcc, r-devel-windows-ix86+x86_64

Version: 0.20
Check: R code for possible problems
Result: NOTE
    as.simple.formula: no visible global function definition for
     ‘as.formula’
    cfs : cont_correlation: no visible global function definition for
     ‘complete.cases’
    cfs : cont_correlation: no visible global function definition for ‘sd’
    cfs : cont_correlation: no visible global function definition for ‘cor’
    cfs : cont_correlation : <anonymous>: no visible global function
     definition for ‘complete.cases’
    cfs : cont_correlation : <anonymous> : <anonymous>: no visible global
     function definition for ‘complete.cases’
    cfs : cont_correlation : <anonymous> : <anonymous>: no visible global
     function definition for ‘sd’
    cfs : cont_correlation : <anonymous> : <anonymous>: no visible global
     function definition for ‘cor’
    cfs : cont_correlation : <anonymous>: no visible global function
     definition for ‘sd’
    cfs : cont_correlation : <anonymous>: no visible global function
     definition for ‘cor’
    consistency : evaluator: no visible global function definition for
     ‘aggregate’
    correlation.body: no visible global function definition for
     ‘complete.cases’
    correlation.body : <anonymous>: no visible global function definition
     for ‘complete.cases’
    correlation.body : <anonymous>: no visible global function definition
     for ‘sd’
    correlation.body : <anonymous>: no visible global function definition
     for ‘cor’
    equal.frequency.binning.discretization: no visible global function
     definition for ‘complete.cases’
    exhaustive.search: no visible global function definition for ‘combn’
    get.data.frame.from.formula: no visible global function definition for
     ‘model.frame’
    normalize.min.max: no visible global function definition for
     ‘complete.cases’
    random.forest.importance: no visible global function definition for
     ‘complete.cases’
    supervised.discretization: no visible global function definition for
     ‘complete.cases’
    supervised.discretization: no visible binding for global variable
     ‘na.pass’
    Undefined global functions or variables:
     aggregate as.formula combn complete.cases cor model.frame na.pass sd
Flavor: r-devel-linux-x86_64-fedora-clang