CRAN Package Check Results for Package DeducerPlugInScaling

Last updated on 2014-08-23 18:47:29.

Flavor Version Tinstall Tcheck Ttotal Status Flags
r-devel-linux-x86_64-debian-clang 0.1-0 3.83 52.25 56.08 NOTE
r-devel-linux-x86_64-debian-gcc 0.1-0 3.72 51.52 55.24 NOTE
r-devel-linux-x86_64-fedora-clang 0.1-0 108.03 NOTE
r-devel-linux-x86_64-fedora-gcc 0.1-0 105.15 NOTE
r-devel-osx-x86_64-clang 0.1-0 92.12 NOTE
r-devel-windows-ix86+x86_64 0.1-0 15.00 79.00 94.00 NOTE
r-patched-linux-x86_64 0.1-0 3.97 52.77 56.74 NOTE
r-patched-solaris-sparc 0.1-0 599.10 NOTE
r-patched-solaris-x86 0.1-0 139.90 NOTE
r-release-linux-ix86 0.1-0 4.73 61.19 65.92 NOTE
r-release-linux-x86_64 0.1-0 4.05 54.41 58.46 NOTE
r-release-osx-x86_64-mavericks 0.1-0 NOTE
r-release-osx-x86_64-snowleopard 0.1-0 NOTE
r-release-windows-ix86+x86_64 0.1-0 17.00 91.00 108.00 NOTE
r-oldrel-windows-ix86+x86_64 0.1-0 18.00 87.00 105.00 NOTE

Check Details

Version: 0.1-0
Check: package dependencies
Result: NOTE
    Depends: includes the non-default packages:
     ‘Deducer’ ‘psych’ ‘GPArotation’ ‘mvnormtest’ ‘irr’ ‘klaR’
    Adding so many packages to the search path is excessive and importing
    selectively is preferable.
Flavors: r-devel-linux-x86_64-debian-clang, r-devel-linux-x86_64-debian-gcc, r-devel-linux-x86_64-fedora-clang, r-devel-linux-x86_64-fedora-gcc, r-devel-osx-x86_64-clang, r-devel-windows-ix86+x86_64, r-patched-linux-x86_64, r-patched-solaris-sparc, r-patched-solaris-x86, r-release-linux-ix86, r-release-linux-x86_64, r-release-osx-x86_64-mavericks, r-release-osx-x86_64-snowleopard, r-release-windows-ix86+x86_64

Version: 0.1-0
Check: dependencies in R code
Result: NOTE
    'library' or 'require' call to ‘klaR’ which was already attached by Depends.
     Please remove these calls from your code.
    See the information on DESCRIPTION files in the chapter ‘Creating R
    packages’ of the ‘Writing R Extensions’ manual.
Flavors: r-devel-linux-x86_64-debian-clang, r-devel-linux-x86_64-debian-gcc, r-devel-linux-x86_64-fedora-clang, r-devel-linux-x86_64-fedora-gcc, r-devel-osx-x86_64-clang, r-devel-windows-ix86+x86_64, r-patched-linux-x86_64, r-patched-solaris-sparc, r-patched-solaris-x86, r-release-linux-ix86, r-release-linux-x86_64, r-release-osx-x86_64-mavericks, r-release-osx-x86_64-snowleopard, r-release-windows-ix86+x86_64, r-oldrel-windows-ix86+x86_64

Version: 0.1-0
Check: R code for possible problems
Result: NOTE
    .makeICCDialog: no visible global function definition for ‘J’
    .makeICCDialog: no visible global function definition for ‘.jnull’
    .makeNewFactorAnalysisDialog: no visible global function definition for
     ‘J’
    .makeNewFactorAnalysisDialog: no visible global function definition for
     ‘toJava’
    .makeNewLDADialog: no visible global function definition for ‘J’
    .makeNewLDADialog : linkSubDialog: no visible global function
     definition for ‘toJava’
    .makeNewLDADialog: no visible global function definition for ‘toJava’
    .makeNewReliabilityDialog: no visible global function definition for
     ‘toJava’
    .onLoad: no visible global function definition for ‘.jnull’
    .onLoad: no visible global function definition for ‘jgr.getMenuNames’
    .onLoad: no visible global function definition for ‘jgr.insertMenu’
    .onLoad: no visible global function definition for ‘jgr.addMenu’
    .onLoad: no visible global function definition for ‘jgr.addMenuItem’
Flavors: r-devel-linux-x86_64-debian-clang, r-devel-linux-x86_64-debian-gcc, r-devel-linux-x86_64-fedora-clang, r-devel-linux-x86_64-fedora-gcc, r-devel-osx-x86_64-clang