CRAN Package Check Results for Package DeducerPlugInScaling

Last updated on 2014-04-23 12:48:16.

Flavor Version Tinstall Tcheck Ttotal Status Flags
r-devel-linux-x86_64-debian-clang 0.1-0 4.50 61.30 65.80 NOTE
r-devel-linux-x86_64-debian-gcc 0.1-0 4.90 61.44 66.34 NOTE
r-devel-linux-x86_64-fedora-clang 0.1-0 120.28 NOTE
r-devel-linux-x86_64-fedora-gcc 0.1-0 116.86 NOTE
r-devel-osx-x86_64-clang 0.1-0 120.03 NOTE
r-devel-osx-x86_64-gcc 0.1-0 ERROR
r-devel-windows-ix86+x86_64 0.1-0 17.00 95.00 112.00 NOTE
r-patched-linux-x86_64 0.1-0 4.94 62.33 67.27 NOTE
r-patched-solaris-sparc 0.1-0 655.00 NOTE
r-patched-solaris-x86 0.1-0 155.60 NOTE
r-release-linux-ix86 0.1-0 8.00 100.00 108.00 NOTE
r-release-linux-x86_64 0.1-0 4.72 61.10 65.82 NOTE
r-release-osx-x86_64-mavericks 0.1-0 NOTE
r-release-osx-x86_64-snowleopard 0.1-0 ERROR
r-release-windows-ix86+x86_64 0.1-0 19.00 94.00 113.00 NOTE
r-oldrel-windows-ix86+x86_64 0.1-0 19.00 96.00 115.00 NOTE

Check Details

Version: 0.1-0
Check: package dependencies
Result: NOTE
    Depends: includes the non-default packages:
     ‘Deducer’ ‘psych’ ‘GPArotation’ ‘mvnormtest’ ‘irr’ ‘klaR’
    Adding so many packages to the search path is excessive and importing
    selectively is preferable.
Flavors: r-devel-linux-x86_64-debian-clang, r-devel-linux-x86_64-debian-gcc, r-devel-linux-x86_64-fedora-clang, r-devel-linux-x86_64-fedora-gcc, r-devel-osx-x86_64-clang, r-devel-windows-ix86+x86_64, r-patched-linux-x86_64, r-patched-solaris-sparc, r-patched-solaris-x86, r-release-linux-ix86, r-release-linux-x86_64, r-release-osx-x86_64-mavericks, r-release-windows-ix86+x86_64

Version: 0.1-0
Check: dependencies in R code
Result: NOTE
    'library' or 'require' call to ‘klaR’ which was already attached by Depends.
     Please remove these calls from your code.
    See the information on DESCRIPTION files in the chapter ‘Creating R
    packages’ of the ‘Writing R Extensions’ manual.
Flavors: r-devel-linux-x86_64-debian-clang, r-devel-linux-x86_64-debian-gcc, r-devel-linux-x86_64-fedora-clang, r-devel-linux-x86_64-fedora-gcc, r-devel-osx-x86_64-clang, r-devel-windows-ix86+x86_64, r-patched-linux-x86_64, r-patched-solaris-sparc, r-patched-solaris-x86, r-release-linux-ix86, r-release-linux-x86_64, r-release-osx-x86_64-mavericks, r-release-windows-ix86+x86_64, r-oldrel-windows-ix86+x86_64

Version: 0.1-0
Check: package dependencies
Result: ERROR
    Packages required but not available: ‘Deducer’ ‘klaR’
    
    Depends: includes the non-default packages:
     ‘Deducer’ ‘psych’ ‘GPArotation’ ‘mvnormtest’ ‘irr’ ‘klaR’
    Adding so many packages to the search path is excessive and importing
    selectively is preferable.
    
    See the information on DESCRIPTION files in the chapter ‘Creating R
    packages’ of the ‘Writing R Extensions’ manual.
Flavor: r-devel-osx-x86_64-gcc

Version: 0.1-0
Check: package dependencies
Result: ERROR
    Package required but not available: ‘Deducer’
    
    Depends: includes the non-default packages:
     ‘Deducer’ ‘psych’ ‘GPArotation’ ‘mvnormtest’ ‘irr’ ‘klaR’
    Adding so many packages to the search path is excessive and importing
    selectively is preferable.
    
    See the information on DESCRIPTION files in the chapter ‘Creating R
    packages’ of the ‘Writing R Extensions’ manual.
Flavor: r-release-osx-x86_64-snowleopard