CRAN Package Check Results for Package DeducerPlugInExample

Last updated on 2014-10-31 17:49:09.

Flavor Version Tinstall Tcheck Ttotal Status Flags
r-devel-linux-x86_64-debian-clang 0.2-0 3.61 40.81 44.42 NOTE
r-devel-linux-x86_64-debian-gcc 0.2-0 3.50 41.52 45.02 NOTE
r-devel-linux-x86_64-fedora-clang 0.2-0 88.01 NOTE
r-devel-linux-x86_64-fedora-gcc 0.2-0 82.74 NOTE
r-devel-osx-x86_64-clang 0.2-0 73.89 NOTE
r-devel-windows-ix86+x86_64 0.2-0 12.00 60.00 72.00 NOTE
r-patched-linux-x86_64 0.2-0 3.74 42.86 46.60 NOTE
r-patched-solaris-sparc 0.2-0 460.50 NOTE
r-patched-solaris-x86 0.2-0 116.70 NOTE
r-release-linux-ix86 0.2-0 4.52 53.46 57.98 NOTE
r-release-linux-x86_64 0.2-0 3.90 44.82 48.72 NOTE
r-release-osx-x86_64-mavericks 0.2-0 NOTE
r-release-osx-x86_64-snowleopard 0.2-0 NOTE
r-release-windows-ix86+x86_64 0.2-0 18.00 69.00 87.00 NOTE
r-oldrel-windows-ix86+x86_64 0.2-0 19.00 73.00 92.00 NOTE

Check Details

Version: 0.2-0
Check: dependencies in R code
Result: NOTE
    Package in Depends field not imported from: ‘Deducer’
     These packages need to be imported from (in the NAMESPACE file)
     for when this namespace is loaded but not attached.
    See the information on DESCRIPTION files in the chapter ‘Creating R
    packages’ of the ‘Writing R Extensions’ manual.
Flavors: r-devel-linux-x86_64-debian-clang, r-devel-linux-x86_64-debian-gcc, r-devel-linux-x86_64-fedora-clang, r-devel-linux-x86_64-fedora-gcc, r-devel-osx-x86_64-clang, r-devel-windows-ix86+x86_64, r-patched-linux-x86_64, r-patched-solaris-sparc, r-patched-solaris-x86, r-release-linux-ix86, r-release-linux-x86_64, r-release-osx-x86_64-mavericks, r-release-osx-x86_64-snowleopard, r-release-windows-ix86+x86_64, r-oldrel-windows-ix86+x86_64

Version: 0.2-0
Check: R code for possible problems
Result: NOTE
    .factorAnalysisRunFunction: no visible global function definition for
     ‘execute’
    .onLoad: no visible binding for global variable ‘.deducer’
    .onLoad: no visible global function definition for ‘.jnull’
    .onLoad: no visible global function definition for ‘.jpackage’
    .onLoad: no visible global function definition for ‘.registerDialog’
    .onLoad: no visible global function definition for ‘deducer.addMenu’
    .onLoad: no visible global function definition for
     ‘deducer.addMenuItem’
    .onLoad: no visible binding for global variable ‘.windowsGUI’
    .onLoad: no visible binding for global variable ‘.jgr’
    .onLoad: no visible global function definition for ‘jgr.addMenu’
    .onLoad: no visible global function definition for ‘jgr.addMenuItem’
    makeFactorAnalysisDialog: no visible binding for global variable
     ‘SimpleRDialog’
    makeFactorAnalysisDialog: no visible binding for global variable
     ‘VariableSelectorWidget’
    makeFactorAnalysisDialog: no visible global function definition for
     ‘addComponent’
    makeFactorAnalysisDialog: no visible binding for global variable
     ‘VariableListWidget’
    makeFactorAnalysisDialog: no visible binding for global variable
     ‘CheckBoxesWidget’
    makeFactorAnalysisDialog: no visible global function definition for
     ‘toJava’
    makeListExampleDialog: no visible binding for global variable
     ‘ListWidget’
    makeListExampleDialog: no visible global function definition for
     ‘setSize’
    makeListExampleDialog: no visible binding for global variable
     ‘AddRemoveButtons’
    makeListExampleDialog: no visible binding for global variable
     ‘SimpleRDialog’
    makeListExampleDialog: no visible global function definition for
     ‘addComponent’
    makeListExampleDialog: no visible global function definition for
     ‘toJava’
    makeScatterPlotDialog: no visible global function definition for ‘J’
Flavors: r-devel-linux-x86_64-debian-clang, r-devel-linux-x86_64-debian-gcc, r-devel-linux-x86_64-fedora-clang, r-devel-linux-x86_64-fedora-gcc, r-devel-osx-x86_64-clang, r-devel-windows-ix86+x86_64, r-patched-linux-x86_64, r-patched-solaris-sparc, r-patched-solaris-x86