CRAN Package Check Results for Package DeducerPlugInExample

Last updated on 2014-09-01 19:46:21.

Flavor Version Tinstall Tcheck Ttotal Status Flags
r-devel-linux-x86_64-debian-clang 0.2-0 3.54 42.13 45.67 NOTE
r-devel-linux-x86_64-debian-gcc 0.2-0 3.46 40.87 44.33 NOTE
r-devel-linux-x86_64-fedora-clang 0.2-0 87.46 NOTE
r-devel-linux-x86_64-fedora-gcc 0.2-0 84.13 NOTE
r-devel-osx-x86_64-clang 0.2-0 71.71 NOTE
r-devel-windows-ix86+x86_64 0.2-0 14.00 63.00 77.00 NOTE
r-patched-linux-x86_64 0.2-0 3.94 44.64 48.58 NOTE
r-patched-solaris-sparc 0.2-0 491.40 NOTE
r-patched-solaris-x86 0.2-0 115.40 NOTE
r-release-linux-ix86 0.2-0 4.44 50.70 55.14 NOTE
r-release-linux-x86_64 0.2-0 3.94 44.22 48.16 NOTE
r-release-osx-x86_64-mavericks 0.2-0 NOTE
r-release-osx-x86_64-snowleopard 0.2-0 NOTE
r-release-windows-ix86+x86_64 0.2-0 13.00 74.00 87.00 NOTE
r-oldrel-windows-ix86+x86_64 0.2-0 18.00 80.00 98.00 NOTE

Check Details

Version: 0.2-0
Check: dependencies in R code
Result: NOTE
    Package in Depends field not imported from: ‘Deducer’
     These packages need to be imported from (in the NAMESPACE file)
     for when this namespace is loaded but not attached.
    See the information on DESCRIPTION files in the chapter ‘Creating R
    packages’ of the ‘Writing R Extensions’ manual.
Flavors: r-devel-linux-x86_64-debian-clang, r-devel-linux-x86_64-debian-gcc, r-devel-linux-x86_64-fedora-clang, r-devel-linux-x86_64-fedora-gcc, r-devel-osx-x86_64-clang, r-devel-windows-ix86+x86_64, r-patched-linux-x86_64, r-patched-solaris-sparc, r-patched-solaris-x86, r-release-linux-ix86, r-release-linux-x86_64, r-release-osx-x86_64-mavericks, r-release-osx-x86_64-snowleopard, r-release-windows-ix86+x86_64, r-oldrel-windows-ix86+x86_64

Version: 0.2-0
Check: R code for possible problems
Result: NOTE
    .factorAnalysisRunFunction: no visible global function definition for
     ‘execute’
    .onLoad: no visible binding for global variable ‘.deducer’
    .onLoad: no visible global function definition for ‘.jnull’
    .onLoad: no visible global function definition for ‘.jpackage’
    .onLoad: no visible global function definition for ‘.registerDialog’
    .onLoad: no visible global function definition for ‘deducer.addMenu’
    .onLoad: no visible global function definition for
     ‘deducer.addMenuItem’
    .onLoad: no visible binding for global variable ‘.windowsGUI’
    .onLoad: no visible binding for global variable ‘.jgr’
    .onLoad: no visible global function definition for ‘jgr.addMenu’
    .onLoad: no visible global function definition for ‘jgr.addMenuItem’
    makeFactorAnalysisDialog: no visible binding for global variable
     ‘SimpleRDialog’
    makeFactorAnalysisDialog: no visible binding for global variable
     ‘VariableSelectorWidget’
    makeFactorAnalysisDialog: no visible global function definition for
     ‘addComponent’
    makeFactorAnalysisDialog: no visible binding for global variable
     ‘VariableListWidget’
    makeFactorAnalysisDialog: no visible binding for global variable
     ‘CheckBoxesWidget’
    makeFactorAnalysisDialog: no visible global function definition for
     ‘toJava’
    makeListExampleDialog: no visible binding for global variable
     ‘ListWidget’
    makeListExampleDialog: no visible global function definition for
     ‘setSize’
    makeListExampleDialog: no visible binding for global variable
     ‘AddRemoveButtons’
    makeListExampleDialog: no visible binding for global variable
     ‘SimpleRDialog’
    makeListExampleDialog: no visible global function definition for
     ‘addComponent’
    makeListExampleDialog: no visible global function definition for
     ‘toJava’
    makeScatterPlotDialog: no visible global function definition for ‘J’
Flavors: r-devel-linux-x86_64-debian-clang, r-devel-linux-x86_64-debian-gcc, r-devel-linux-x86_64-fedora-clang, r-devel-linux-x86_64-fedora-gcc, r-devel-osx-x86_64-clang, r-devel-windows-ix86+x86_64