CRAN Package Check Results for Package DeducerPlugInExample

Last updated on 2015-03-31 13:48:11.

Flavor Version Tinstall Tcheck Ttotal Status Flags
r-devel-linux-x86_64-debian-clang 0.2-0 5.25 43.93 49.18 NOTE
r-devel-linux-x86_64-debian-gcc 0.2-0 5.03 43.84 48.87 NOTE
r-devel-linux-x86_64-fedora-clang 0.2-0 102.70 NOTE
r-devel-linux-x86_64-fedora-gcc 0.2-0 98.68 NOTE
r-devel-osx-x86_64-clang 0.2-0 92.43 NOTE
r-prerel-windows-ix86+x86_64 0.2-0 13.00 64.00 77.00 NOTE
r-prerel-linux-x86_64 0.2-0 5.10 43.72 48.83 NOTE
r-prerel-solaris-sparc 0.2-0 610.50 NOTE
r-prerel-solaris-x86 0.2-0 137.80 NOTE
r-release-linux-x86_64 0.2-0 10.32 76.36 86.68 NOTE
r-release-osx-x86_64-mavericks 0.2-0 NOTE
r-release-osx-x86_64-snowleopard 0.2-0 NOTE
r-release-windows-ix86+x86_64 0.2-0 28.00 120.00 148.00 NOTE
r-oldrel-windows-ix86+x86_64 0.2-0 27.00 126.00 153.00 NOTE

Check Details

Version: 0.2-0
Check: dependencies in R code
Result: NOTE
    Package in Depends field not imported from: ‘Deducer’
     These packages need to be imported from (in the NAMESPACE file)
     for when this namespace is loaded but not attached.
Flavors: r-devel-linux-x86_64-debian-clang, r-devel-linux-x86_64-debian-gcc, r-devel-linux-x86_64-fedora-clang, r-devel-linux-x86_64-fedora-gcc, r-devel-osx-x86_64-clang, r-prerel-windows-ix86+x86_64, r-prerel-linux-x86_64, r-prerel-solaris-sparc, r-prerel-solaris-x86, r-release-linux-x86_64, r-release-windows-ix86+x86_64

Version: 0.2-0
Check: R code for possible problems
Result: NOTE
    .factorAnalysisRunFunction: no visible global function definition for
     ‘execute’
    .onLoad: no visible binding for global variable ‘.deducer’
    .onLoad: no visible global function definition for ‘.jnull’
    .onLoad: no visible global function definition for ‘.jpackage’
    .onLoad: no visible global function definition for ‘.registerDialog’
    .onLoad: no visible global function definition for ‘deducer.addMenu’
    .onLoad: no visible global function definition for
     ‘deducer.addMenuItem’
    .onLoad: no visible binding for global variable ‘.windowsGUI’
    .onLoad: no visible binding for global variable ‘.jgr’
    .onLoad: no visible global function definition for ‘jgr.addMenu’
    .onLoad: no visible global function definition for ‘jgr.addMenuItem’
    makeFactorAnalysisDialog: no visible binding for global variable
     ‘SimpleRDialog’
    makeFactorAnalysisDialog: no visible binding for global variable
     ‘VariableSelectorWidget’
    makeFactorAnalysisDialog: no visible global function definition for
     ‘addComponent’
    makeFactorAnalysisDialog: no visible binding for global variable
     ‘VariableListWidget’
    makeFactorAnalysisDialog: no visible binding for global variable
     ‘CheckBoxesWidget’
    makeFactorAnalysisDialog: no visible global function definition for
     ‘toJava’
    makeListExampleDialog: no visible binding for global variable
     ‘ListWidget’
    makeListExampleDialog: no visible global function definition for
     ‘setSize’
    makeListExampleDialog: no visible binding for global variable
     ‘AddRemoveButtons’
    makeListExampleDialog: no visible binding for global variable
     ‘SimpleRDialog’
    makeListExampleDialog: no visible global function definition for
     ‘addComponent’
    makeListExampleDialog: no visible global function definition for
     ‘toJava’
    makeScatterPlotDialog: no visible global function definition for ‘J’
Flavors: r-devel-linux-x86_64-debian-clang, r-devel-linux-x86_64-debian-gcc, r-devel-linux-x86_64-fedora-clang, r-devel-linux-x86_64-fedora-gcc, r-devel-osx-x86_64-clang, r-prerel-windows-ix86+x86_64, r-prerel-linux-x86_64, r-prerel-solaris-sparc, r-prerel-solaris-x86, r-release-linux-x86_64, r-release-osx-x86_64-mavericks, r-release-windows-ix86+x86_64

Version: 0.2-0
Check: dependencies in R code
Result: NOTE
    Package in Depends field not imported from: ‘Deducer’
     These packages need to be imported from (in the NAMESPACE file)
     for when this namespace is loaded but not attached.
    See the information on DESCRIPTION files in the chapter ‘Creating R
    packages’ of the ‘Writing R Extensions’ manual.
Flavors: r-release-osx-x86_64-mavericks, r-release-osx-x86_64-snowleopard, r-oldrel-windows-ix86+x86_64