CRAN Package Check Results for Package CircStats

Last updated on 2014-10-25 19:47:33.

Flavor Version Tinstall Tcheck Ttotal Status Flags
r-devel-linux-x86_64-debian-clang 0.2-4 0.97 16.13 17.10 NOTE
r-devel-linux-x86_64-debian-gcc 0.2-4 1.00 15.20 16.19 NOTE
r-devel-linux-x86_64-fedora-clang 0.2-4 31.75 NOTE
r-devel-linux-x86_64-fedora-gcc 0.2-4 29.10 NOTE
r-devel-osx-x86_64-clang 0.2-4 32.90 NOTE
r-devel-windows-ix86+x86_64 0.2-4 4.00 27.00 31.00 NOTE
r-patched-linux-x86_64 0.2-4 0.94 15.65 16.59 NOTE
r-patched-solaris-sparc 0.2-4 189.20 NOTE
r-patched-solaris-x86 0.2-4 43.60 NOTE
r-release-linux-ix86 0.2-4 1.30 21.94 23.25 NOTE
r-release-linux-x86_64 0.2-4 0.95 15.36 16.31 NOTE
r-release-osx-x86_64-mavericks 0.2-4 NOTE
r-release-windows-ix86+x86_64 0.2-4 3.00 27.00 30.00 NOTE
r-oldrel-windows-ix86+x86_64 0.2-4 3.00 26.00 29.00 NOTE

Check Details

Version: 0.2-4
Check: top-level files
Result: NOTE
    Non-standard files/directories found at top level:
     ‘COPYRIGHT’ ‘COPYRIGHT.original’ ‘CREDITS’
    Copyright information should be in file inst/COPYRIGHTS
Flavors: r-devel-linux-x86_64-debian-clang, r-devel-linux-x86_64-debian-gcc, r-devel-linux-x86_64-fedora-clang, r-devel-linux-x86_64-fedora-gcc, r-patched-linux-x86_64, r-release-linux-x86_64

Version: 0.2-4
Check: dependencies in R code
Result: NOTE
    'library' or 'require' calls to packages already attached by Depends:
     ‘MASS’ ‘boot’
     Please remove these calls from your code.
    See the information on DESCRIPTION files in the chapter ‘Creating R
    packages’ of the ‘Writing R Extensions’ manual.
Flavors: r-devel-linux-x86_64-debian-clang, r-devel-linux-x86_64-debian-gcc, r-devel-linux-x86_64-fedora-clang, r-devel-linux-x86_64-fedora-gcc, r-devel-osx-x86_64-clang, r-devel-windows-ix86+x86_64, r-patched-linux-x86_64, r-patched-solaris-sparc, r-patched-solaris-x86, r-release-linux-ix86, r-release-linux-x86_64, r-release-osx-x86_64-mavericks, r-release-windows-ix86+x86_64, r-oldrel-windows-ix86+x86_64