CRAN Package Check Results for Package CircStats

Last updated on 2015-05-26 10:49:12.

Flavor Version Tinstall Tcheck Ttotal Status Flags
r-devel-linux-x86_64-debian-clang 0.2-4 1.01 15.08 16.08 NOTE
r-devel-linux-x86_64-debian-gcc 0.2-4 0.92 13.92 14.84 NOTE
r-devel-linux-x86_64-fedora-clang 0.2-4 29.04 NOTE
r-devel-linux-x86_64-fedora-gcc 0.2-4 26.65 NOTE
r-devel-osx-x86_64-clang 0.2-4 33.52 NOTE
r-devel-windows-ix86+x86_64 0.2-4 5.00 24.00 29.00 NOTE
r-patched-linux-x86_64 0.2-4 1.00 14.12 15.12 NOTE
r-patched-solaris-sparc 0.2-4 191.70 NOTE
r-patched-solaris-x86 0.2-4 39.80 NOTE
r-release-linux-x86_64 0.2-4 0.91 14.06 14.98 NOTE
r-release-osx-x86_64-mavericks 0.2-4 NOTE
r-release-osx-x86_64-snowleopard 0.2-4 NOTE
r-release-windows-ix86+x86_64 0.2-4 4.00 25.00 29.00 NOTE
r-oldrel-windows-ix86+x86_64 0.2-4 5.00 28.00 33.00 NOTE

Check Details

Version: 0.2-4
Check: top-level files
Result: NOTE
    Non-standard files/directories found at top level:
     ‘COPYRIGHT’ ‘COPYRIGHT.original’ ‘CREDITS’
    Copyright information should be in file inst/COPYRIGHTS
Flavors: r-devel-linux-x86_64-debian-clang, r-devel-linux-x86_64-debian-gcc, r-devel-linux-x86_64-fedora-clang, r-devel-linux-x86_64-fedora-gcc, r-patched-linux-x86_64, r-release-linux-x86_64

Version: 0.2-4
Check: dependencies in R code
Result: NOTE
    'library' or 'require' calls to packages already attached by Depends:
     ‘MASS’ ‘boot’
     Please remove these calls from your code.
Flavors: r-devel-linux-x86_64-debian-clang, r-devel-linux-x86_64-debian-gcc, r-devel-linux-x86_64-fedora-clang, r-devel-linux-x86_64-fedora-gcc, r-devel-osx-x86_64-clang, r-devel-windows-ix86+x86_64, r-patched-linux-x86_64, r-patched-solaris-sparc, r-patched-solaris-x86, r-release-linux-x86_64, r-release-osx-x86_64-mavericks, r-release-osx-x86_64-snowleopard, r-release-windows-ix86+x86_64, r-oldrel-windows-ix86+x86_64

Version: 0.2-4
Check: S3 generic/method consistency
Result: NOTE
    Found the following apparent S3 methods exported but not registered:
     plot.edf
    See section ‘Registering S3 methods’ in the ‘Writing R Extensions’
    manual.
Flavors: r-devel-linux-x86_64-debian-clang, r-devel-linux-x86_64-debian-gcc, r-devel-linux-x86_64-fedora-clang, r-devel-linux-x86_64-fedora-gcc, r-devel-osx-x86_64-clang, r-patched-linux-x86_64, r-patched-solaris-sparc, r-patched-solaris-x86, r-release-linux-x86_64