CRAN Package Check Results for Package CircStats

Last updated on 2014-04-24 02:47:39.

Flavor Version Tinstall Tcheck Ttotal Status Flags
r-devel-linux-x86_64-debian-clang 0.2-4 1.04 15.88 16.92 NOTE
r-devel-linux-x86_64-debian-gcc 0.2-4 1.05 15.74 16.78 NOTE
r-devel-linux-x86_64-fedora-clang 0.2-4 31.43 NOTE
r-devel-linux-x86_64-fedora-gcc 0.2-4 29.76 NOTE
r-devel-osx-x86_64-clang 0.2-4 33.18 NOTE
r-devel-osx-x86_64-gcc 0.2-4 NOTE
r-devel-windows-ix86+x86_64 0.2-4 3.00 24.00 27.00 NOTE
r-patched-linux-x86_64 0.2-4 1.08 15.70 16.78 NOTE
r-patched-solaris-sparc 0.2-4 180.10 NOTE
r-patched-solaris-x86 0.2-4 43.80 NOTE
r-release-linux-ix86 0.2-4 2.00 31.00 33.00 NOTE
r-release-linux-x86_64 0.2-4 0.97 15.47 16.44 NOTE
r-release-osx-x86_64-mavericks 0.2-4 WARN
r-release-windows-ix86+x86_64 0.2-4 3.00 25.00 28.00 NOTE
r-oldrel-windows-ix86+x86_64 0.2-4 3.00 25.00 28.00 NOTE

Check Details

Version: 0.2-4
Check: dependencies in R code
Result: NOTE
    'library' or 'require' calls to packages already attached by Depends:
     ‘MASS’ ‘boot’
     Please remove these calls from your code.
    See the information on DESCRIPTION files in the chapter ‘Creating R
    packages’ of the ‘Writing R Extensions’ manual.
Flavors: r-devel-linux-x86_64-debian-clang, r-devel-linux-x86_64-debian-gcc, r-devel-linux-x86_64-fedora-clang, r-devel-linux-x86_64-fedora-gcc, r-devel-osx-x86_64-clang, r-devel-osx-x86_64-gcc, r-devel-windows-ix86+x86_64, r-patched-linux-x86_64, r-patched-solaris-sparc, r-patched-solaris-x86, r-release-linux-ix86, r-release-linux-x86_64, r-release-osx-x86_64-mavericks, r-release-windows-ix86+x86_64, r-oldrel-windows-ix86+x86_64

Version: 0.2-4
Check: top-level files
Result: NOTE
    Non-standard files/directories found at top level:
     ‘COPYRIGHT’ ‘COPYRIGHT.original’ ‘CREDITS’
    Copyright information should be in file inst/COPYRIGHTS
Flavors: r-devel-linux-x86_64-fedora-clang, r-devel-linux-x86_64-fedora-gcc

Version: 0.2-4
Check: PDF version of manual
Result: WARNING
    LaTeX errors when creating PDF version.
    This typically indicates Rd problems.
    LaTeX errors found:
    ! LaTeX Error: File `upquote.sty' not found.
    
    Type X to quit or <RETURN> to proceed,
    or enter new name. (Default extension: sty)
    
    ae2bb83/Rd2.tex:8: ==> Fatal error occurred, no output PDF file produced!
Flavor: r-release-osx-x86_64-mavericks