CRAN Package Check Results for Package BrailleR

Last updated on 2015-04-18 21:48:56.

Flavor Version Tinstall Tcheck Ttotal Status Flags
r-devel-linux-x86_64-debian-clang 0.18-1 1.68 26.10 27.78 NOTE
r-devel-linux-x86_64-debian-gcc 0.18-1 1.50 24.70 26.20 NOTE
r-devel-linux-x86_64-fedora-clang 0.18-1 55.77 NOTE
r-devel-linux-x86_64-fedora-gcc 0.18-1 55.55 NOTE
r-devel-osx-x86_64-clang 0.18-1 61.76 NOTE
r-patched-linux-x86_64 0.18-1 1.50 25.16 26.66 NOTE
r-patched-solaris-sparc 0.18-1 283.80 NOTE
r-patched-solaris-x86 0.18-1 72.10 NOTE
r-release-linux-x86_64 0.18-1 1.63 24.78 26.41 NOTE
r-release-osx-x86_64-mavericks 0.18-1 NOTE
r-release-osx-x86_64-snowleopard 0.18-1 ERROR
r-release-windows-ix86+x86_64 0.18-1 5.00 41.00 46.00 OK
r-oldrel-windows-ix86+x86_64 0.18-1 9.00 74.00 83.00 OK

Check Details

Version: 0.18-1
Check: installed package size
Result: NOTE
     installed size is 5.1Mb
     sub-directories of 1Mb or more:
     Sound 1.0Mb
     doc 3.2Mb
Flavors: r-devel-linux-x86_64-debian-clang, r-devel-linux-x86_64-debian-gcc, r-devel-linux-x86_64-fedora-clang, r-devel-linux-x86_64-fedora-gcc, r-devel-osx-x86_64-clang, r-patched-linux-x86_64, r-patched-solaris-sparc, r-patched-solaris-x86, r-release-linux-x86_64, r-release-osx-x86_64-mavericks

Version: 0.18-1
Check: package dependencies
Result: ERROR
    Packages required but not available: ‘knitr’ ‘gridSVG’
    
    VignetteBuilder package required for checking but installed: ‘knitr’
    
    See section ‘The DESCRIPTION file’ in the ‘Writing R Extensions’
    manual.
Flavor: r-release-osx-x86_64-snowleopard