CRAN Package Check Results for Package Boruta

Last updated on 2014-11-23 03:47:55.

Flavor Version Tinstall Tcheck Ttotal Status Flags
r-devel-linux-x86_64-debian-clang 3.1.0 0.66 15.08 15.74 OK
r-devel-linux-x86_64-debian-gcc 3.1.0 0.68 14.67 15.35 OK
r-devel-linux-x86_64-fedora-clang 3.1.0 32.96 OK
r-devel-linux-x86_64-fedora-gcc 3.1.0 29.50 OK
r-devel-osx-x86_64-clang 3.1.0 33.73 OK
r-devel-windows-ix86+x86_64 3.1.0 3.00 24.00 27.00 OK
r-patched-linux-x86_64 3.1.0 0.68 14.87 15.55 OK
r-patched-solaris-sparc 3.1.0 485.40 OK
r-patched-solaris-x86 3.1.0 42.40 OK
r-release-linux-ix86 3.1.0 1.00 25.64 26.64 OK
r-release-linux-x86_64 3.1.0 0.78 15.14 15.92 OK
r-release-osx-x86_64-mavericks 3.1.0 OK
r-release-osx-x86_64-snowleopard 3.1.0 OK
r-release-windows-ix86+x86_64 3.1.0 5.00 27.00 32.00 OK
r-oldrel-windows-ix86+x86_64 3.1.0 3.00 22.00 25.00 ERROR

Check Details

Version: 3.1.0
Check: examples
Result: ERROR
    Running examples in 'Boruta-Ex.R' failed
    The error most likely occurred in:
    
    > ### Name: Boruta
    > ### Title: Important attribute search using Boruta algorithm
    > ### Aliases: Boruta Boruta.default Boruta.formula
    >
    > ### ** Examples
    >
    > set.seed(777);
    > #Add some nonsense attributes to iris dataset by shuffling original attributes
    > iris.extended<-data.frame(iris,apply(iris[,-5],2,sample));
    > names(iris.extended)[6:9]<-paste("Nonsense",1:4,sep="");
    > #Run Boruta on this data
    > Boruta(Species~.,data=iris.extended,doTrace=2)->Boruta.iris.extended
    Initial round 1:
     1. run of importance source...
     2. run of importance source...
     3. run of importance source...
     4. run of importance source...
     5. run of importance source...
     6. run of importance source...
     7. run of importance source...
    Initial round 2:
     8. run of importance source...
     9. run of importance source...
     10. run of importance source...
     11. run of importance source...
     12. run of importance source...
     13. run of importance source...
     14. run of importance source...
    Initial round 3:
     15. run of importance source...
     16. run of importance source...
     17. run of importance source...
     18. run of importance source...
     19. run of importance source...
     20. run of importance source...
     21. run of importance source...
    Final round:
     22. run of importance source...
     23. run of importance source...
     24. run of importance source...
     25. run of importance source...
     26. run of importance source...
     27. run of importance source...
     28. run of importance source...
     29. run of importance source...
     30. run of importance source...
     31. run of importance source...
    Confirmed 4 attributes: Petal.Length, Petal.Width, Sepal.Length, Sepal.Width.
    Rejected 3 attributes: Nonsense2, Nonsense3, Nonsense4.
     32. run of importance source...
     33. run of importance source...
     34. run of importance source...
     35. run of importance source...
    Rejected 1 attributes: Nonsense1.
    > #Nonsense attributes should be rejected
    > print(Boruta.iris.extended);
    Boruta performed 35 iterations in 4.211973 secs.
     4 attributes confirmed important: Petal.Length, Petal.Width,
    Sepal.Length, Sepal.Width.
     4 attributes confirmed unimportant: Nonsense1, Nonsense2, Nonsense3,
    Nonsense4.
    > #Boruta using rFerns' importance
    > Boruta(Species~.,data=iris.extended,getImp=getImpFerns)->Boruta.ferns.irisE
    Error in hitReg[hits] <<- hitReg[hits] + 1 :
     NAs are not allowed in subscripted assignments
    Calls: Boruta ... Boruta.default -> replicate -> sapply -> lapply -> FUN -> rfCaller
    Execution halted
Flavor: r-oldrel-windows-ix86+x86_64