CRAN Package Check Results for Package BaSAR

Last updated on 2014-04-23 18:47:23.

Flavor Version Tinstall Tcheck Ttotal Status Flags
r-devel-linux-x86_64-debian-clang 1.3 0.75 39.12 39.87 NOTE
r-devel-linux-x86_64-debian-gcc 1.3 0.73 39.18 39.91 NOTE
r-devel-linux-x86_64-fedora-clang 1.3 80.59 NOTE
r-devel-linux-x86_64-fedora-gcc 1.3 77.14 NOTE
r-devel-osx-x86_64-clang 1.3 66.22 NOTE
r-devel-osx-x86_64-gcc 1.3 ERROR
r-devel-windows-ix86+x86_64 1.3 3.00 62.00 65.00 NOTE
r-patched-linux-x86_64 1.3 0.73 38.79 39.52 NOTE
r-patched-solaris-sparc 1.3 454.90 NOTE
r-patched-solaris-x86 1.3 89.20 NOTE
r-release-linux-ix86 1.3 1.00 61.00 62.00 NOTE
r-release-linux-x86_64 1.3 0.78 39.78 40.56 NOTE
r-release-osx-x86_64-mavericks 1.3 WARN
r-release-windows-ix86+x86_64 1.3 2.00 59.00 61.00 NOTE
r-oldrel-windows-ix86+x86_64 1.3 3.00 57.00 60.00 NOTE

Check Details

Version: 1.3
Check: dependencies in R code
Result: NOTE
    Packages in Depends field not imported from:
     ‘orthopolynom’ ‘polynom’
     These packages need to be imported from (in the NAMESPACE file)
     for when this namespace is loaded but not attached.
    See the information on DESCRIPTION files in the chapter ‘Creating R
    packages’ of the ‘Writing R Extensions’ manual.
Flavors: r-devel-linux-x86_64-debian-clang, r-devel-linux-x86_64-debian-gcc, r-devel-linux-x86_64-fedora-clang, r-devel-linux-x86_64-fedora-gcc, r-devel-osx-x86_64-clang, r-devel-osx-x86_64-gcc, r-devel-windows-ix86+x86_64, r-patched-linux-x86_64, r-patched-solaris-sparc, r-patched-solaris-x86, r-release-linux-ix86, r-release-linux-x86_64, r-release-osx-x86_64-mavericks, r-release-windows-ix86+x86_64, r-oldrel-windows-ix86+x86_64

Version: 1.3
Check: package dependencies
Result: NOTE
    Package suggested but not available for checking: ‘fields’
Flavor: r-devel-osx-x86_64-gcc

Version: 1.3
Check: examples
Result: ERROR
    Running examples in ‘BaSAR-Ex.R’ failed
    The error most likely occurred in:
    
    > ### Name: BaSAR.local
    > ### Title: Local BSA
    > ### Aliases: BaSAR.local
    >
    > ### ** Examples
    >
    > require(fields)
    Loading required package: fields
    Warning in library(package, lib.loc = lib.loc, character.only = TRUE, logical.return = TRUE, :
     there is no package called ‘fields’
    > # Create time series with changing omega
    > tpoints = seq(from=1, to=200, length=200)
    > dpoints <- c()
    > for (i in 1:200) { dpoints[i] <- sin((0.5+i*0.005)*i) }
    > # Plot time series
    > plot(dpoints, type="l", col="blue", xlab="t", ylab="d(t)")
    > # Run BaSAR with windowing to get 2D posterior over omega and time
    > r <- BaSAR.local(dpoints, 2, 30, 100, tpoints, 0, 10)
    > # Plot the resulting 2D posterior density function
    > # with time on x-axis and omega on y-axis
    > require(fields)
    Loading required package: fields
    Warning in library(package, lib.loc = lib.loc, character.only = TRUE, logical.return = TRUE, :
     there is no package called ‘fields’
    > image.plot(tpoints,r$omega,r$p, col=rev(heat.colors(100)),
    + ylab=expression(omega),xlab="t")
    Error: could not find function "image.plot"
    Execution halted
Flavor: r-devel-osx-x86_64-gcc

Version: 1.3
Check: PDF version of manual
Result: WARNING
    LaTeX errors when creating PDF version.
    This typically indicates Rd problems.
    LaTeX errors found:
    ! LaTeX Error: File `upquote.sty' not found.
    
    Type X to quit or <RETURN> to proceed,
    or enter new name. (Default extension: sty)
    
    2a940f8/Rd2.tex:8: ==> Fatal error occurred, no output PDF file produced!
Flavor: r-release-osx-x86_64-mavericks