CRAN Package Check Results for Package AnalyzeFMRI

Last updated on 2014-10-26 02:47:08.

Flavor Version Tinstall Tcheck Ttotal Status Flags
r-devel-linux-x86_64-debian-clang 1.1-16 12.24 40.36 52.60 NOTE
r-devel-linux-x86_64-debian-gcc 1.1-16 12.54 40.26 52.81 NOTE
r-devel-linux-x86_64-fedora-clang 1.1-16 95.62 NOTE
r-devel-linux-x86_64-fedora-gcc 1.1-16 92.52 NOTE
r-devel-osx-x86_64-clang 1.1-16 102.83 OK
r-devel-windows-ix86+x86_64 1.1-16 33.00 87.00 120.00 OK
r-patched-linux-x86_64 1.1-16 12.34 40.59 52.93 NOTE
r-patched-solaris-sparc 1.1-16 625.20 OK
r-patched-solaris-x86 1.1-16 136.20 OK
r-release-linux-ix86 1.1-16 20.34 56.13 76.47 OK
r-release-linux-x86_64 1.1-16 12.37 41.28 53.65 NOTE
r-release-osx-x86_64-mavericks 1.1-16 OK
r-release-osx-x86_64-snowleopard 1.1-16 OK
r-release-windows-ix86+x86_64 1.1-16 36.00 84.00 120.00 OK
r-oldrel-windows-ix86+x86_64 1.1-16 36.00 85.00 121.00 OK

Check Details

Version: 1.1-16
Check: top-level files
Result: NOTE
    Non-standard files/directories found at top level:
     ‘niftidoc’ ‘tst.hdr’ ‘tst.img’
Flavors: r-devel-linux-x86_64-debian-clang, r-devel-linux-x86_64-debian-gcc, r-devel-linux-x86_64-fedora-clang, r-devel-linux-x86_64-fedora-gcc, r-patched-linux-x86_64, r-release-linux-x86_64

Version: 1.1-16
Check: Rd line widths
Result: NOTE
    Rd file 'GaussSmoothArray.Rd':
     \usage lines wider than 90 characters:
     GaussSmoothArray(x, voxdim=c(1, 1, 1), ksize=5, sigma=diag(3, 3), mask=NULL, var.norm=FALSE)
    
    Rd file 'N2G.Spatial.Mixture.Rd':
     \usage lines wider than 90 characters:
     N2G.Spatial.Mixture(data, par.start = c(4, 2, 4, 2, 0.9, 0.05), ksize, ktype = c("2D", "3D"), mask = NULL)
     \examples lines wider than 100 characters:
     ans <- N2G.Spatial.Mixture(y, par.start = c(4, 2, 4, 2, 0.9, 0.05), ksize = 3, ktype = "2D", mask = m)
    
    Rd file 'SmoothEst.Rd':
     \examples lines wider than 100 characters:
     grf <- Sim.3D.GRF(d = d, voxdim = voxdim, sigma = sigma, ksize = ksize, mask = mask, type = "field")$mat
     grf <- Sim.3D.GRF(d = d, voxdim = voxdim, sigma = sigma, ksize = ksize, mask = mask, type = "field")$mat
    
    Rd file 'Threshold.RF.Rd':
     \usage lines wider than 90 characters:
     Threshold.RF(p.val, sigma, voxdim = c(1, 1, 1), num.vox, type = c("Normal", "t"), df = NULL)
    
    Rd file 'analyze2nifti.Rd':
     \usage lines wider than 90 characters:
     analyze2nifti(file.in,path.in=".",path.out=".",file.out=NULL,is.nii=TRUE,qform.code=2,sform.code=2,data.type=rawToChar(raw(10)),db.name ... [TRUNCATED]
     \examples lines wider than 100 characters:
     analyze2nifti(path.in=system.file(package="AnalyzeFMRI"),file.in="example",file.out="nifti-tmp",is.nii=TRUE)
    
    Rd file 'cov.est.Rd':
     \examples lines wider than 100 characters:
     mat <- Sim.3D.GRF(d = d, voxdim = voxdim, sigma = sigma, ksize = ksize, mask = mask, type = "field")$mat
    
    Rd file 'f.complete.hdr.nifti.list.create.Rd':
     \usage lines wider than 90 characters:
     f.complete.hdr.nifti.list.create(file,dim.info=character(1),dim,intent.p1=single(1),intent.p2=single(1),intent.p3=single(1),intent.code ... [TRUNCATED]
    
    Rd file 'threeDto4D.Rd':
     \usage lines wider than 90 characters:
     threeDto4D(outputfile,path.in=NULL,prefix=NULL,regexp=NULL,times=NULL,list.of.in.files=NULL,path.out=NULL,is.nii.pair=FALSE,hdr.number= ... [TRUNCATED]
     \examples lines wider than 100 characters:
     # path.fonc <- "/network/home/lafayep/Stage/Data/map284/functional/MondrianApril2007/preprocessing/1801/smoothed/"
    
    These lines will be truncated in the PDF manual.
Flavors: r-devel-linux-x86_64-debian-clang, r-devel-linux-x86_64-debian-gcc, r-devel-linux-x86_64-fedora-clang, r-devel-linux-x86_64-fedora-gcc, r-patched-linux-x86_64, r-release-linux-x86_64