CRAN Package Check Results for Package Agreement

Last updated on 2014-09-17 19:47:27.

Flavor Version Tinstall Tcheck Ttotal Status Flags
r-devel-linux-x86_64-debian-clang 0.8-1 0.69 20.83 21.52 NOTE
r-devel-linux-x86_64-debian-gcc 0.8-1 0.68 20.33 21.01 NOTE
r-devel-linux-x86_64-fedora-clang 0.8-1 41.63 NOTE
r-devel-linux-x86_64-fedora-gcc 0.8-1 45.47 NOTE
r-devel-osx-x86_64-clang 0.8-1 40.12 OK
r-devel-windows-ix86+x86_64 0.8-1 3.00 30.00 33.00 OK
r-patched-linux-x86_64 0.8-1 0.82 21.04 21.86 OK
r-patched-solaris-sparc 0.8-1 289.20 OK
r-patched-solaris-x86 0.8-1 52.50 OK
r-release-linux-ix86 0.8-1 1.17 28.63 29.80 OK
r-release-linux-x86_64 0.8-1 0.74 23.28 24.02 NOTE
r-release-osx-x86_64-mavericks 0.8-1 OK
r-release-windows-ix86+x86_64 0.8-1 3.00 33.00 36.00 OK
r-oldrel-windows-ix86+x86_64 0.8-1 3.00 31.00 34.00 OK

Check Details

Version: 0.8-1
Check: Rd line widths
Result: NOTE
    Rd file 'DCLHb.Rd':
     \examples lines wider than 100 characters:
     agr=agreement(y=HemocueAve,x=SigmaAve,V_label="Hemacue",H_label="Sigma",min=0,max=2000,by=250,CCC_a=0.9775,CP_a=0.9,TDI_a=150,error="co ... [TRUNCATED]
    
    Rd file 'TIR_IIR.Rd':
     \usage lines wider than 90 characters:
     TIR_IIR(dataset, var, k, m, TIR_test, TIR_ref, IIR_test, IIR_ref, error = "const", alpha = 0.05, TIR_a)
     \examples lines wider than 100 characters:
     TI <- TIR_IIR(dataset=DCLHb, var=c("HEMOCUE1","HEMOCUE2","SIGMA1","SIGMA2"), k=2, m=2, TIR_test="1,2", TIR_ref="All", IIR_test="1", IIR ... [TRUNCATED]
    
    Rd file 'agreement.Rd':
     \usage lines wider than 90 characters:
     agreement(x, y, error, target, CCC_a = 0.95, TDI_a, alpha = 0.05, CP_a = 0.9, H_label = "x", V_label = "y", min = NA, max = NA, by = NA ... [TRUNCATED]
     \examples lines wider than 100 characters:
     agr=agreement(y=HemocueAve,x=SigmaAve,V_label="Hemacue",H_label="Sigma",min=0,max=2000,by=250,CCC_a=0.9775,CP_a=0.9,TDI_a=150,error="co ... [TRUNCATED]
    
    Rd file 'html.unified_agreement.Rd':
     \examples lines wider than 100 characters:
     ua <- unified.agreement(dataset=DCLHb, var=c("HEMOCUE1","HEMOCUE2","SIGMA1","SIGMA2"), k=2, m=2, CCC_a_intra=0.9943, CCC_a_inter=0.9775 ... [TRUNCATED]
    
    Rd file 'plot.report.Rd':
     \examples lines wider than 100 characters:
     agr=agreement(y=HemocueAve,x=SigmaAve,V_label="Hemacue",H_label="Sigma",min=0,max=2000,by=250,CCC_a=0.9775,CP_a=0.9,TDI_a=150,error="co ... [TRUNCATED]
    
    Rd file 'summary.report.Rd':
     \examples lines wider than 100 characters:
     agr=agreement(y=HemocueAve,x=SigmaAve,V_label="Hemacue",H_label="Sigma",min=0,max=2000,by=250,CCC_a=0.9775,CP_a=0.9,TDI_a=150,error="co ... [TRUNCATED]
    
    Rd file 'summary.tir_iir.Rd':
     \examples lines wider than 100 characters:
     TI <- TIR_IIR(dataset=DCLHb, var=c("HEMOCUE1","HEMOCUE2","SIGMA1","SIGMA2"), k=2, m=2, TIR_test="1,2", TIR_ref="All", IIR_test="1", IIR ... [TRUNCATED]
    
    Rd file 'summary.unified_agreement.Rd':
     \examples lines wider than 100 characters:
     ua <- unified.agreement(dataset=DCLHb, var=c("HEMOCUE1","HEMOCUE2","SIGMA1","SIGMA2"), k=2, m=2, CCC_a_intra=0.9943, CCC_a_inter=0.9775 ... [TRUNCATED]
    
    Rd file 'unified.agreement.Rd':
     \usage lines wider than 90 characters:
     unified.agreement(dataset, var = NA, k, m, CCC_a = 0.9775, CCC_a_intra = 0.995, CCC_a_inter = 0.9775, CCC_a_total = 0.9775, CP_a = 0.9, ... [TRUNCATED]
     \examples lines wider than 100 characters:
     ua <- unified.agreement(dataset=DCLHb, var=c("HEMOCUE1","HEMOCUE2","SIGMA1","SIGMA2"), k=2, m=2, CCC_a_intra=0.9943, CCC_a_inter=0.9775 ... [TRUNCATED]
    
    These lines will be truncated in the PDF manual.
Flavors: r-devel-linux-x86_64-debian-clang, r-devel-linux-x86_64-debian-gcc, r-devel-linux-x86_64-fedora-clang, r-devel-linux-x86_64-fedora-gcc, r-release-linux-x86_64