CRAN Package Check Results for Package AWS.tools

Last updated on 2014-09-01 11:48:49.

Flavor Version Tinstall Tcheck Ttotal Status Flags
r-devel-linux-x86_64-debian-clang 0.0.5 1.08 13.40 14.47 NOTE
r-devel-linux-x86_64-debian-gcc 0.0.5 0.98 13.46 14.43 NOTE
r-devel-linux-x86_64-fedora-clang 0.0.5 29.94 NOTE
r-devel-linux-x86_64-fedora-gcc 0.0.5 29.70 NOTE
r-devel-osx-x86_64-clang 0.0.5 29.25 NOTE
r-devel-windows-ix86+x86_64 0.0.5 4.00 20.00 24.00 NOTE
r-patched-linux-x86_64 0.0.5 1.09 13.36 14.45 NOTE
r-patched-solaris-sparc 0.0.5 197.10 NOTE
r-patched-solaris-x86 0.0.5 42.90 NOTE
r-release-linux-ix86 0.0.5 1.34 19.83 21.17 NOTE
r-release-linux-x86_64 0.0.5 1.05 13.72 14.76 NOTE
r-release-osx-x86_64-mavericks 0.0.5 NOTE
r-release-windows-ix86+x86_64 0.0.5 4.00 31.00 35.00 NOTE
r-oldrel-windows-ix86+x86_64 0.0.5 6.00 32.00 38.00 NOTE

Check Details

Version: 0.0.5
Check: for hidden files and directories
Result: NOTE
    Found the following hidden files and directories:
     .gitignore
    These were most likely included in error. See section ‘Package
    structure’ in the ‘Writing R Extensions’ manual.
Flavors: r-devel-linux-x86_64-debian-clang, r-devel-linux-x86_64-debian-gcc, r-devel-linux-x86_64-fedora-clang, r-devel-linux-x86_64-fedora-gcc, r-devel-osx-x86_64-clang, r-devel-windows-ix86+x86_64, r-patched-linux-x86_64, r-patched-solaris-sparc, r-patched-solaris-x86, r-release-linux-ix86, r-release-linux-x86_64, r-release-osx-x86_64-mavericks, r-release-windows-ix86+x86_64, r-oldrel-windows-ix86+x86_64

Version: 0.0.5
Check: dependencies in R code
Result: NOTE
    Package in Depends field not imported from: ‘XML’
     These packages need to be imported from (in the NAMESPACE file)
     for when this namespace is loaded but not attached.
    See the information on DESCRIPTION files in the chapter ‘Creating R
    packages’ of the ‘Writing R Extensions’ manual.
Flavors: r-devel-linux-x86_64-debian-clang, r-devel-linux-x86_64-debian-gcc, r-devel-linux-x86_64-fedora-clang, r-devel-linux-x86_64-fedora-gcc, r-devel-osx-x86_64-clang, r-devel-windows-ix86+x86_64, r-patched-linux-x86_64, r-patched-solaris-sparc, r-patched-solaris-x86, r-release-linux-ix86, r-release-linux-x86_64, r-release-osx-x86_64-mavericks, r-release-windows-ix86+x86_64, r-oldrel-windows-ix86+x86_64

Version: 0.0.5
Check: R code for possible problems
Result: NOTE
    ec2din.format.xml: no visible global function definition for ‘xmlRoot’
    ec2din.format.xml: no visible global function definition for
     ‘xmlTreeParse’
    ec2din.format.xml: no visible global function definition for ‘xmlValue’
    instance.xml.to.dataframe: no visible global function definition for
     ‘xmlValue’
    reservation.xml.to.dataframe: no visible global function definition for
     ‘xmlValue’
Flavors: r-devel-linux-x86_64-debian-clang, r-devel-linux-x86_64-debian-gcc, r-devel-linux-x86_64-fedora-clang, r-devel-linux-x86_64-fedora-gcc, r-devel-osx-x86_64-clang, r-devel-windows-ix86+x86_64

Version: 0.0.5
Check: top-level files
Result: NOTE
    Non-standard file/directory found at top level:
     ‘README.rst’
Flavors: r-devel-linux-x86_64-fedora-clang, r-devel-linux-x86_64-fedora-gcc